548
CXUS55 KCAE 011400
CF6OGB
PRELIMINARY LOCAL CLIMATOLOGICAL DATA (WS FORM: F-6)

                                          STATION:   ORANGEBURG AIRPORT SC
                                          MONTH:     AUGUST
                                          YEAR:      2014
                                          LATITUDE:   33 27 N
                                          LONGITUDE:  80 51 W

  TEMPERATURE IN F:       :PCPN:    SNOW:  WIND      :SUNSHINE: SKY     :PK WND
================================================================================
1   2   3   4   5  6A  6B    7    8   9   10  11  12  13   14  15   16   17  18
                                     12Z  AVG MX 2MIN
DY MAX MIN AVG DEP HDD CDD  WTR  SNW DPTH SPD SPD DIR MIN PSBL S-S WX    SPD DR
================================================================================

 1  88  72  80  -2   0  15 0.39    M    M  4.7 10  30   M    M   8 13     14  10
 2  76  71  74  -8   0   9 0.06    M    M  6.4 12  30   M    M  10 1      15  30
 3  84   M   M   M   M   M 0.01    M    M  6.9 12  40   M    M   3        15  10
 4  87  71  79  -3   0  14 0.00    M    M  6.7 15  20   M    M   6 1      21  80
 5  90  72  81   0   0  16 0.00    M    M  4.2 12  50   M    M   5 1      16  50
 6  94  70  82   1   0  17 0.00    M    M  3.3 13 250   M    M   1 1      17 240
 7  95  70  83   2   0  18 0.00    M    M  4.1 13  10   M    M   0 18     16  20
 8  92  72  82   1   0  17 0.39    M    M  5.4 20 220   M    M   1 138    24 230
 9  89  73  81   0   0  16 0.53    M    M  3.4 14 170   M    M   6 138    18 200
10  85  74  80  -1   0  15 0.75    M    M  3.7 12  40   M    M   9 1      13  30
11  90  74  82   1   0  17 0.62    M    M  2.7 15  90   M    M   8 13     21  80
12  90  74  82   1   0  17 1.08    M    M  2.6  9 340   M    M   3 123    18 200
13  91  73  82   1   0  17 0.00    M    M  5.3 14 250   M    M   1 1      20 270
14  86  67  77  -3   0  12 0.00    M    M  3.9 12  40   M    M   1        15  50
15  90  66  78  -2   0  13    T    M    M  3.4 15 150   M    M   2 1      19 150
16  91  69  80   0   0  15 0.00    M    M  1.9 13 250   M    M   2 18     16 260
17  93  70  82   2   0  17 0.00    M    M  4.1 14 220   M    M   0 18     17 220
18  93  72  83   3   0  18 0.07    M    M  6.3 24 220   M    M   2 13     28 230
19  91  72  82   2   0  17 0.00    M    M  9.2 21 250   M    M   2        27 250
20  95  72  84   4   0  19 0.00    M    M  3.5  9 230   M    M   1        11 220
21  97  72  85   5   0  20 0.00    M    M  4.0 12  40   M    M   0 8      14  40
22  99  72  86   6   0  21 0.00    M    M  2.9 13 320   M    M   0 1      19  10
23  98  73  86   7   0  21 0.00    M    M  4.0 13  40   M    M   1        16  30
24  88  72  80   1   0  15 0.00    M    M  8.3 16  40   M    M   5        22  40
25  86  65  76  -3   0  11 0.00    M    M  8.9 18  30   M    M   1        24  30
26  88  67  78  -1   0  13 0.00    M    M  7.4 16  20   M    M   2        21  30
27  91  63  77  -2   0  12 0.00    M    M  4.7 14  20   M    M   0        18  50
28  94  62  78  -1   0  13 0.00    M    M  2.8 10 230   M    M   0        14 290
29  94  65  80   1   0  15 0.00    M    M  2.9 15 150   M    M   1 1      21 150
30  94  70  82   4   0  17 0.00    M    M  4.0 13 120   M    M   3        16 120
31  97  72  85   7   0  20    T    M    M  3.3 16 280   M    M   3 3      20 280
================================================================================
SM 2816 2107         0 477  3.90    M    144.9          M       87
================================================================================
AV 90.8 70.2                               4.7 FASTST   M    M   3    MAX(MPH)
                                 MISC ---->  # 24 220               # 28  230
================================================================================
NOTES:
# LAST OF SEVERAL OCCURRENCES

COLUMN 17 PEAK WIND IN M.P.H.

PRELIMINARY LOCAL CLIMATOLOGICAL DATA (WS FORM: F-6) , PAGE 2

                                          STATION:  ORANGEBURG AIRPORT SC
                                          MONTH:    AUGUST
                                          YEAR:     2014
                                          LATITUDE:   33 27 N
                                          LONGITUDE:  80 51 W

[TEMPERATURE DATA]      [PRECIPITATION DATA]       SYMBOLS USED IN COLUMN 16

AVERAGE MONTHLY: 80.5   TOTAL FOR MONTH:   3.90    1 = FOG OR MIST
DPTR FM NORMAL:   0.3   DPTR FM NORMAL:   -1.38    2 = FOG REDUCING VISIBILITY
HIGHEST:    99 ON 22    GRTST 24HR  1.21 ON 10-11      TO 1/4 MILE OR LESS
LOWEST:     62 ON 28                               3 = THUNDER
                        SNOW, ICE PELLETS, HAIL    4 = ICE PELLETS
                        TOTAL MONTH:    M          5 = HAIL
                        GRTST 24HR    M  ON   M    6 = FREEZING RAIN OR DRIZZLE
                        GRTST DEPTH:  M  ON   M    7 = DUSTSTORM OR SANDSTORM:
                                                       VSBY 1/2 MILE OR LESS
                                                   8 = SMOKE OR HAZE
[NO. OF DAYS WITH]      [WEATHER - DAYS WITH]      9 = BLOWING SNOW
                                                   X = TORNADO
MAX 32 OR BELOW:   0    0.01 INCH OR MORE:   9
MAX 90 OR ABOVE:  21    0.10 INCH OR MORE:   6
MIN 32 OR BELOW:   0    0.50 INCH OR MORE:   4
MIN  0 OR BELOW:   0    1.00 INCH OR MORE:   1

[HDD (BASE 65) ]
TOTAL THIS MO.     0    CLEAR  (SCALE 0-3)  22
DPTR FM NORMAL     0    PTCLDY (SCALE 4-7)   7
TOTAL FM JUL 1     0    CLOUDY (SCALE 8-10)  2
DPTR FM NORMAL     0

[CDD (BASE 65) ]
TOTAL THIS MO.   477
DPTR FM NORMAL     6    [PRESSURE DATA]
TOTAL FM JAN 1  1780    HIGHEST SLP 30.19 ON 30
DPTR FM NORMAL    87    LOWEST  SLP 29.80 ON 12

[REMARKS]
#FINAL-08-14#




U.S. Dept. of Commerce
NOAA National Weather Service
1325 East West Highway
Silver Spring, MD 20910
E-mail: w-nws.webmaster@noaa.gov
Page last modified: May 16, 2007
NATIONAL WEATHER SERVICE: for Safety, for Work, for Fun - FOR LIFE