754
CXUS55 KCAE 012236 CCB
CF6OGB

PRELIMINARY LOCAL CLIMATOLOGICAL DATA (WS FORM: F-6)

                                          STATION:   ORANGEBURG AIRPORT SC
                                          MONTH:     SEPTEMBER
                                          YEAR:      2014
                                          LATITUDE:   33 27 N
                                          LONGITUDE:  80 51 W

  TEMPERATURE IN F:       :PCPN:    SNOW:  WIND      :SUNSHINE: SKY     :PK WND
================================================================================
1   2   3   4   5  6A  6B    7    8   9   10  11  12  13   14  15   16   17  18
                                     12Z  AVG MX 2MIN
DY MAX MIN AVG DEP HDD CDD  WTR  SNW DPTH SPD SPD DIR MIN PSBL S-S WX    SPD DR
================================================================================

 1  96  72  84   6   0  19    T    M    M  2.5  9 160   M    M   1 1      12 170
 2  95  74  85   7   0  20 0.26    M    M  3.0 22 210   M    M   2 13     28 210
 3  93  70  82   4   0  17 0.00    M    M  5.1 13 210   M    M   0        17 190
 4  93  72  83   5   0  18    T    M    M  4.1 16 190   M    M   3 1      20 200
 5  90  73  82   4   0  17 0.01    M    M  4.1 15 140   M    M   3 1      19 140
 6  89  73  81   4   0  16    T    M    M  4.7 16 160   M    M   6        20 170
 7  89  72  81   4   0  16 0.09    M    M  4.7 14 140   M    M   6 3      18 140
 8  79  72  76  -1   0  11 0.14    M    M  5.0 12  20   M    M  10 13     15  20
 9  80  70  75  -2   0  10 0.00    M    M  3.6  9  40   M    M   9        12  30
10  86  66  76   0   0  11 0.00    M    M  2.8  9  40   M    M   4 1      11  30
11  93  69  81   5   0  16 0.00    M    M  4.3 13 230   M    M   4 1      20 250
12  93  73  83   7   0  18 1.00    M    M  2.3 22 280   M    M   4 13     29 290
13  89  73  81   5   0  16 0.54    M    M  3.3 21 210   M    M   5 13     28 200
14  77  70  74  -2   0   9 0.25    M    M  6.0 15 250   M    M   9 13     22 270
15  79  69  74  -1   0   9 0.05    M    M  4.0  8  40   M    M   9 1      11  30
16  89  71  80   5   0  15 0.01    M    M  3.6 17 150   M    M   5 1      24 140
17  85  69  77   2   0  12 0.54    M    M  3.2 22 190   M    M   6 13     32 200
18  84  66  75   1   0  10 0.00    M    M  2.9 12  20   M    M   2 1      15  30
19  83  69  76   2   0  11 0.03    M    M  6.1 16  70   M    M   4 3      25  60
20  77  64  71  -3   0   6 0.00    M    M  7.6 17  40   M    M   1        23  30
21  89  62  76   2   0  11 0.00    M    M  6.4 15 290   M    M   0        20 280
22  77  65  71  -2   0   6 0.43    M    M  5.6 13  70   M    M   8 13     18  80
23  71  59  65  -8   0   0 0.05    M    M  9.9 17  40   M    M   8        24  30
24  65  57  61 -12   4   0 0.02    M    M 10.5 21  30   M    M  10 18     27  30
25  74  63  69  -3   0   4 0.03    M    M  7.4 12  30   M    M  10 1      16  30
26  73  65  69  -3   0   4    T    M    M  8.4 15  20   M    M  10 1      19  40
27  81  67  74   2   0   9    T    M    M  7.5 15  20   M    M   9        19  50
28  81  68  75   4   0  10    T    M    M  5.7 13  40   M    M   9 8      15  40
29  71  63  67  -4   0   2 0.41    M    M  5.5 12  50   M    M   8 1      16  50
30  83  62  73   2   0   8 0.00    M    M  3.5 10  20   M    M   1 1      15  30
================================================================================
SM 2504 2038         4 331  3.86    M    153.3          M      166
================================================================================
AV 83.5 67.9                               5.1 FASTST   M    M   6    MAX(MPH)
                                 MISC ---->  # 22 210               # 32  200
================================================================================
NOTES:
# LAST OF SEVERAL OCCURRENCES

COLUMN 17 PEAK WIND IN M.P.H.

PRELIMINARY LOCAL CLIMATOLOGICAL DATA (WS FORM: F-6) , PAGE 2

                                          STATION:  ORANGEBURG AIRPORT SC
                                          MONTH:    SEPTEMBER
                                          YEAR:     2014
                                          LATITUDE:   33 27 N
                                          LONGITUDE:  80 51 W

[TEMPERATURE DATA]      [PRECIPITATION DATA]       SYMBOLS USED IN COLUMN 16

AVERAGE MONTHLY: 75.7   TOTAL FOR MONTH:   3.86    1 = FOG OR MIST
DPTR FM NORMAL:   0.8   DPTR FM NORMAL:    0.07    2 = FOG REDUCING VISIBILITY
HIGHEST:    96 ON  1    GRTST 24HR  1.00 ON 12-12      TO 1/4 MILE OR LESS
LOWEST:     57 ON 24                               3 = THUNDER
                        SNOW, ICE PELLETS, HAIL    4 = ICE PELLETS
                        TOTAL MONTH:    M          5 = HAIL
                        GRTST 24HR    M  ON   M    6 = FREEZING RAIN OR DRIZZLE
                        GRTST DEPTH:  M  ON   M    7 = DUSTSTORM OR SANDSTORM:
                                                       VSBY 1/2 MILE OR LESS
                                                   8 = SMOKE OR HAZE
[NO. OF DAYS WITH]      [WEATHER - DAYS WITH]      9 = BLOWING SNOW
                                                   X = TORNADO
MAX 32 OR BELOW:   0    0.01 INCH OR MORE:  16
MAX 90 OR ABOVE:   7    0.10 INCH OR MORE:   8
MIN 32 OR BELOW:   0    0.50 INCH OR MORE:   3
MIN  0 OR BELOW:   0    1.00 INCH OR MORE:   1

[HDD (BASE 65) ]
TOTAL THIS MO.     4    CLEAR  (SCALE 0-3)   9
DPTR FM NORMAL     0    PTCLDY (SCALE 4-7)  10
TOTAL FM JUL 1     4    CLOUDY (SCALE 8-10) 11
DPTR FM NORMAL     0

[CDD (BASE 65) ]
TOTAL THIS MO.   331
DPTR FM NORMAL    30    [PRESSURE DATA]
TOTAL FM JAN 1  2122    HIGHEST SLP 30.24 ON 24
DPTR FM NORMAL   128    LOWEST  SLP 29.84 ON 30

[REMARKS]
#FINAL-09-14#







U.S. Dept. of Commerce
NOAA National Weather Service
1325 East West Highway
Silver Spring, MD 20910
E-mail: w-nws.webmaster@noaa.gov
Page last modified: May 16, 2007
NATIONAL WEATHER SERVICE: for Safety, for Work, for Fun - FOR LIFE