680
CXUS55 KCAE 011400
CF6OGB
PRELIMINARY LOCAL CLIMATOLOGICAL DATA (WS FORM: F-6)

                                          STATION:   ORANGEBURG AIRPORT SC
                                          MONTH:     JULY
                                          YEAR:      2014
                                          LATITUDE:   33 27 N
                                          LONGITUDE:  80 51 W

  TEMPERATURE IN F:       :PCPN:    SNOW:  WIND      :SUNSHINE: SKY     :PK WND
================================================================================
1   2   3   4   5  6A  6B    7    8   9   10  11  12  13   14  15   16   17  18
                                     12Z  AVG MX 2MIN
DY MAX MIN AVG DEP HDD CDD  WTR  SNW DPTH SPD SPD DIR MIN PSBL S-S WX    SPD DR
================================================================================

 1  92  72  82   1   0  17 0.00    M    M  3.6 10 170   M    M   1        13 220
 2  93  74  84   3   0  19 0.00    M    M  5.2 14 160   M    M   2        19 180
 3  91  73  82   1   0  17 0.23    M    M  5.7 24 320   M    M   1 13     33 310
 4  89  72  81   0   0  16 0.00    M    M  3.1 13  20   M    M   3        15  30
 5  85  70  78  -3   0  13 0.00    M    M  7.8 16  60   M    M   3        23  50
 6  86  70  78  -3   0  13 0.00    M    M  5.3 13 110   M    M   2        17 120
 7  90  69  80  -1   0  15 0.02    M    M  2.6 21 300   M    M   1 13     31 290
 8  94  72  83   1   0  18 0.00    M    M  7.0 15 230   M    M   1 1      20 260
 9  96  73  85   3   0  20 0.03    M    M  6.4 16 240   M    M   1 138    20 210
10  92  71  82   0   0  17 0.02    M    M  5.5 20 290   M    M   2 138    23 300
11  87  72  80  -2   0  15 0.00    M    M  3.8 12  60   M    M   4 1      17  70
12  92  72  82   0   0  17 0.00    M    M  4.7 14 180   M    M   2 13     18 140
13  91  71  81  -1   0  16 0.00    M    M  3.9 14 140   M    M   1        17 150
14  96  74  85   3   0  20 0.03    M    M  8.5 21 230   M    M   3 3      26 220
15  95  72  84   2   0  19 0.23    M    M  8.6 21 240   M    M   3 13     26 250
16  88  73  81  -1   0  16 0.00    M    M  4.9 10  30   M    M   7        13  10
17  88  70  79  -3   0  14 0.00    M    M  4.7 12  70   M    M   2 18     16  60
18  89  68  79  -3   0  14 0.00    M    M  4.5 13  50   M    M   0 1      17  40
19  84  70  77  -5   0  12 0.02    M    M  4.1 12 200   M    M   4        15 200
20  89  72  81  -1   0  16 0.09    M    M  3.9 14 240   M    M   6 13     18 230
21  89  72  81  -1   0  16 4.19    M    M  5.7 21  20   M    M   6 123    27  10
22  88  73  81  -1   0  16 0.03    M    M  5.1 13 120   M    M   6 1      18  50
23  92  74  83   1   0  18 0.00    M    M  5.0 12 200   M    M   3 12     14 210
24  93  75  84   2   0  19 0.00    M    M  8.0 17 230   M    M   1 1      23 240
25  90  74  82   0   0  17 0.44    M    M  4.1 14  30   M    M   5 138    18 150
26  91  72  82   0   0  17 0.00    M    M  3.0  9 190   M    M   4 1      11 180
27  95  73  84   2   0  19 0.00    M    M  6.2 15 250   M    M   0 1      19 250
28  95  75  85   3   0  20 0.00    M    M  9.2 18 260   M    M   1 3      25 270
29  89  70  80  -2   0  15 0.00    M    M  5.1 13  30   M    M   2        17  40
30  87  71  79  -3   0  14 0.05    M    M  5.3 22 230   M    M   6 1      27 220
31  80  72  76  -6   0  11 0.00    M    M  6.5 16 170   M    M   9 3      22 170
================================================================================
SM 2796 2231         0 506  5.38    M    167.0          M       92
================================================================================
AV 90.2 72.0                               5.4 FASTST   M    M   3    MAX(MPH)
                                 MISC ---->  # 24 320               # 33  310
================================================================================
NOTES:
# LAST OF SEVERAL OCCURRENCES

COLUMN 17 PEAK WIND IN M.P.H.

PRELIMINARY LOCAL CLIMATOLOGICAL DATA (WS FORM: F-6) , PAGE 2

                                          STATION:  ORANGEBURG AIRPORT SC
                                          MONTH:    JULY
                                          YEAR:     2014
                                          LATITUDE:   33 27 N
                                          LONGITUDE:  80 51 W

[TEMPERATURE DATA]      [PRECIPITATION DATA]       SYMBOLS USED IN COLUMN 16

AVERAGE MONTHLY: 81.1   TOTAL FOR MONTH:   5.38    1 = FOG OR MIST
DPTR FM NORMAL:  -0.7   DPTR FM NORMAL:    0.09    2 = FOG REDUCING VISIBILITY
HIGHEST:    96 ON 14, 9 GRTST 24HR  4.22 ON 21-22      TO 1/4 MILE OR LESS
LOWEST:     68 ON 18                               3 = THUNDER
                        SNOW, ICE PELLETS, HAIL    4 = ICE PELLETS
                        TOTAL MONTH:    M          5 = HAIL
                        GRTST 24HR    M  ON   M    6 = FREEZING RAIN OR DRIZZLE
                        GRTST DEPTH:  M  ON   M    7 = DUSTSTORM OR SANDSTORM:
                                                       VSBY 1/2 MILE OR LESS
                                                   8 = SMOKE OR HAZE
[NO. OF DAYS WITH]      [WEATHER - DAYS WITH]      9 = BLOWING SNOW
                                                   X = TORNADO
MAX 32 OR BELOW:   0    0.01 INCH OR MORE:  12
MAX 90 OR ABOVE:  17    0.10 INCH OR MORE:   4
MIN 32 OR BELOW:   0    0.50 INCH OR MORE:   1
MIN  0 OR BELOW:   0    1.00 INCH OR MORE:   1

[HDD (BASE 65) ]
TOTAL THIS MO.     0    CLEAR  (SCALE 0-3)  19
DPTR FM NORMAL     0    PTCLDY (SCALE 4-7)  11
TOTAL FM JUL 1     0    CLOUDY (SCALE 8-10)  1
DPTR FM NORMAL     0

[CDD (BASE 65) ]
TOTAL THIS MO.   506
DPTR FM NORMAL   -15    [PRESSURE DATA]
TOTAL FM JAN 1  1303    HIGHEST SLP 30.22 ON  5
DPTR FM NORMAL    81    LOWEST  SLP 29.77 ON 28

[REMARKS]
#FINAL-07-14#




U.S. Dept. of Commerce
NOAA National Weather Service
1325 East West Highway
Silver Spring, MD 20910
E-mail: w-nws.webmaster@noaa.gov
Page last modified: May 16, 2007
NATIONAL WEATHER SERVICE: for Safety, for Work, for Fun - FOR LIFE