311
CXUS55 KCAE 011400
CF6OGB
PRELIMINARY LOCAL CLIMATOLOGICAL DATA (WS FORM: F-6)

                                          STATION:   ORANGEBURG AIRPORT SC
                                          MONTH:     JANUARY
                                          YEAR:      2015
                                          LATITUDE:   33 27 N
                                          LONGITUDE:  80 51 W

  TEMPERATURE IN F:       :PCPN:    SNOW:  WIND      :SUNSHINE: SKY     :PK WND
================================================================================
1   2   3   4   5  6A  6B    7    8   9   10  11  12  13   14  15   16   17  18
                                     12Z  AVG MX 2MIN
DY MAX MIN AVG DEP HDD CDD  WTR  SNW DPTH SPD SPD DIR MIN PSBL S-S WX    SPD DR
================================================================================

 1  58  30  44  -1  21   0 0.00    M    M  1.2  8 280   M    M   0 18     11 210
 2  60  45  53   8  12   0 0.06    M    M  2.4  9  30   M    M   4 13     12  50
 3  67  48  58  13   7   0    T    M    M  4.5 14 190   M    M   9 12     17 200
 4  73  56  65  20   0   0 0.15    M    M 13.8 38 220   M    M   8 1      50 220
 5  58  36  47   2  18   0 0.00    M    M  5.1 21 290   M    M   0        25 300
 6  61  33  47   2  18   0 0.00    M    M  7.0 22 270   M    M   0        30 270
 7  46  29  38  -7  27   0 0.00    M    M  9.4 23 350   M    M   3        34 340
 8  31  17  24 -21  41   0 0.00    M    M  7.2 21  10   M    M   0        28 360
 9  50  21  36  -9  29   0 0.00    M    M  7.1 18 270   M    M   3        23 280
10  47  28  38  -7  27   0 0.00    M    M  5.5 16  50   M    M   0        21  40
11  45  31  38  -7  27   0    T    M    M  7.0 12  50   M    M   8        16  50
12  54  40  47   1  18   0 0.96    M    M  2.0 12 290   M    M  10 123    14 290
13  52  39  46   0  19   0 0.03    M    M  8.1 16  40   M    M  10 1      23  30
14  41  36  39  -7  26   0    T    M    M  7.9 16  30   M    M  10 18     19  30
15  44  39  42  -4  23   0 0.08    M    M  4.3  9 160   M    M  10 1      12  10
16  57  36  47   1  18   0 0.00    M    M  4.0 10 340   M    M   4 18     14 320
17  60  31  46   0  19   0 0.00    M    M  2.2 10 130   M    M   1 1      14 150
18  66  43  55   9  10   0 0.00    M    M  8.9 26 260   M    M   3 1      34 270
19  68  38  53   7  12   0 0.00    M    M  6.1 17 230   M    M   0        22 250
20  68  40  54   8  11   0 0.00    M    M  6.7 17 220   M    M   0        21 220
21  71  41  56  10   9   0 0.00    M    M  3.5 13 270   M    M   0 1      20 290
22  62  39  51   5  14   0 0.00    M    M  5.6 13  50   M    M   1        16  40
23  55  46  51   5  14   0 0.87    M    M  7.2 14  70   M    M   9 1      20  80
24  57  41  49   3  16   0 0.67    M    M  9.7 22 270   M    M   6 13     27 260
25  61  30  46   0  19   0 0.00    M    M  4.9 16 180   M    M   0 1      20 220
26  59  38  49   2  16   0 0.00    M    M 10.7 23 270   M    M   3 1      31 300
27  50  33  42  -5  23   0 0.00    M    M  7.7 16 300   M    M   3        22 320
28  50  27  39  -8  26   0 0.00    M    M  4.8 20  30   M    M   0        26  20
29  57  27  42  -5  23   0    T    M    M  4.2 14 190   M    M   1        17 250
30  56  35  46  -1  19   0 0.00    M    M  9.7 21 350   M    M   1        30 320
31  54  26  40  -7  25   0 0.00    M    M  1.8  8  50   M    M   0        11  40
================================================================================
SM 1738 1099       587   0  2.82    M    190.2          M      107
================================================================================
AV 56.1 35.5                               6.1 FASTST   M    M   3    MAX(MPH)
                                 MISC ---->  # 38 220               # 50  220
================================================================================
NOTES:
# LAST OF SEVERAL OCCURRENCES

COLUMN 17 PEAK WIND IN M.P.H.

PRELIMINARY LOCAL CLIMATOLOGICAL DATA (WS FORM: F-6) , PAGE 2

                                          STATION:  ORANGEBURG AIRPORT SC
                                          MONTH:    JANUARY
                                          YEAR:     2015
                                          LATITUDE:   33 27 N
                                          LONGITUDE:  80 51 W

[TEMPERATURE DATA]      [PRECIPITATION DATA]       SYMBOLS USED IN COLUMN 16

AVERAGE MONTHLY: 45.8   TOTAL FOR MONTH:   2.82    1 = FOG OR MIST
DPTR FM NORMAL:  -0.1   DPTR FM NORMAL:   -1.16    2 = FOG REDUCING VISIBILITY
HIGHEST:    73 ON  4    GRTST 24HR  1.54 ON 23-24      TO 1/4 MILE OR LESS
LOWEST:     17 ON  8                               3 = THUNDER
                        SNOW, ICE PELLETS, HAIL    4 = ICE PELLETS
                        TOTAL MONTH:    M          5 = HAIL
                        GRTST 24HR    M  ON   M    6 = FREEZING RAIN OR DRIZZLE
                        GRTST DEPTH:  M  ON   M    7 = DUSTSTORM OR SANDSTORM:
                                                       VSBY 1/2 MILE OR LESS
                                                   8 = SMOKE OR HAZE
[NO. OF DAYS WITH]      [WEATHER - DAYS WITH]      9 = BLOWING SNOW
                                                   X = TORNADO
MAX 32 OR BELOW:   1    0.01 INCH OR MORE:   7
MAX 90 OR ABOVE:   0    0.10 INCH OR MORE:   4
MIN 32 OR BELOW:  11    0.50 INCH OR MORE:   3
MIN  0 OR BELOW:   0    1.00 INCH OR MORE:   0

[HDD (BASE 65) ]
TOTAL THIS MO.   587    CLEAR  (SCALE 0-3)  19
DPTR FM NORMAL    -6    PTCLDY (SCALE 4-7)   4
TOTAL FM JUL 1  1484    CLOUDY (SCALE 8-10)  8
DPTR FM NORMAL   -13

[CDD (BASE 65) ]
TOTAL THIS MO.     0
DPTR FM NORMAL    -1    [PRESSURE DATA]
TOTAL FM JAN 1     0    HIGHEST SLP 30.68 ON  8
DPTR FM NORMAL     0    LOWEST  SLP 29.59 ON 24

[REMARKS]
#FINAL-01-15#




U.S. Dept. of Commerce
NOAA National Weather Service
1325 East West Highway
Silver Spring, MD 20910
E-mail: w-nws.webmaster@noaa.gov
Page last modified: May 16, 2007
NATIONAL WEATHER SERVICE: for Safety, for Work, for Fun - FOR LIFE