785
CXUS53 KOAX 110348
CF6OFK
PRELIMINARY LOCAL CLIMATOLOGICAL DATA (WS FORM: F-6)

                                          STATION:   NORFOLK, NEBRASKA
                                          MONTH:     NOVEMBER
                                          YEAR:      2014
                                          LATITUDE:   41 58 N
                                          LONGITUDE:  97 26 W

  TEMPERATURE IN F:       :PCPN:    SNOW:  WIND      :SUNSHINE: SKY     :PK WND
================================================================================
1   2   3   4   5  6A  6B    7    8   9   10  11  12  13   14  15   16   17  18
                                     12Z  AVG MX 2MIN
DY MAX MIN AVG DEP HDD CDD  WTR  SNW DPTH SPD SPD DIR MIN PSBL S-S WX    SPD DR
================================================================================

 1  53  28  41  -3  24   0 0.00  0.0    0 17.9 31 160   M    M   0        37 160
 2  63  42  53   9  12   0 0.00  0.0    0 16.9 26 170   M    M   0        33 180
 3  57  38  48   5  17   0    T  0.0    0 10.9 26 320   M    M   7        33 320
 4  64  32  48   5  17   0 0.00  0.0    0  9.1 24 260   M    M   0        30 270
 5  67  34  51   9  14   0 0.00  0.0    0 14.3 30 310   M    M   1        37 320
 6  54  35  45   3  20   0 0.00  0.0    0 11.2 26 330   M    M   3        35 330
 7  63  38  51  10  14   0 0.00  0.0    0 16.5 37 330   M    M   0        48 340
 8  50  35  43   3  22   0 0.00  0.0    0 11.7 28 330   M    M   2        33 330
 9  57  35  46   6  19   0 0.00  0.0    0  6.0 14 120   M    M   1        17 100
10  46  21  34  -5  31   0 0.02  0.3    0 20.8 37 340   M    M   6 1      45 350
11  23  14  19 -20  46   0    T    T    0 19.9 33 340   M    M   6        42 340
12  23   7  15 -23  50   0    T    T    T 16.5 25 320   M    M   4        35 330
13  23   5  14 -24  51   0 0.01  0.2    T 12.6 23 320   M    M   6        30 330
14  25  -4  11 -26  54   0 0.00  0.0    T  6.9 14 140   M    M   5        19 140
15  26  11  19 -18  46   0 0.24  3.2    T 10.9 22 310   M    M  10 128    28 310
16  29  -5  12 -24  53   0    T    T    3 13.2 29 320   M    M   3 1      35 330
17  18   4  11 -25  54   0    T    T    3 15.5 28 320   M    M   1        35 320
18  38   8  23 -12  42   0 0.00  0.0    1  9.1 23 320   M    M   5        30 310
19  36  20  28  -6  37   0 0.00  0.0    1 15.9 31 330   M    M   9        38 310
20  29   8  19 -15  46   0 0.00  0.0    1  5.6 10 150   M    M   4        13 160
21  39  16  28  -5  37   0 0.00  0.0    1 11.8 21 180   M    M   1        27 170
22  52  34  43  10  22   0 0.00  0.0    T 14.2 25 190   M    M   5 1      32 200
23  52  31  42  10  23   0 0.05  0.0    0 19.3 35 320   M    M   7 1      45 330
24  34  21  28  -4  37   0    T    T    0 19.9 33 330   M    M   5        40 330
25  45  13  29  -2  36   0    T    T    0  8.1 20 220   M    M   4        26 240
26  38  13  26  -5  39   0    T    T    0 19.0 36 330   M    M   7 16     45 330
27  27  14  21  -9  44   0 0.00  0.0    0 10.5 18 150   M    M   5        23 150
28  66  23  45  15  20   0 0.00  0.0    0  6.1 15 170   M    M   0        17 170
29  77  24  51  22  14   0 0.00  0.0    0 10.5 31 340   M    M   1        39 340
30  24   8  16 -13  49   0 0.00  0.0    0 21.0 31 340   M    M   1        37 340
================================================================================
SM 1298  603       990   0  0.32     3.7 401.8          M      109
================================================================================
AV 43.3 20.1                              13.4 FASTST   M    M   4    MAX(MPH)
                                 MISC ---->  # 37 330               # 48  340
================================================================================
NOTES:
# LAST OF SEVERAL OCCURRENCES

COLUMN 17 PEAK WIND IN M.P.H.

PRELIMINARY LOCAL CLIMATOLOGICAL DATA (WS FORM: F-6) , PAGE 2

                                          STATION:  NORFOLK, NEBRASKA
                                          MONTH:    NOVEMBER
                                          YEAR:     2014
                                          LATITUDE:   41 58 N
                                          LONGITUDE:  97 26 W

[TEMPERATURE DATA]      [PRECIPITATION DATA]       SYMBOLS USED IN COLUMN 16

AVERAGE MONTHLY: 31.7   TOTAL FOR MONTH:   0.32    1 = FOG OR MIST
DPTR FM NORMAL:  -4.7   DPTR FM NORMAL:   -1.05    2 = FOG REDUCING VISIBILITY
HIGHEST:    77 ON 29    GRTST 24HR  0.24 ON 15-15      TO 1/4 MILE OR LESS
LOWEST:     -5 ON 16                               3 = THUNDER
                        SNOW, ICE PELLETS, HAIL    4 = ICE PELLETS
                        TOTAL MONTH:   3.7 INCHES  5 = HAIL
                        GRTST 24HR   3.2 ON   M    6 = FREEZING RAIN OR DRIZZLE
                        GRTST DEPTH:   3 ON 17,16  7 = DUSTSTORM OR SANDSTORM:
                                                       VSBY 1/2 MILE OR LESS
                                                   8 = SMOKE OR HAZE
[NO. OF DAYS WITH]      [WEATHER - DAYS WITH]      9 = BLOWING SNOW
                                                   X = TORNADO
MAX 32 OR BELOW:  10    0.01 INCH OR MORE:   4
MAX 90 OR ABOVE:   0    0.10 INCH OR MORE:   1
MIN 32 OR BELOW:  22    0.50 INCH OR MORE:   0
MIN  0 OR BELOW:   2    1.00 INCH OR MORE:   0

[HDD (BASE 65) ]
TOTAL THIS MO.   990    CLEAR  (SCALE 0-3)  14
DPTR FM NORMAL   130    PTCLDY (SCALE 4-7)  14
TOTAL FM JUL 1  1493    CLOUDY (SCALE 8-10)  2
DPTR FM NORMAL    48

[CDD (BASE 65) ]
TOTAL THIS MO.     0
DPTR FM NORMAL     0    [PRESSURE DATA]
TOTAL FM JAN 1   812    HIGHEST SLP 30.68 ON 30
DPTR FM NORMAL  -103    LOWEST  SLP 29.30 ON 10

[REMARKS]
#FINAL-11-14#




U.S. Dept. of Commerce
NOAA National Weather Service
1325 East West Highway
Silver Spring, MD 20910
E-mail: w-nws.webmaster@noaa.gov
Page last modified: May 16, 2007
NATIONAL WEATHER SERVICE: for Safety, for Work, for Fun - FOR LIFE