402
CXUS53 KOAX 301000
CF6OFK
PRELIMINARY LOCAL CLIMATOLOGICAL DATA (WS FORM: F-6)

                                          STATION:   NORFOLK, NEBRASKA
                                          MONTH:     JULY
                                          YEAR:      2014
                                          LATITUDE:   41 58 N
                                          LONGITUDE:  97 26 W

  TEMPERATURE IN F:       :PCPN:    SNOW:  WIND      :SUNSHINE: SKY     :PK WND
================================================================================
1   2   3   4   5  6A  6B    7    8   9   10  11  12  13   14  15   16   17  18
                                     12Z  AVG MX 2MIN
DY MAX MIN AVG DEP HDD CDD  WTR  SNW DPTH SPD SPD DIR MIN PSBL S-S WX    SPD DR
================================================================================

 1  74  57  66  -8   0   1 0.00  0.0    0 16.8 33 320   M    M   2        43 300
 2  73  51  62 -12   3   0 0.00  0.0    0  9.4 23 330   M    M   4        28 330
 3  79  50  65  -9   0   0 0.00  0.0    0  7.5 17 170   M    M   1        21 140
 4  83  58  71  -4   0   6    T  0.0    0 15.0 26 160   M    M   1        34 160
 5  89  68  79   4   0  14    T  0.0    0 11.7 29  80   M    M   2 13     38  80
 6  92  67  80   5   0  15 0.00  0.0    0  6.3 20 330   M    M   2 12     24 360
 7  83  60  72  -3   0   7 0.01  0.0    0  7.3 18 170   M    M   1 3      23 170
 8  81  58  70  -5   0   5 0.00  0.0    0 11.5 26 330   M    M   1        35 330
 9  82  54  68  -7   0   3 0.02  0.0    0  5.4 17 230   M    M   1        21 240
10  85  61  73  -2   0   8 0.00  0.0    0 12.4 24 160   M    M   3        30 170
11  79  67  73  -2   0   8 0.67  0.0    0  7.7 20 260   M    M   2 13     26 170
12  79  65  72  -3   0   7 0.04  0.0    0  6.5 16 140   M    M   4 1      22  30
13  85  62  74  -1   0   9 0.04  0.0    0  5.8 31  10   M    M   1 123    39 350
14  73  55  64 -11   1   0 0.14  0.0    0 13.4 28 330   M    M   4 1      33 310
15  73  50  62 -13   3   0 0.00  0.0    0  7.5 18 350   M    M   3        23 350
16  75  47  61 -14   4   0 0.00  0.0    0  1.9  8 320   M    M   1        12 220
17  77  50  64 -11   1   0 0.00  0.0    0  5.8 13 150   M    M   2 1      17 200
18  76  58  67  -8   0   2 0.00  0.0    0 11.6 21 170   M    M   3        26 190
19  79  61  70  -5   0   5 0.00  0.0    0 10.6 17 200   M    M   1 1      25 190
20  88  66  77   2   0  12 0.00  0.0    0 12.4 18 160   M    M   3        26 170
21  94  71  83   8   0  18 0.00  0.0    0 10.2 18 210   M    M   0 1      25 210
22  89  70  80   5   0  15 0.00  0.0    0 10.2 24 340   M    M   0        35 330
23  84  58  71  -4   0   6 0.00  0.0    0  5.8 13 120   M    M   0        25 190
24  86  62  74  -1   0   9 0.02  0.0    0 17.3 33 200   M    M   1 3      41 190
25  92  71  82   7   0  17    T  0.0    0  9.4 26 190   M    M   1 8      35 180
26  87  69  78   3   0  13 0.19  0.0    0  7.6 38  50   M    M   2 138    47  50
27  82  60  71  -4   0   6 0.00  0.0    0 12.6 26 330   M    M   0 1      33 330
28  77  54  66  -9   0   1 0.00  0.0    0  7.6 17 340   M    M   2        21  10
29  80  52  66  -9   0   1 0.00  0.0    0  3.8 14  10   M    M   1        16 360
================================================================================
SM 2376 1732        12 188  1.13     0.0 271.0          M       49
================================================================================
AV 81.9 59.7                               9.3 FASTST   M    M   2    MAX(MPH)
                                 MISC ---->  # 38  50               # 47   50
================================================================================
NOTES:
# LAST OF SEVERAL OCCURRENCES

COLUMN 17 PEAK WIND IN M.P.H.

PRELIMINARY LOCAL CLIMATOLOGICAL DATA (WS FORM: F-6) , PAGE 2

                                          STATION:  NORFOLK, NEBRASKA
                                          MONTH:    JULY
                                          YEAR:     2014
                                          LATITUDE:   41 58 N
                                          LONGITUDE:  97 26 W

[TEMPERATURE DATA]      [PRECIPITATION DATA]       SYMBOLS USED IN COLUMN 16

AVERAGE MONTHLY: 70.8   TOTAL FOR MONTH:   1.13    1 = FOG OR MIST
DPTR FM NORMAL:  -4.1   DPTR FM NORMAL:   -1.99    2 = FOG REDUCING VISIBILITY
HIGHEST:    94 ON 21    GRTST 24HR  1.15 ON 30- 1      TO 1/4 MILE OR LESS
LOWEST:     47 ON 16                               3 = THUNDER
                        SNOW, ICE PELLETS, HAIL    4 = ICE PELLETS
                        TOTAL MONTH:   0.0 INCH    5 = HAIL
                        GRTST 24HR     0.0         6 = FREEZING RAIN OR DRIZZLE
                        GRTST DEPTH:   0           7 = DUSTSTORM OR SANDSTORM:
                                                       VSBY 1/2 MILE OR LESS
                                                   8 = SMOKE OR HAZE
[NO. OF DAYS WITH]      [WEATHER - DAYS WITH]      9 = BLOWING SNOW
                                                   X = TORNADO
MAX 32 OR BELOW:   0    0.01 INCH OR MORE:   8
MAX 90 OR ABOVE:   3    0.10 INCH OR MORE:   3
MIN 32 OR BELOW:   0    0.50 INCH OR MORE:   1
MIN  0 OR BELOW:   0    1.00 INCH OR MORE:   0

[HDD (BASE 65) ]
TOTAL THIS MO.    12    CLEAR  (SCALE 0-3)  26
DPTR FM NORMAL    12    PTCLDY (SCALE 4-7)   3
TOTAL FM JUL 1    12    CLOUDY (SCALE 8-10)  0
DPTR FM NORMAL    12

[CDD (BASE 65) ]
TOTAL THIS MO.   188
DPTR FM NORMAL  -100    [PRESSURE DATA]
TOTAL FM JAN 1   479    HIGHEST SLP M ON M
DPTR FM NORMAL   -56    LOWEST  SLP 29.68 ON 25

[REMARKS]




U.S. Dept. of Commerce
NOAA National Weather Service
1325 East West Highway
Silver Spring, MD 20910
E-mail: w-nws.webmaster@noaa.gov
Page last modified: May 16, 2007
NATIONAL WEATHER SERVICE: for Safety, for Work, for Fun - FOR LIFE