915
CXUS53 KOAX 291000
CF6OFK
PRELIMINARY LOCAL CLIMATOLOGICAL DATA (WS FORM: F-6)

                                          STATION:   NORFOLK, NEBRASKA
                                          MONTH:     JANUARY
                                          YEAR:      2015
                                          LATITUDE:   41 58 N
                                          LONGITUDE:  97 26 W

  TEMPERATURE IN F:       :PCPN:    SNOW:  WIND      :SUNSHINE: SKY     :PK WND
================================================================================
1   2   3   4   5  6A  6B    7    8   9   10  11  12  13   14  15   16   17  18
                                     12Z  AVG MX 2MIN
DY MAX MIN AVG DEP HDD CDD  WTR  SNW DPTH SPD SPD DIR MIN PSBL S-S WX    SPD DR
================================================================================

 1  33  11  22   0  43   0 0.00  0.0    3  6.8 16 270   M    M   1        20 280
 2  29   5  17  -5  48   0 0.00  0.0    2  3.9 15 160   M    M   0        19 160
 3  31   4  18  -4  47   0 0.17  2.2    2 17.6 39 340   M    M   5 189    50 320
 4   6  -5   1 -21  64   0 0.03  0.5    4 13.6 35 330   M    M   2 89     43 340
 5  24   6  15  -7  50   0 0.05  1.0    3 15.4 33 320   M    M   8 19     42 330
 6  16   1   9 -13  56   0    T    T    4 14.8 32 340   M    M   7 189    39 340
 7   6  -5   1 -21  64   0    T    T    4 15.0 35 340   M    M   1 89     40 340
 8  32   5  19  -3  46   0    T    T    3 24.0 40 320   M    M   6 89     51 320
 9  14  -3   6 -16  59   0 0.00  0.0    3 12.3 30 320   M    M   0        42 320
10  34  -5  15  -7  50   0 0.00  0.0    3 10.9 26 200   M    M   0        34 200
11  21   5  13  -9  52   0 0.00  0.0    2  8.2 18 340   M    M   3        23 350
12  16 -11   3 -19  62   0 0.00  0.0    2  8.6 20 340   M    M   1 18     23 350
13  23 -14   5 -17  60   0 0.00  0.0    2  8.2 17 200   M    M   6        21 190
14  35  16  26   4  39   0 0.00  0.0    1  7.9 15 330   M    M   2        18 320
15  41  24  33  11  32   0 0.00  0.0    1  9.2 18 310   M    M   0        27 310
16  47  25  36  14  29   0 0.00  0.0    T  7.1 23 230   M    M   0        29 230
17  50  35  43  21  22   0    T  0.0    0 17.1 39 310   M    M   1        52 310
18  54  23  39  17  26   0 0.00  0.0    0  3.9 14 210   M    M   0        17 210
19  54  27  41  19  24   0 0.00  0.0    0  8.1 21 310   M    M   2        26 310
20  47  32  40  18  25   0 0.00  0.0    0 12.2 30 320   M    M   3        37 320
21  40  30  35  12  30   0    T    T    0 11.9 22 320   M    M   9 18     28 320
22  42  27  35  12  30   0 0.00  0.0    0  8.9 18 190   M    M   5        22 190
23  49  24  37  14  28   0 0.00  0.0    0 11.2 21 320   M    M   1        27 330
24  54  32  43  20  22   0 0.02  0.0    0 13.5 32 320   M    M   4        43 320
25  41  28  35  12  30   0    T    T    0 13.0 37 330   M    M  10 1      46 330
26  58  30  44  21  21   0 0.00  0.0    0 10.9 23 330   M    M   1        28 320
27  56  25  41  18  24   0 0.00  0.0    0  8.2 18 150   M    M   0        22 140
28  65  28  47  24  18   0 0.00  0.0    0 13.5 38 330   M    M   1        51 320
================================================================================
SM 1018  400      1101   0  0.27     3.7 315.9          M       79
================================================================================
AV 36.4 14.3                              11.3 FASTST   M    M   3    MAX(MPH)
                                 MISC ---->  # 40 320               # 52  310
================================================================================
NOTES:
# LAST OF SEVERAL OCCURRENCES

COLUMN 17 PEAK WIND IN M.P.H.

PRELIMINARY LOCAL CLIMATOLOGICAL DATA (WS FORM: F-6) , PAGE 2

                                          STATION:  NORFOLK, NEBRASKA
                                          MONTH:    JANUARY
                                          YEAR:     2015
                                          LATITUDE:   41 58 N
                                          LONGITUDE:  97 26 W

[TEMPERATURE DATA]      [PRECIPITATION DATA]       SYMBOLS USED IN COLUMN 16

AVERAGE MONTHLY: 25.3   TOTAL FOR MONTH:   0.27    1 = FOG OR MIST
DPTR FM NORMAL:   3.0   DPTR FM NORMAL:   -0.25    2 = FOG REDUCING VISIBILITY
HIGHEST:    65 ON 28    GRTST 24HR  0.17 ON  3- 3      TO 1/4 MILE OR LESS
LOWEST:    -14 ON 13                               3 = THUNDER
                        SNOW, ICE PELLETS, HAIL    4 = ICE PELLETS
                        TOTAL MONTH:   3.7 INCHES  5 = HAIL
                        GRTST 24HR   2.2 ON   M    6 = FREEZING RAIN OR DRIZZLE
                        GRTST DEPTH:   4 ON  7, 6  7 = DUSTSTORM OR SANDSTORM:
                                                       VSBY 1/2 MILE OR LESS
                                                   8 = SMOKE OR HAZE
[NO. OF DAYS WITH]      [WEATHER - DAYS WITH]      9 = BLOWING SNOW
                                                   X = TORNADO
MAX 32 OR BELOW:  11    0.01 INCH OR MORE:   4
MAX 90 OR ABOVE:   0    0.10 INCH OR MORE:   1
MIN 32 OR BELOW:  27    0.50 INCH OR MORE:   0
MIN  0 OR BELOW:   6    1.00 INCH OR MORE:   0

[HDD (BASE 65) ]
TOTAL THIS MO.  1101    CLEAR  (SCALE 0-3)  19
DPTR FM NORMAL   -94    PTCLDY (SCALE 4-7)   7
TOTAL FM JUL 1  3730    CLOUDY (SCALE 8-10)  2
DPTR FM NORMAL  -171

[CDD (BASE 65) ]
TOTAL THIS MO.     0
DPTR FM NORMAL     0    [PRESSURE DATA]
TOTAL FM JAN 1     0    HIGHEST SLP M ON M
DPTR FM NORMAL     0    LOWEST  SLP 29.66 ON 24

[REMARKS]




U.S. Dept. of Commerce
NOAA National Weather Service
1325 East West Highway
Silver Spring, MD 20910
E-mail: w-nws.webmaster@noaa.gov
Page last modified: May 16, 2007
NATIONAL WEATHER SERVICE: for Safety, for Work, for Fun - FOR LIFE