644
CXUS53 KOAX 011000
CF6OFK
PRELIMINARY LOCAL CLIMATOLOGICAL DATA (WS FORM: F-6)

                                          STATION:   NORFOLK, NEBRASKA
                                          MONTH:     SEPTEMBER
                                          YEAR:      2014
                                          LATITUDE:   41 58 N
                                          LONGITUDE:  97 26 W

  TEMPERATURE IN F:       :PCPN:    SNOW:  WIND      :SUNSHINE: SKY     :PK WND
================================================================================
1   2   3   4   5  6A  6B    7    8   9   10  11  12  13   14  15   16   17  18
                                     12Z  AVG MX 2MIN
DY MAX MIN AVG DEP HDD CDD  WTR  SNW DPTH SPD SPD DIR MIN PSBL S-S WX    SPD DR
================================================================================

 1  80  59  70   0   0   5 0.37  0.0    0  6.9 40 270   M    M   1 13     50 280
 2  78  54  66  -3   0   1 0.00  0.0    0  6.5 14 210   M    M   0        19 220
 3  83  66  75   6   0  10 0.00  0.0    0 13.6 26 180   M    M   3 1      34 180
 4  79  63  71   2   0   6 0.00  0.0    0 11.8 21 330   M    M   4 3      26 200
 5  64  49  57 -11   8   0 0.01  0.0    0  8.2 21  10   M    M   7        25  10
 6  73  45  59  -9   6   0 0.00  0.0    0  4.0 12 170   M    M   0 1      14 180
 7  76  51  64  -4   1   0 0.00  0.0    0 11.1 21 170   M    M   0        26 170
 8  84  60  72   5   0   7 0.02  0.0    0 10.7 22 150   M    M   0 13     26 170
 9  73  58  66  -1   0   1 0.08  0.0    0  5.5 21 330   M    M   7 123    25 330
10  63  50  57  -9   8   0 0.01  0.0    0 17.1 26 330   M    M  10 1      34 340
11  54  47  51 -15  14   0 0.21  0.0    0 11.5 17  10   M    M  10 1      20 360
12  57  40  49 -17  16   0 0.25  0.0    0  7.9 16  30   M    M   7 1      22  30
13  62  35  49 -16  16   0 0.00  0.0    0 11.4 25 200   M    M   2        33 180
14  70  39  55 -10  10   0 0.00  0.0    0  5.2 15 160   M    M   3        21 130
15  64  40  52 -12  13   0 0.00  0.0    0  9.2 22  20   M    M   3        27  20
16  71  40  56  -8   9   0 0.00  0.0    0  9.1 18 160   M    M   2        23 170
17  81  47  64   1   1   0 0.00  0.0    0  3.1 10 100   M    M   0 1      17 350
18  77  57  67   4   0   2 0.00  0.0    0 11.8 22 160   M    M   2 12     29 160
19  90  61  76  14   0  11 0.08  0.0    0 15.6 31 200   M    M   5 13     37 210
20  85  55  70   8   0   5 0.00  0.0    0  8.8 21 310   M    M   1 3      26 290
21  73  46  60  -2   5   0 0.00  0.0    0  9.1 24 350   M    M   0        29 360
22  75  40  58  -3   7   0    T  0.0    0  7.1 15 160   M    M   1        21 200
23  68  56  62   1   3   0 0.82  0.0    0 13.4 26 160   M    M  10 1      35 150
24  80  55  68   8   0   3 0.00  0.0    0  8.8 16 190   M    M   0        21 180
25  84  54  69   9   0   4 0.00  0.0    0  6.6 15 160   M    M   1 12     19 150
26  86  58  72  13   0   7 0.00  0.0    0  8.6 18 170   M    M   0 1      24 200
27  83  60  72  13   0   7 0.00  0.0    0 12.7 21 150   M    M   1        26 160
28  83  59  71  13   0   6    T  0.0    0  8.6 17 200   M    M   5        21 200
29  83  58  71  13   0   6 0.00  0.0    0  6.4 14 160   M    M   2 1      19 150
30  72  58  65   7   0   0 0.15  0.0    0 14.5 28 160   M    M   5 1      34 160
================================================================================
SM 2251 1560       117  81  2.00     0.0 284.8          M       92
================================================================================
AV 75.0 52.0                               9.5 FASTST   M    M   3    MAX(MPH)
                                 MISC ---->  # 40 270               # 50  280
================================================================================
NOTES:
# LAST OF SEVERAL OCCURRENCES

COLUMN 17 PEAK WIND IN M.P.H.

PRELIMINARY LOCAL CLIMATOLOGICAL DATA (WS FORM: F-6) , PAGE 2

                                          STATION:  NORFOLK, NEBRASKA
                                          MONTH:    SEPTEMBER
                                          YEAR:     2014
                                          LATITUDE:   41 58 N
                                          LONGITUDE:  97 26 W

[TEMPERATURE DATA]      [PRECIPITATION DATA]       SYMBOLS USED IN COLUMN 16

AVERAGE MONTHLY: 63.5   TOTAL FOR MONTH:   2.00    1 = FOG OR MIST
DPTR FM NORMAL:  -0.3   DPTR FM NORMAL:   -0.69    2 = FOG REDUCING VISIBILITY
HIGHEST:    90 ON 19    GRTST 24HR  1.34 ON 31- 1      TO 1/4 MILE OR LESS
LOWEST:     35 ON 13                               3 = THUNDER
                        SNOW, ICE PELLETS, HAIL    4 = ICE PELLETS
                        TOTAL MONTH:   0.0 INCH    5 = HAIL
                        GRTST 24HR     0.0         6 = FREEZING RAIN OR DRIZZLE
                        GRTST DEPTH:   0           7 = DUSTSTORM OR SANDSTORM:
                                                       VSBY 1/2 MILE OR LESS
                                                   8 = SMOKE OR HAZE
[NO. OF DAYS WITH]      [WEATHER - DAYS WITH]      9 = BLOWING SNOW
                                                   X = TORNADO
MAX 32 OR BELOW:   0    0.01 INCH OR MORE:  10
MAX 90 OR ABOVE:   1    0.10 INCH OR MORE:   5
MIN 32 OR BELOW:   0    0.50 INCH OR MORE:   1
MIN  0 OR BELOW:   0    1.00 INCH OR MORE:   0

[HDD (BASE 65) ]
TOTAL THIS MO.   117    CLEAR  (SCALE 0-3)  19
DPTR FM NORMAL    -9    PTCLDY (SCALE 4-7)   8
TOTAL FM JUL 1   129    CLOUDY (SCALE 8-10)  3
DPTR FM NORMAL   -13

[CDD (BASE 65) ]
TOTAL THIS MO.    81
DPTR FM NORMAL    -9    [PRESSURE DATA]
TOTAL FM JAN 1   808    HIGHEST SLP 30.51 ON 12
DPTR FM NORMAL   -98    LOWEST  SLP 29.59 ON  4

[REMARKS]
#FINAL-09-14#




U.S. Dept. of Commerce
NOAA National Weather Service
1325 East West Highway
Silver Spring, MD 20910
E-mail: w-nws.webmaster@noaa.gov
Page last modified: May 16, 2007
NATIONAL WEATHER SERVICE: for Safety, for Work, for Fun - FOR LIFE