399
CXUS53 KGID 300730
CF6ODX
PRELIMINARY LOCAL CLIMATOLOGICAL DATA (WS FORM: F-6)

                                          STATION:   ORD NE
                                          MONTH:     JANUARY
                                          YEAR:      2015
                                          LATITUDE:   41 37 N
                                          LONGITUDE:  98 57 W

  TEMPERATURE IN F:       :PCPN:    SNOW:  WIND      :SUNSHINE: SKY     :PK WND
================================================================================
1   2   3   4   5  6A  6B    7    8   9   10  11  12  13   14  15   16   17  18
                                     12Z  AVG MX 2MIN
DY MAX MIN AVG DEP HDD CDD  WTR  SNW DPTH SPD SPD DIR MIN PSBL S-S WX    SPD DR
================================================================================

 1  31  -1  15  -9  50   0 0.00    M    M  3.5 10 210   M    M   0        12 210
 2  33   4  19  -5  46   0 0.00    M    M  3.4  9 210   M    M   2 1      11 150
 3  32   4  18  -6  47   0 0.05    M    M 17.0 38 340   M    M   5 19     47 350
 4   9  -4   3 -21  62   0    T    M    M  9.9 29 340   M    M   3 189    38 350
 5  28   3  16  -8  49   0    T    M    M 13.7 32 330   M    M   7 189    39 330
 6  22   3  13 -11  52   0    T    M    M 10.9 28 360   M    M   6        32 360
 7  10  -5   3 -21  62   0    T    M    M 15.2 30 350   M    M   2        40 360
 8  39   8  24   0  41   0    T    M    M 19.2 39 340   M    M   4        48 340
 9  18  -4   7 -17  58   0 0.00    M    M 11.4 30 320   M    M   0        39 330
10  37  -2  18  -6  47   0 0.00    M    M  7.2 17 210   M    M   0        22 210
11  27   6  17  -7  48   0 0.00    M    M  6.7 20 360   M    M   2        24 360
12  16  -1   8 -16  57   0 0.00    M    M  8.5 20 350   M    M   2        25 340
13  27   0  14 -10  51   0 0.00    M    M  7.8 17 200   M    M   6        22 200
14  38   5  22  -2  43   0 0.00    M    M  4.0  9 210   M    M   0 1      12 240
15  45  18  32   7  33   0 0.00    M    M  7.8 18 320   M    M   0        23 320
16  53  20  37  12  28   0 0.00    M    M  6.2 17 240   M    M   0        22 240
17  50  32  41  16  24   0 0.00    M    M 18.1 37 320   M    M   0        49 310
18  53  19  36  11  29   0 0.00    M    M  3.9 15 320   M    M   0        18 330
19  55  24  40  15  25   0 0.00    M    M  8.4 24 330   M    M   2        32 330
20  48  24  36  11  29   0 0.00    M    M 11.7 26 300   M    M   1        34 300
21  41  27  34   9  31   0 0.00    M    M 11.9 22 330   M    M   5        29 320
22  42  14  28   3  37   0 0.00    M    M  6.9 17 220   M    M   2        22 200
23  50  14  32   7  33   0 0.00    M    M  8.6 23 340   M    M   1        28 350
24  54  23  39  14  26   0 0.02    M    M 12.1 37 320   M    M   3        49 310
25  42  25  34   9  31   0    T    M    M 15.7 39 330   M    M   7        51 330
26  63  23  43  18  22   0 0.00    M    M  7.6 22 310   M    M   1        26 310
27  63  23  43  18  22   0 0.00    M    M  2.6 12 140   M    M   0        14 170
28  66  23  45  20  20   0    T    M    M 13.6 41 340   M    M   1        49 340
29  46  16  31   6  34   0 0.00    M    M 15.6 36 330   M    M   5        47 340
================================================================================
SM 1138  341      1137   0  0.07    M    289.1          M       67
================================================================================
AV 39.2 11.8                              10.0 FASTST   M    M   2    MAX(MPH)
                                 MISC ---->  # 41 340               # 51  330
================================================================================
NOTES:
# LAST OF SEVERAL OCCURRENCES

COLUMN 17 PEAK WIND IN M.P.H.

PRELIMINARY LOCAL CLIMATOLOGICAL DATA (WS FORM: F-6) , PAGE 2

                                          STATION:  ORD NE
                                          MONTH:    JANUARY
                                          YEAR:     2015
                                          LATITUDE:   41 37 N
                                          LONGITUDE:  98 57 W

[TEMPERATURE DATA]      [PRECIPITATION DATA]       SYMBOLS USED IN COLUMN 16

AVERAGE MONTHLY: 25.5   TOTAL FOR MONTH:   0.07    1 = FOG OR MIST
DPTR FM NORMAL:   1.0   DPTR FM NORMAL:   -0.27    2 = FOG REDUCING VISIBILITY
HIGHEST:    66 ON 28    GRTST 24HR  0.05 ON  3- 3      TO 1/4 MILE OR LESS
LOWEST:     -5 ON  7                               3 = THUNDER
                        SNOW, ICE PELLETS, HAIL    4 = ICE PELLETS
                        TOTAL MONTH:    M          5 = HAIL
                        GRTST 24HR    M  ON   M    6 = FREEZING RAIN OR DRIZZLE
                        GRTST DEPTH:  M  ON   M    7 = DUSTSTORM OR SANDSTORM:
                                                       VSBY 1/2 MILE OR LESS
                                                   8 = SMOKE OR HAZE
[NO. OF DAYS WITH]      [WEATHER - DAYS WITH]      9 = BLOWING SNOW
                                                   X = TORNADO
MAX 32 OR BELOW:  10    0.01 INCH OR MORE:   2
MAX 90 OR ABOVE:   0    0.10 INCH OR MORE:   0
MIN 32 OR BELOW:  29    0.50 INCH OR MORE:   0
MIN  0 OR BELOW:   7    1.00 INCH OR MORE:   0

[HDD (BASE 65) ]
TOTAL THIS MO.  1137    CLEAR  (SCALE 0-3)  21
DPTR FM NORMAL   -36    PTCLDY (SCALE 4-7)   8
TOTAL FM JUL 1  3904    CLOUDY (SCALE 8-10)  0
DPTR FM NORMAL     7

[CDD (BASE 65) ]
TOTAL THIS MO.     0
DPTR FM NORMAL     0    [PRESSURE DATA]
TOTAL FM JAN 1     0    HIGHEST SLP M ON M
DPTR FM NORMAL     0    LOWEST  SLP 29.71 ON 28

[REMARKS]




U.S. Dept. of Commerce
NOAA National Weather Service
1325 East West Highway
Silver Spring, MD 20910
E-mail: w-nws.webmaster@noaa.gov
Page last modified: May 16, 2007
NATIONAL WEATHER SERVICE: for Safety, for Work, for Fun - FOR LIFE