126
CXUS53 KGID 010730
CF6ODX
PRELIMINARY LOCAL CLIMATOLOGICAL DATA (WS FORM: F-6)

                                          STATION:   ORD NE
                                          MONTH:     AUGUST
                                          YEAR:      2014
                                          LATITUDE:   41 37 N
                                          LONGITUDE:  98 57 W

  TEMPERATURE IN F:       :PCPN:    SNOW:  WIND      :SUNSHINE: SKY     :PK WND
================================================================================
1   2   3   4   5  6A  6B    7    8   9   10  11  12  13   14  15   16   17  18
                                     12Z  AVG MX 2MIN
DY MAX MIN AVG DEP HDD CDD  WTR  SNW DPTH SPD SPD DIR MIN PSBL S-S WX    SPD DR
================================================================================

 1  86  53  70  -5   0   5 0.00    M    M  5.0 12 110   M    M   0 1      29 140
 2  90  60  75   0   0  10 0.04    M    M  8.5 16 190   M    M   1 13     36 230
 3  88  59  74  -1   0   9 0.00    M    M  4.7 13  30   M    M   0        15  20
 4  85  63  74  -1   0   9 0.00    M    M  6.7 15  90   M    M   1 1      20 110
 5  87  67  77   3   0  12 0.03    M    M 10.6 21 140   M    M   4 13     27 130
 6  83  68  76   2   0  11 0.00    M    M  7.9 15  50   M    M   7 138    20  50
 7  83  63  73  -1   0   8 0.00    M    M  4.5 12  50   M    M   7 1      17  40
 8  83  61  72  -2   0   7 1.56    M    M  6.5 21  20   M    M   8 13     29 350
 9  79  61  70  -4   0   5 0.41    M    M  9.7 18 110   M    M   6 13     24 110
10  82  63  73  -1   0   8 0.04    M    M  5.3 25 320   M    M   3 13     30 330
11  78  56  67  -7   0   2 0.00    M    M  6.9 18 350   M    M   0        23 360
12  82  50  66  -8   0   1 0.00    M    M  1.9  7 120   M    M   0         9 140
13  82  55  69  -5   0   4 0.00    M    M  6.7 15 140   M    M   0 1      21 160
14  86  60  73  -1   0   8 0.05    M    M  9.4 23 140   M    M   0 3      30 140
15  79  67  73  -1   0   8 0.20    M    M  6.6 29 150   M    M   4 13     37 150
16  89  65  77   4   0  12 0.00    M    M  4.4 15 340   M    M   3 12     19 320
17  88  61  75   2   0  10 0.67    M    M  6.9 39 320   M    M   1 13     51 320
18  89  56  73   0   0   8 0.00    M    M  2.1 12 200   M    M   0        14 200
19  86  60  73   0   0   8 0.00    M    M  5.7 15 140   M    M   0        21 140
20  90  70  80   7   0  15    T    M    M  9.3 20 170   M    M   1 3      27 180
21  90  67  79   7   0  14    T    M    M  4.6 18 210   M    M   M 3      23 220
22  88  65  77   5   0  12 0.18    M    M  6.1 23 150   M    M   3 3      33 140
23  87  66  77   5   0  12 0.18    M    M  7.5 18 190   M    M   5 3      26 190
24  83  59  71  -1   0   6 0.15    M    M  5.5 22 180   M    M   0 13     30 170
25  78  56  67  -5   0   2    T    M    M  7.5 20 360   M    M   1        26 360
26  76  57  67  -4   0   2 1.03    M    M  4.1 17 240   M    M   4 13     21 240
27  76  66  71   0   0   6 0.54    M    M  6.6 14 150   M    M   8 13     18 150
28  82  63  73   2   0   8 0.17    M    M  6.2 18 330   M    M   7 13     26 330
29  80  59  70  -1   0   5 0.02    M    M  6.8 18 350   M    M   2 3      23 360
30  81  55  68  -2   0   3 0.00    M    M  6.1 17 140   M    M   2 1      22 150
31  83  57  70   0   0   5    T    M    M  7.1 23 330   M    M   1        29 330
================================================================================
SM 2599 1888         0 235  5.27    M    197.4          M       79
================================================================================
AV 83.8 60.9                               6.4 FASTST   M    M   3    MAX(MPH)
                                 MISC ---->  # 39 320               # 51  320
================================================================================
NOTES:
# LAST OF SEVERAL OCCURRENCES

COLUMN 17 PEAK WIND IN M.P.H.

PRELIMINARY LOCAL CLIMATOLOGICAL DATA (WS FORM: F-6) , PAGE 2

                                          STATION:  ORD NE
                                          MONTH:    AUGUST
                                          YEAR:     2014
                                          LATITUDE:   41 37 N
                                          LONGITUDE:  98 57 W

[TEMPERATURE DATA]      [PRECIPITATION DATA]       SYMBOLS USED IN COLUMN 16

AVERAGE MONTHLY: 72.4   TOTAL FOR MONTH:   5.27    1 = FOG OR MIST
DPTR FM NORMAL:  -0.6   DPTR FM NORMAL:    2.11    2 = FOG REDUCING VISIBILITY
HIGHEST:    90 ON 21,20 GRTST 24HR  1.88 ON  8- 9      TO 1/4 MILE OR LESS
LOWEST:     50 ON 12                               3 = THUNDER
                        SNOW, ICE PELLETS, HAIL    4 = ICE PELLETS
                        TOTAL MONTH:    M          5 = HAIL
                        GRTST 24HR    M  ON   M    6 = FREEZING RAIN OR DRIZZLE
                        GRTST DEPTH:  M  ON   M    7 = DUSTSTORM OR SANDSTORM:
                                                       VSBY 1/2 MILE OR LESS
                                                   8 = SMOKE OR HAZE
[NO. OF DAYS WITH]      [WEATHER - DAYS WITH]      9 = BLOWING SNOW
                                                   X = TORNADO
MAX 32 OR BELOW:   0    0.01 INCH OR MORE:  15
MAX 90 OR ABOVE:   3    0.10 INCH OR MORE:  10
MIN 32 OR BELOW:   0    0.50 INCH OR MORE:   4
MIN  0 OR BELOW:   0    1.00 INCH OR MORE:   2

[HDD (BASE 65) ]
TOTAL THIS MO.     0    CLEAR  (SCALE 0-3)  20
DPTR FM NORMAL    -9    PTCLDY (SCALE 4-7)  10
TOTAL FM JUL 1    19    CLOUDY (SCALE 8-10)  0
DPTR FM NORMAL     5

[CDD (BASE 65) ]
TOTAL THIS MO.   235
DPTR FM NORMAL   -22    [PRESSURE DATA]
TOTAL FM JAN 1   635    HIGHEST SLP M ON M
DPTR FM NORMAL  -122    LOWEST  SLP 29.59 ON 31

[REMARKS]
#FINAL-08-14#




U.S. Dept. of Commerce
NOAA National Weather Service
1325 East West Highway
Silver Spring, MD 20910
E-mail: w-nws.webmaster@noaa.gov
Page last modified: May 16, 2007
NATIONAL WEATHER SERVICE: for Safety, for Work, for Fun - FOR LIFE