082
CXUS53 KGID 011446
CF6ODX

PRELIMINARY LOCAL CLIMATOLOGICAL DATA (WS FORM: F-6)

                                          STATION:   ORD NE
                                          MONTH:     NOVEMBER
                                          YEAR:      2014
                                          LATITUDE:   41 37 N
                                          LONGITUDE:  98 57 W

  TEMPERATURE IN F:       :PCPN:    SNOW:  WIND      :SUNSHINE: SKY     :PK WND
================================================================================
1   2   3   4   5  6A  6B    7    8   9   10  11  12  13   14  15   16   17  18
                                     12Z  AVG MX 2MIN
DY MAX MIN AVG DEP HDD CDD  WTR  SNW DPTH SPD SPD DIR MIN PSBL S-S WX    SPD DR
================================================================================

 1  52  27  40  -3  25   0 0.00    M    M 15.4 28 180   M    M   0        37 170
 2  64  41  53  10  12   0 0.00    M    M  9.8 20 180   M    M   0        24 210
 3  52  35  44   2  21   0    T    M    M 10.4 25 330   M    M   7        31 310
 4  62  21  42   0  23   0 0.00    M    M  8.4 22 270   M    M   0        29 270
 5  67  35  51  10  14   0 0.00    M    M 13.9 32 320   M    M   0        41 320
 6  57  27  42   1  23   0 0.00    M    M  6.3 13 290   M    M   0        17 310
 7  69  36  53  13  12   0 0.00    M    M 14.8 32 340   M    M   0        42 360
 8  55  29  42   2  23   0 0.00    M    M  9.4 24 360   M    M   0        30 360
 9  66  27  47   7  18   0 0.00    M    M  0.9  4 310   M    M   0        14 130
10  45  18  32  -7  33   0    T    M    M 21.1 36 350   M    M  10 1      45 350
11  19   8  14 -25  51   0    T    M    M 16.6 30 340   M    M   5        38 330
12  21   3  12 -26  53   0 0.00    M    M 16.7 29 330   M    M   2        36 330
13  25  -2  12 -26  53   0 0.00    M    M  8.6 20 330   M    M   3        24 330
14  27  -2  13 -24  52   0 0.00    M    M  7.9 20 130   M    M   6        25 130
15  25   5  15 -22  50   0 0.06    M    M 12.1 28 330   M    M   8 129    35 330
16  32  -4  14 -22  51   0    T    M    M 10.1 16 320   M    M   0        48 330
17  19   2  11 -25  54   0    T    M    M 12.5 29 330   M    M   2 8      38 340
18  44  -6  19 -16  46   0 0.00    M    M  6.9 22 310   M    M   3        29 310
19  40  11  26  -9  39   0 0.00    M    M 12.8 31 330   M    M   3        41 330
20  35   4  20 -14  45   0 0.00    M    M  4.3 12 140   M    M   0        16 140
21  51  14  33  -1  32   0 0.00    M    M  8.8 22 200   M    M   1        26 190
22  63  21  42   9  23   0 0.00    M    M  4.7 21 180   M    M   3 12     24 180
23  48  32  40   7  25   0    T    M    M 18.3 36 330   M    M   4        46 320
24  38  15  27  -5  38   0 0.00    M    M 17.0 30 320   M    M   1        38 330
25  45  12  29  -3  36   0    T    M    M  8.7 28 250   M    M   3        34 240
26  37  12  25  -6  40   0    T    M    M 16.1 36 320   M    M   5        43 330
27  40  13  27  -4  38   0 0.00    M    M  9.2 23 180   M    M   4        28 180
28  73  14  44  14  21   0 0.00    M    M  4.3 23 280   M    M   0        30 270
29  75  23  49  19  16   0 0.00    M    M 10.8 30 350   M    M   1        37 360
30  23   8  16 -13  49   0    T    M    M 17.8 26 340   M    M   3        33  10
================================================================================
SM 1369  479      1016   0  0.06    M    334.6          M       74
================================================================================
AV 45.6 16.0                              11.2 FASTST   M    M   2    MAX(MPH)
                                 MISC ---->  # 36 350               # 48  330
================================================================================
NOTES:
# LAST OF SEVERAL OCCURRENCES

COLUMN 17 PEAK WIND IN M.P.H.

PRELIMINARY LOCAL CLIMATOLOGICAL DATA (WS FORM: F-6) , PAGE 2

                                          STATION:  ORD NE
                                          MONTH:    NOVEMBER
                                          YEAR:     2014
                                          LATITUDE:   41 37 N
                                          LONGITUDE:  98 57 W

[TEMPERATURE DATA]      [PRECIPITATION DATA]       SYMBOLS USED IN COLUMN 16

AVERAGE MONTHLY: 30.8   TOTAL FOR MONTH:   0.06    1 = FOG OR MIST
DPTR FM NORMAL:  -5.5   DPTR FM NORMAL:   -1.01    2 = FOG REDUCING VISIBILITY
HIGHEST:    75 ON 29    GRTST 24HR  0.06 ON 15-15      TO 1/4 MILE OR LESS
LOWEST:     -6 ON 18                               3 = THUNDER
                        SNOW, ICE PELLETS, HAIL    4 = ICE PELLETS
                        TOTAL MONTH:    M          5 = HAIL
                        GRTST 24HR    M  ON   M    6 = FREEZING RAIN OR DRIZZLE
                        GRTST DEPTH:  M  ON   M    7 = DUSTSTORM OR SANDSTORM:
                                                       VSBY 1/2 MILE OR LESS
                                                   8 = SMOKE OR HAZE
[NO. OF DAYS WITH]      [WEATHER - DAYS WITH]      9 = BLOWING SNOW
                                                   X = TORNADO
MAX 32 OR BELOW:   8    0.01 INCH OR MORE:   1
MAX 90 OR ABOVE:   0    0.10 INCH OR MORE:   0
MIN 32 OR BELOW:  26    0.50 INCH OR MORE:   0
MIN  0 OR BELOW:   4    1.00 INCH OR MORE:   0

[HDD (BASE 65) ]
TOTAL THIS MO.  1016    CLEAR  (SCALE 0-3)  20
DPTR FM NORMAL   155    PTCLDY (SCALE 4-7)   9
TOTAL FM JUL 1  1586    CLOUDY (SCALE 8-10)  1
DPTR FM NORMAL   105

[CDD (BASE 65) ]
TOTAL THIS MO.     0
DPTR FM NORMAL     0    [PRESSURE DATA]
TOTAL FM JAN 1   692    HIGHEST SLP 30.72 ON 13
DPTR FM NORMAL  -153    LOWEST  SLP 29.29 ON 10

[REMARKS]
#FINAL-11-14#




U.S. Dept. of Commerce
NOAA National Weather Service
1325 East West Highway
Silver Spring, MD 20910
E-mail: w-nws.webmaster@noaa.gov
Page last modified: May 16, 2007
NATIONAL WEATHER SERVICE: for Safety, for Work, for Fun - FOR LIFE