755
CXUS54 KMAF 261100
CF6ODO
PRELIMINARY LOCAL CLIMATOLOGICAL DATA (WS FORM: F-6)

                                          STATION:   Odessa Schleymeyer
                                          MONTH:     NOVEMBER
                                          YEAR:      2014
                                          LATITUDE:   31 55 N
                                          LONGITUDE: 102 23 W

  TEMPERATURE IN F:       :PCPN:    SNOW:  WIND      :SUNSHINE: SKY     :PK WND
================================================================================
1   2   3   4   5  6A  6B    7    8   9   10  11  12  13   14  15   16   17  18
                                     12Z  AVG MX 2MIN
DY MAX MIN AVG DEP HDD CDD  WTR  SNW DPTH SPD SPD DIR MIN PSBL S-S WX    SPD DR
================================================================================

 1  70  46  58  -2   7   0 0.00  0.0    0 16.1 25 170   M    M   0        30 190
 2  69  55  62   3   3   0 0.00  0.0    0 17.1 24 180   M    M   0        31 170
 3  72  60  66   7   0   1    T  0.0    0 15.7 25 180   M    M   3        32 190
 4  64  47  56  -2   9   0 1.01    M    0 13.6 30  50   M    M  10 1      37  50
 5  56  45  51  -7  14   0 0.09    M    0  6.4 14  40   M    M  10 1      18  30
 6  64  50  57   0   8   0 0.00  0.0    0  5.7 16  80   M    M   7        19  80
 7  65  44  55  -2  10   0 0.00  0.0    0  9.6 22 200   M    M   1 1      27 210
 8  65  45  55  -2  10   0 0.00  0.0    0 10.4 26  40   M    M   0 18     34  40
 9  72  43  58   2   7   0 0.00  0.0    0 11.3 24 240   M    M   0 8      31 220
10  81  49  65   9   0   0 0.00  0.0    0 15.5 30 260   M    M   0        37 260
11  63  33  48  -7  17   0 0.00  0.0    0 12.3 30  30   M    M   0        39  30
12  35  26  31 -24  34   0 0.00  0.0    0 16.1 23  80   M    M   7        29  80
13  31  24  28 -26  37   0 0.00  0.0    0  9.4 18  50   M    M   9        23  40
14  48  25  37 -17  28   0 0.00  0.0    0 12.4 21 150   M    M   1        25 160
15  68  33  51  -3  14   0 0.00  0.0    0  8.7 16 260   M    M   0        22 260
16  54  23  39 -14  26   0    T    M    0 15.1 23  30   M    M   6 8      33 350
17  43  19  31 -22  34   0 0.00  0.0    0  8.1 16 340   M    M   0        23 340
18  53  23  38 -14  27   0 0.00  0.0    0 10.5 18 200   M    M   0        23 200
19  67  30  49  -3  16   0 0.00  0.0    0  8.4 16 190   M    M   0        22 190
20  71  41  56   4   9   0 0.00  0.0    0  8.3 17 230   M    M   0        20 230
21  70  40  55   4  10   0 0.00  0.0    0  7.8 17 170   M    M   2 12     20 190
22  71  52  62  11   3   0 0.00  0.0    0  7.2 15  30   M    M   5 138    18  40
23  72  39  56   6   9   0 0.00  0.0    0 16.4 33 320   M    M   2 8      41 320
24  58  34  46  -4  19   0 0.00  0.0    0  7.8 18 330   M    M   0        24 320
25  55  32  44  -6  21   0 0.00  0.0    0 10.9 23 260   M    M   0        28 260
================================================================================
SM 1537  958       372   1  1.10     0.0 280.8          M       63
================================================================================
AV 61.5 38.3                              11.2 FASTST   M    M   3    MAX(MPH)
                                 MISC ---->  # 33 320               # 41  320
================================================================================
NOTES:
# LAST OF SEVERAL OCCURRENCES

COLUMN 17 PEAK WIND IN M.P.H.

PRELIMINARY LOCAL CLIMATOLOGICAL DATA (WS FORM: F-6) , PAGE 2

                                          STATION:  Odessa Schleymeyer
                                          MONTH:    NOVEMBER
                                          YEAR:     2014
                                          LATITUDE:   31 55 N
                                          LONGITUDE: 102 23 W

[TEMPERATURE DATA]      [PRECIPITATION DATA]       SYMBOLS USED IN COLUMN 16

AVERAGE MONTHLY: 49.9   TOTAL FOR MONTH:   1.10    1 = FOG OR MIST
DPTR FM NORMAL:  -4.6   DPTR FM NORMAL:    0.49    2 = FOG REDUCING VISIBILITY
HIGHEST:    81 ON 10    GRTST 24HR  1.06 ON  4- 5      TO 1/4 MILE OR LESS
LOWEST:     19 ON 17                               3 = THUNDER
                        SNOW, ICE PELLETS, HAIL    4 = ICE PELLETS
                        TOTAL MONTH:   0.0 INCH    5 = HAIL
                        GRTST 24HR     0.0         6 = FREEZING RAIN OR DRIZZLE
                        GRTST DEPTH:   0           7 = DUSTSTORM OR SANDSTORM:
                                                       VSBY 1/2 MILE OR LESS
                                                   8 = SMOKE OR HAZE
[NO. OF DAYS WITH]      [WEATHER - DAYS WITH]      9 = BLOWING SNOW
                                                   X = TORNADO
MAX 32 OR BELOW:   1    0.01 INCH OR MORE:   2
MAX 90 OR ABOVE:   0    0.10 INCH OR MORE:   1
MIN 32 OR BELOW:   8    0.50 INCH OR MORE:   1
MIN  0 OR BELOW:   0    1.00 INCH OR MORE:   1

[HDD (BASE 65) ]
TOTAL THIS MO.   372    CLEAR  (SCALE 0-3)  17
DPTR FM NORMAL   104    PTCLDY (SCALE 4-7)   5
TOTAL FM JUL 1   415    CLOUDY (SCALE 8-10)  3
DPTR FM NORMAL    51

[CDD (BASE 65) ]
TOTAL THIS MO.     1
DPTR FM NORMAL    -6    [PRESSURE DATA]
TOTAL FM JAN 1  2184    HIGHEST SLP M ON M
DPTR FM NORMAL  -271    LOWEST  SLP 29.59 ON 23

[REMARKS]




U.S. Dept. of Commerce
NOAA National Weather Service
1325 East West Highway
Silver Spring, MD 20910
E-mail: w-nws.webmaster@noaa.gov
Page last modified: May 16, 2007
NATIONAL WEATHER SERVICE: for Safety, for Work, for Fun - FOR LIFE