835
CXUS56 KMTR 011000
CF6OAK
PRELIMINARY LOCAL CLIMATOLOGICAL DATA (WS FORM: F-6)

                                          STATION:   OAKLAND AIRPORT
                                          MONTH:     NOVEMBER
                                          YEAR:      2014
                                          LATITUDE:   37 43 N
                                          LONGITUDE: 122 13 W

  TEMPERATURE IN F:       :PCPN:    SNOW:  WIND      :SUNSHINE: SKY     :PK WND
================================================================================
1   2   3   4   5  6A  6B    7    8   9   10  11  12  13   14  15   16   17  18
                                     12Z  AVG MX 2MIN
DY MAX MIN AVG DEP HDD CDD  WTR  SNW DPTH SPD SPD DIR MIN PSBL S-S WX    SPD DR
================================================================================

 1  64  48  56  -2   9   0 0.00  0.0    0  9.3 22 280   M    M   5 3      24 280
 2  66  44  55  -3  10   0 0.00  0.0    0  4.1 21 280   M    M   2        24 280
 3  66  44  55  -2  10   0 0.00  0.0    0  4.6 15 290   M    M   5        16 280
 4  69  46  58   1   7   0 0.00  0.0    0  3.9 12 310   M    M   3 1      14 310
 5  72  48  60   3   5   0 0.00  0.0    0  3.0  7 310   M    M   3         8 300
 6  72  50  61   4   4   0 0.00  0.0    0  4.0 13 290   M    M   5 18     15 290
 7  70  50  60   4   5   0 0.01  0.0    0  3.6 13 290   M    M   4 128    15 290
 8  72  50  61   5   4   0 0.00  0.0    0  2.1  8 300   M    M   4 128    20 240
 9  70  48  59   3   6   0 0.00  0.0    0  3.9 15 300   M    M   2 1      17 300
10  65  47  56   0   9   0 0.00  0.0    0  4.5 16 300   M    M   5 128    18 310
11  66  58  62   7   3   0 0.00  0.0    0  8.7 15 260   M    M   9        21 180
12  66  56  61   6   4   0 0.11  0.0    0  4.2 10 270   M    M   9        16 250
13  64  55  60   5   5   0 0.20  0.0    0  7.1 17 150   M    M   9 1      22 150
14  65  49  57   2   8   0 0.00  0.0    0  6.0 16 290   M    M   5 1      20 290
15  64  46  55   1  10   0 0.00  0.0    0  2.7  8 290   M    M   3 1      13 210
16  65  47  56   2   9   0 0.00  0.0    0  4.7 15  40   M    M   6        28 100
17  67  47  57   3   8   0 0.00  0.0    0  6.4 16  60   M    M   5        22 190
18  62  46  54   0  11   0 0.00  0.0    0  4.7 13  80   M    M   8        20  20
19  61  52  57   4   8   0 0.15  0.0    0  6.1 22 170   M    M  10 1      25 160
20  59  51  55   2  10   0 0.66  0.0    0  3.9 15 130   M    M  10 1      21 120
21  61  51  56   3   9   0 0.00  0.0    0  3.7  9 150   M    M   9 1      31 330
22  65  53  59   6   6   0 0.26  0.0    0 10.4 20 140   M    M   7 18     23 260
23  62  42  52   0  13   0 0.00  0.0    0  1.8  8 270   M    M   4        18 300
24  62  40  51  -1  14   0 0.00  0.0    0  1.9  7 250   M    M   1        21  30
25  73  41  57   5   8   0 0.00  0.0    0  4.2 13  80   M    M   2        15  70
26  65  45  55   3  10   0 0.00  0.0    0  3.4 10 310   M    M   2 18     37 280
27  65  42  54   2  11   0 0.00  0.0    0  2.4 12  90   M    M   4 128    28  90
28  62  42  52   1  13   0    T    M    0  5.5 13 140   M    M   5 128    17 210
29  64  54  59   8   6   0 0.08  0.0    0  7.0 14 150   M    M   9 18     18 150
30  60  52  56   5   9   0 0.32  0.0    0  4.4 16 130   M    M   7 1      31 150
================================================================================
SM 1964 1444       244   0  1.79     0.0 142.2          M      162
================================================================================
AV 65.5 48.1                               4.7 FASTST   M    M   5    MAX(MPH)
                                 MISC ---->  # 22 280               # 37  280
================================================================================
NOTES:
# LAST OF SEVERAL OCCURRENCES

COLUMN 17 PEAK WIND IN M.P.H.

PRELIMINARY LOCAL CLIMATOLOGICAL DATA (WS FORM: F-6) , PAGE 2

                                          STATION:  OAKLAND AIRPORT
                                          MONTH:    NOVEMBER
                                          YEAR:     2014
                                          LATITUDE:   37 43 N
                                          LONGITUDE: 122 13 W

[TEMPERATURE DATA]      [PRECIPITATION DATA]       SYMBOLS USED IN COLUMN 16

AVERAGE MONTHLY: 56.8   TOTAL FOR MONTH:   1.79    1 = FOG OR MIST
DPTR FM NORMAL:   2.6   DPTR FM NORMAL:   -0.66    2 = FOG REDUCING VISIBILITY
HIGHEST:    73 ON 25    GRTST 24HR  0.66 ON 20-20      TO 1/4 MILE OR LESS
LOWEST:     40 ON 24                               3 = THUNDER
                        SNOW, ICE PELLETS, HAIL    4 = ICE PELLETS
                        TOTAL MONTH:   0.0 INCH    5 = HAIL
                        GRTST 24HR     0.0         6 = FREEZING RAIN OR DRIZZLE
                        GRTST DEPTH:   0           7 = DUSTSTORM OR SANDSTORM:
                                                       VSBY 1/2 MILE OR LESS
                                                   8 = SMOKE OR HAZE
[NO. OF DAYS WITH]      [WEATHER - DAYS WITH]      9 = BLOWING SNOW
                                                   X = TORNADO
MAX 32 OR BELOW:   0    0.01 INCH OR MORE:   8
MAX 90 OR ABOVE:   0    0.10 INCH OR MORE:   6
MIN 32 OR BELOW:   0    0.50 INCH OR MORE:   1
MIN  0 OR BELOW:   0    1.00 INCH OR MORE:   0

[HDD (BASE 65) ]
TOTAL THIS MO.   244    CLEAR  (SCALE 0-3)   6
DPTR FM NORMAL   -79    PTCLDY (SCALE 4-7)  16
TOTAL FM JUL 1   337    CLOUDY (SCALE 8-10)  8
DPTR FM NORMAL  -338

[CDD (BASE 65) ]
TOTAL THIS MO.     0
DPTR FM NORMAL    -1    [PRESSURE DATA]
TOTAL FM JAN 1   305    HIGHEST SLP M ON M
DPTR FM NORMAL   167    LOWEST  SLP 29.74 ON M

[REMARKS]
#FINAL-11-14#




U.S. Dept. of Commerce
NOAA National Weather Service
1325 East West Highway
Silver Spring, MD 20910
E-mail: w-nws.webmaster@noaa.gov
Page last modified: May 16, 2007
NATIONAL WEATHER SERVICE: for Safety, for Work, for Fun - FOR LIFE