573
CXUS56 KMTR 301000
CF6OAK
PRELIMINARY LOCAL CLIMATOLOGICAL DATA (WS FORM: F-6)

                                          STATION:   OAKLAND AIRPORT
                                          MONTH:     AUGUST
                                          YEAR:      2014
                                          LATITUDE:   37 43 N
                                          LONGITUDE: 122 13 W

  TEMPERATURE IN F:       :PCPN:    SNOW:  WIND      :SUNSHINE: SKY     :PK WND
================================================================================
1   2   3   4   5  6A  6B    7    8   9   10  11  12  13   14  15   16   17  18
                                     12Z  AVG MX 2MIN
DY MAX MIN AVG DEP HDD CDD  WTR  SNW DPTH SPD SPD DIR MIN PSBL S-S WX    SPD DR
================================================================================

 1  72  58  65   2   0   0 0.00  0.0    0  9.2 18 290   M    M   4 18     22 290
 2  68  60  64   1   1   0 0.00  0.0    0 10.0 18 300   M    M   8        23 300
 3  69  61  65   2   0   0 0.00  0.0    0 10.6 18 280   M    M   9        29 330
 4  73  61  67   4   0   2 0.00  0.0    0 10.0 17 280   M    M   9        21 300
 5  74  62  68   5   0   3    T  0.0    0  7.1 20 300   M    M   9        26 330
 6  78  60  69   6   0   4    T  0.0    0  8.4 20 290   M    M   8        36 280
 7  69  60  65   2   0   0 0.00  0.0    0  7.3 18 280   M    M   6        29 330
 8  73  58  66   3   0   1 0.00  0.0    0 11.4 20 280   M    M   4        28 320
 9  67  59  63   0   2   0    T  0.0    0 11.6 21 310   M    M   8        31 320
10  73  60  67   3   0   2    T  0.0    0  9.0 22 300   M    M   6        36 290
11  73  61  67   3   0   2 0.00  0.0    0  8.7 18 300   M    M   5        22 290
12  74  61  68   4   0   3 0.00  0.0    0 10.4 20 280   M    M   8        31 320
13  75  60  68   4   0   3 0.00  0.0    0  9.0 21 280   M    M   6        24 290
14  73  59  66   2   0   1 0.00  0.0    0  8.9 20 300   M    M   7        26 300
15  74  58  66   2   0   1 0.00  0.0    0  8.9 18 310   M    M   4        39  70
16  73  60  67   3   0   2 0.00  0.0    0  8.8 20 300   M    M   6        23 290
17  72  58  65   1   0   0 0.00  0.0    0  9.6 21 290   M    M   7        24 280
18  68  60  64   0   1   0    T  0.0    0 10.8 22 280   M    M   9        28 320
19  74  60  67   3   0   2    T  0.0    0  9.8 21  70   M    M   6        23  70
20  73  62  68   4   0   3 0.00  0.0    0 10.1 18 280   M    M   7        28 180
21  75  61  68   3   0   3 0.00  0.0    0  7.9 20 300   M    M   5        23 300
22  75  62  69   4   0   4 0.00  0.0    0  8.1 21 270   M    M   7        28 260
23  75  60  68   3   0   3 0.00  0.0    0  8.6 16 290   M    M   4        20 300
24  74  59  67   2   0   2 0.00  0.0    0 11.0 21 290   M    M   5        23 300
25  72  63  68   3   0   3 0.00  0.0    0 10.7 18 280   M    M   6        24 170
26  75  62  69   4   0   4 0.00  0.0    0  9.1 18 290   M    M   3        23 310
27  77  59  68   3   0   3 0.00  0.0    0  8.6 21 280   M    M   2        22 290
28  75  60  68   3   0   3 0.00  0.0    0  8.7 20 290   M    M   5        22 290
29  72  61  67   2   0   2    T  0.0    0  7.2 21 290   M    M   9        24 290
================================================================================
SM 2115 1745         4  56    T      0.0 269.5          M      182
================================================================================
AV 72.9 60.2                               9.3 FASTST   M    M   6    MAX(MPH)
                                 MISC ---->  # 22 300               # 39   70
================================================================================
NOTES:
# LAST OF SEVERAL OCCURRENCES

COLUMN 17 PEAK WIND IN M.P.H.

PRELIMINARY LOCAL CLIMATOLOGICAL DATA (WS FORM: F-6) , PAGE 2

                                          STATION:  OAKLAND AIRPORT
                                          MONTH:    AUGUST
                                          YEAR:     2014
                                          LATITUDE:   37 43 N
                                          LONGITUDE: 122 13 W

[TEMPERATURE DATA]      [PRECIPITATION DATA]       SYMBOLS USED IN COLUMN 16

AVERAGE MONTHLY: 66.6   TOTAL FOR MONTH:      T    1 = FOG OR MIST
DPTR FM NORMAL:   2.6   DPTR FM NORMAL:   -0.04    2 = FOG REDUCING VISIBILITY
HIGHEST:    78 ON  6    GRTST 24HR    T  ON 29-29      TO 1/4 MILE OR LESS
LOWEST:     58 ON 17,15                            3 = THUNDER
                        SNOW, ICE PELLETS, HAIL    4 = ICE PELLETS
                        TOTAL MONTH:   0.0 INCH    5 = HAIL
                        GRTST 24HR     0.0         6 = FREEZING RAIN OR DRIZZLE
                        GRTST DEPTH:   0           7 = DUSTSTORM OR SANDSTORM:
                                                       VSBY 1/2 MILE OR LESS
                                                   8 = SMOKE OR HAZE
[NO. OF DAYS WITH]      [WEATHER - DAYS WITH]      9 = BLOWING SNOW
                                                   X = TORNADO
MAX 32 OR BELOW:   0    0.01 INCH OR MORE:   0
MAX 90 OR ABOVE:   0    0.10 INCH OR MORE:   0
MIN 32 OR BELOW:   0    0.50 INCH OR MORE:   0
MIN  0 OR BELOW:   0    1.00 INCH OR MORE:   0

[HDD (BASE 65) ]
TOTAL THIS MO.     4    CLEAR  (SCALE 0-3)   2
DPTR FM NORMAL   -54    PTCLDY (SCALE 4-7)  22
TOTAL FM JUL 1    25    CLOUDY (SCALE 8-10)  5
DPTR FM NORMAL  -116

[CDD (BASE 65) ]
TOTAL THIS MO.    56
DPTR FM NORMAL    32    [PRESSURE DATA]
TOTAL FM JAN 1   189    HIGHEST SLP M ON M
DPTR FM NORMAL   113    LOWEST  SLP 29.80 ON 19

[REMARKS]




U.S. Dept. of Commerce
NOAA National Weather Service
1325 East West Highway
Silver Spring, MD 20910
E-mail: w-nws.webmaster@noaa.gov
Page last modified: May 16, 2007
NATIONAL WEATHER SERVICE: for Safety, for Work, for Fun - FOR LIFE