908
CXUS56 KMTR 011000
CF6OAK
PRELIMINARY LOCAL CLIMATOLOGICAL DATA (WS FORM: F-6)

                                          STATION:   OAKLAND AIRPORT
                                          MONTH:     SEPTEMBER
                                          YEAR:      2014
                                          LATITUDE:   37 43 N
                                          LONGITUDE: 122 13 W

  TEMPERATURE IN F:       :PCPN:    SNOW:  WIND      :SUNSHINE: SKY     :PK WND
================================================================================
1   2   3   4   5  6A  6B    7    8   9   10  11  12  13   14  15   16   17  18
                                     12Z  AVG MX 2MIN
DY MAX MIN AVG DEP HDD CDD  WTR  SNW DPTH SPD SPD DIR MIN PSBL S-S WX    SPD DR
================================================================================

 1  83  57  70   5   0   5 0.00  0.0    0  6.5 16 300   M    M   0        20 300
 2  72  60  66   1   0   1 0.00  0.0    0  8.2 21 300   M    M   5         M  M
 3  76  61  69   4   0   4 0.00  0.0    0  8.2 21 290   M    M   6        24 290
 4  74  61  68   3   0   3 0.00  0.0    0  8.2 22 300   M    M   7        25 300
 5  72  60  66   1   0   1 0.00  0.0    0  8.4 18 290   M    M   5        32 330
 6  72  60  66   1   0   1 0.00  0.0    0  8.7 17 290   M    M   5        30 330
 7  72  60  66   1   0   1 0.00  0.0    0  9.8 18 280   M    M   4        28 280
 8  68  59  64  -1   1   0 0.00  0.0    0 11.6 18 280   M    M   5        22 260
 9  72  57  65   0   0   0 0.00  0.0    0  6.8 17 290   M    M   5        21 240
10  82  54  68   3   0   3 0.00  0.0    0  4.9 16 300   M    M   1 18     20 300
11  83  57  70   5   0   5 0.00  0.0    0  7.1 20 290   M    M   2 18     22 290
12  77  57  67   2   0   2 0.00  0.0    0  7.5 15 290   M    M   2 18     23 290
13  75  59  67   2   0   2 0.00  0.0    0  8.2 22 290   M    M   6        33 320
14  74  60  67   2   0   2 0.00  0.0    0  8.3 18 300   M    M   3        28 160
15  77  62  70   5   0   5 0.00  0.0    0  9.2 18 270   M    M   5         M  M
16  78  58  68   3   0   3 0.00  0.0    0  7.0 18 270   M    M   5        21 260
17  77  61  69   4   0   4    T  0.0    0  8.8 21 230   M    M   6 8      29 210
18  78  61  70   6   0   5    T  0.0    0  9.2 20 280   M    M   5 1      29 320
19  73  59  66   2   0   1 0.00  0.0    0  7.2 23 320   M    M   6 1      31 330
20  71  63  67   3   0   2 0.00  0.0    0  9.1 20 280   M    M   8        23 290
21  69  64  67   3   0   2 0.00  0.0    0 10.8 22  80   M    M  10        28  90
22  75  63  69   5   0   4 0.00  0.0    0  8.7 18 280   M    M   5        21 280
23  75  63  69   5   0   4    T  0.0    0  8.1 18 280   M    M   6 1      23 260
24  77  65  71   7   0   6 0.01  0.0    M  9.1 20 290   M    M   5 1      26 270
25  72  58  65   1   0   0 0.43  0.0    0  6.3 21 290   M    M   6 1      24 290
26  73  60  67   3   0   2 0.00  0.0    0  8.7 25 280   M    M   5        29 280
27  71  55  63   0   2   0 0.00  0.0    0  8.5 18 260   M    M   5        24 260
28  72  61  67   4   0   2 0.00  0.0    0  7.1 15 280   M    M   7        17 270
29  69  57  63   0   2   0 0.00  0.0    0  7.8 20 280   M    M   7 8      28 330
30  73  57  65   2   0   0 0.00  0.0    0  6.8 16 200   M    M   4 8      18 190
================================================================================
SM 2232 1789         5  70  0.44     0.0 244.8          M      151
================================================================================
AV 74.4 59.6                               8.2 FASTST   M    M   5    MAX(MPH)
                                 MISC ---->  # 25 280               # 33  320
================================================================================
NOTES:
# LAST OF SEVERAL OCCURRENCES

COLUMN 17 PEAK WIND IN M.P.H.

PRELIMINARY LOCAL CLIMATOLOGICAL DATA (WS FORM: F-6) , PAGE 2

                                          STATION:  OAKLAND AIRPORT
                                          MONTH:    SEPTEMBER
                                          YEAR:     2014
                                          LATITUDE:   37 43 N
                                          LONGITUDE: 122 13 W

[TEMPERATURE DATA]      [PRECIPITATION DATA]       SYMBOLS USED IN COLUMN 16

AVERAGE MONTHLY: 67.0   TOTAL FOR MONTH:   0.44    1 = FOG OR MIST
DPTR FM NORMAL:   2.5   DPTR FM NORMAL:    0.22    2 = FOG REDUCING VISIBILITY
HIGHEST:    83 ON 11, 1 GRTST 24HR  0.43 ON 25-25      TO 1/4 MILE OR LESS
LOWEST:     54 ON 10                               3 = THUNDER
                        SNOW, ICE PELLETS, HAIL    4 = ICE PELLETS
                        TOTAL MONTH:   0.0 INCH    5 = HAIL
                        GRTST 24HR     0.0         6 = FREEZING RAIN OR DRIZZLE
                        GRTST DEPTH:   0           7 = DUSTSTORM OR SANDSTORM:
                                                       VSBY 1/2 MILE OR LESS
                                                   8 = SMOKE OR HAZE
[NO. OF DAYS WITH]      [WEATHER - DAYS WITH]      9 = BLOWING SNOW
                                                   X = TORNADO
MAX 32 OR BELOW:   0    0.01 INCH OR MORE:   2
MAX 90 OR ABOVE:   0    0.10 INCH OR MORE:   1
MIN 32 OR BELOW:   0    0.50 INCH OR MORE:   0
MIN  0 OR BELOW:   0    1.00 INCH OR MORE:   0

[HDD (BASE 65) ]
TOTAL THIS MO.     5    CLEAR  (SCALE 0-3)   5
DPTR FM NORMAL   -55    PTCLDY (SCALE 4-7)  24
TOTAL FM JUL 1    30    CLOUDY (SCALE 8-10)  1
DPTR FM NORMAL  -170

[CDD (BASE 65) ]
TOTAL THIS MO.    70
DPTR FM NORMAL    25    [PRESSURE DATA]
TOTAL FM JAN 1   266    HIGHEST SLP M ON M
DPTR FM NORMAL   141    LOWEST  SLP 29.70 ON  3

[REMARKS]
#FINAL-09-14#




U.S. Dept. of Commerce
NOAA National Weather Service
1325 East West Highway
Silver Spring, MD 20910
E-mail: w-nws.webmaster@noaa.gov
Page last modified: May 16, 2007
NATIONAL WEATHER SERVICE: for Safety, for Work, for Fun - FOR LIFE