036
CXUS56 KMTR 011000
CF6OAK
PRELIMINARY LOCAL CLIMATOLOGICAL DATA (WS FORM: F-6)

                                          STATION:   OAKLAND AIRPORT
                                          MONTH:     JULY
                                          YEAR:      2014
                                          LATITUDE:   37 43 N
                                          LONGITUDE: 122 13 W

  TEMPERATURE IN F:       :PCPN:    SNOW:  WIND      :SUNSHINE: SKY     :PK WND
================================================================================
1   2   3   4   5  6A  6B    7    8   9   10  11  12  13   14  15   16   17  18
                                     12Z  AVG MX 2MIN
DY MAX MIN AVG DEP HDD CDD  WTR  SNW DPTH SPD SPD DIR MIN PSBL S-S WX    SPD DR
================================================================================

 1  72  56  64   1   1   0 0.00  0.0    0  9.9 21 280   M    M   6        29 330
 2  70  57  64   1   1   0 0.00  0.0    0 10.9 21 280   M    M   7        23 270
 3  69  54  62  -1   3   0 0.00  0.0    0 10.4 18 280   M    M   4        25 230
 4  67  54  61  -2   4   0 0.00  0.0    0  8.7 21 290   M    M   6        24 280
 5  72  53  63   0   2   0 0.00  0.0    0  7.3 18 300   M    M   4        32 330
 6  70  53  62  -1   3   0 0.00  0.0    0 10.0 21 290   M    M   4        25 230
 7  70  54  62  -1   3   0 0.00  0.0    0  9.2 23  70   M    M   8        35  70
 8  68  57  63   0   2   0 0.00  0.0    0  9.4 18 300   M    M   6        28 300
 9  71  57  64   1   1   0 0.00  0.0    0  8.0 20 300   M    M   6        23 310
10  73  60  67   4   0   2 0.00  0.0    0  8.9 18 250   M    M   6        22 240
11  72  61  67   4   0   2 0.00  0.0    0 13.4 22 280   M    M   7        25 270
12  70  58  64   1   1   0    T  0.0    0 11.5 23 280   M    M   7 1      25 280
13  71  58  65   2   0   0    T  0.0    0  8.3 16 270   M    M   7 1      21 280
14  76  57  67   4   0   2 0.00  0.0    0  8.9 24 310   M    M   5 18     30 320
15  77  59  68   5   0   3 0.00  0.0    0 10.7 20 290   M    M   8        23 290
16  74  62  68   5   0   3 0.00  0.0    0 13.7 23 280   M    M   7        28 290
17  73  63  68   5   0   3 0.00  0.0    0 13.2 21 270   M    M   5        24 290
18  71  63  67   4   0   2 0.00  0.0    0 11.6 20 280   M    M   8        23 290
19  72  62  67   4   0   2 0.00  0.0    0 10.0 20 290   M    M   8        24 300
20  73  62  68   5   0   3 0.00  0.0    0 10.9 20 300   M    M   8        25 300
21  74  63  69   6   0   4 0.00  0.0    0 11.2 20 290   M    M   6        22 290
22  76  63  70   7   0   5 0.01  0.0    0 10.2 21 270   M    M   7        30 330
23  76  63  70   7   0   5 0.00  0.0    0  8.9 20 270   M    M   5        23 260
24  83  62  73  10   0   8 0.00  0.0    0  7.1 17 280   M    M   3        20 280
25  90  60  75  12   0  10 0.00  0.0    0  7.9 18 290   M    M   1        22 290
26  77  61  69   6   0   4 0.00  0.0    M 10.6 21 300   M    M   4        23 290
27  78  61  70   7   0   5 0.00  0.0    0 10.7 23 290   M    M   5        25 290
28  72  61  67   4   0   2 0.00  0.0    0 10.1 21 300   M    M   7        24 300
29  76  60  68   5   0   3 0.00  0.0    0 10.6 20 290   M    M   3        22 290
30  73  59  66   3   0   1 0.00  0.0    0 10.7 21 290   M    M   5        24 280
31  71  59  65   2   0   0 0.00  0.0    0  8.8 17 290   M    M   7        22 300
================================================================================
SM 2277 1832        21  69  0.01     0.0 311.7          M      180
================================================================================
AV 73.5 59.1                              10.1 FASTST   M    M   6    MAX(MPH)
                                 MISC ---->  # 24 310               # 35   70
================================================================================
NOTES:
# LAST OF SEVERAL OCCURRENCES

COLUMN 17 PEAK WIND IN M.P.H.

PRELIMINARY LOCAL CLIMATOLOGICAL DATA (WS FORM: F-6) , PAGE 2

                                          STATION:  OAKLAND AIRPORT
                                          MONTH:    JULY
                                          YEAR:     2014
                                          LATITUDE:   37 43 N
                                          LONGITUDE: 122 13 W

[TEMPERATURE DATA]      [PRECIPITATION DATA]       SYMBOLS USED IN COLUMN 16

AVERAGE MONTHLY: 66.3   TOTAL FOR MONTH:   0.01    1 = FOG OR MIST
DPTR FM NORMAL:   3.4   DPTR FM NORMAL:    0.00    2 = FOG REDUCING VISIBILITY
HIGHEST:    90 ON 25    GRTST 24HR  0.01 ON 22-22      TO 1/4 MILE OR LESS
LOWEST:     53 ON  6, 5                            3 = THUNDER
                        SNOW, ICE PELLETS, HAIL    4 = ICE PELLETS
                        TOTAL MONTH:   0.0 INCH    5 = HAIL
                        GRTST 24HR     0.0         6 = FREEZING RAIN OR DRIZZLE
                        GRTST DEPTH:   0           7 = DUSTSTORM OR SANDSTORM:
                                                       VSBY 1/2 MILE OR LESS
                                                   8 = SMOKE OR HAZE
[NO. OF DAYS WITH]      [WEATHER - DAYS WITH]      9 = BLOWING SNOW
                                                   X = TORNADO
MAX 32 OR BELOW:   0    0.01 INCH OR MORE:   1
MAX 90 OR ABOVE:   1    0.10 INCH OR MORE:   0
MIN 32 OR BELOW:   0    0.50 INCH OR MORE:   0
MIN  0 OR BELOW:   0    1.00 INCH OR MORE:   0

[HDD (BASE 65) ]
TOTAL THIS MO.    21    CLEAR  (SCALE 0-3)   2
DPTR FM NORMAL   -62    PTCLDY (SCALE 4-7)  27
TOTAL FM JUL 1    21    CLOUDY (SCALE 8-10)  2
DPTR FM NORMAL   -62

[CDD (BASE 65) ]
TOTAL THIS MO.    69
DPTR FM NORMAL    51    [PRESSURE DATA]
TOTAL FM JAN 1   133    HIGHEST SLP M ON M
DPTR FM NORMAL    81    LOWEST  SLP 29.80 ON  1

[REMARKS]
#FINAL-07-14#




U.S. Dept. of Commerce
NOAA National Weather Service
1325 East West Highway
Silver Spring, MD 20910
E-mail: w-nws.webmaster@noaa.gov
Page last modified: May 16, 2007
NATIONAL WEATHER SERVICE: for Safety, for Work, for Fun - FOR LIFE