576
CXUS55 KPSR 011005
CF6NYL
PRELIMINARY LOCAL CLIMATOLOGICAL DATA (WS FORM: F-6)

                                          STATION:   YUMA AZ
                                          MONTH:     NOVEMBER
                                          YEAR:      2014
                                          LATITUDE:   32 39 N
                                          LONGITUDE: 114 37 W

  TEMPERATURE IN F:       :PCPN:    SNOW:  WIND      :SUNSHINE: SKY     :PK WND
================================================================================
1   2   3   4   5  6A  6B    7    8   9   10  11  12  13   14  15   16   17  18
                                     12Z  AVG MX 2MIN
DY MAX MIN AVG DEP HDD CDD  WTR  SNW DPTH SPD SPD DIR MIN PSBL S-S WX    SPD DR
================================================================================

 1  80  64  72   1   0   7 0.00  0.0    0  9.5 18 300   M    M   5        25 290
 2  75  57  66  -5   0   1 0.00  0.0    0  6.8 14 290   M    M   3        19 270
 3  77  53  65  -6   0   0 0.00  0.0    0  8.0 21  10   M    M   0        28  10
 4  80  59  70   0   0   5 0.00  0.0    0 10.5 21  10   M    M   0        27  10
 5  85  61  73   3   0   8 0.00  0.0    0 10.1 22 350   M    M   0        28 360
 6  89  59  74   4   0   9 0.00  0.0    0  7.4 21  80   M    M   0        24  80
 7  89  63  76   7   0  11 0.00  0.0    0  6.7 15  30   M    M   0 8      18  40
 8  91  57  74   5   0   9 0.00  0.0    0  4.5 13  40   M    M   0        15  30
 9  91  62  77   9   0  12 0.00  0.0    0  4.9 16  70   M    M   0        19  80
10  88  59  74   6   0   9 0.00  0.0    0  6.2 14 160   M    M   0        16 150
11  85  61  73   5   0   8 0.00  0.0    0  7.9 17 190   M    M   2        23 200
12  78  60  69   2   0   4 0.00  0.0    0  3.0 10 290   M    M   4        14 290
13  80  59  70   3   0   5 0.00  0.0    0  4.4  8 200   M    M   5         M  M
14  78  62  70   4   0   5 0.00  0.0    0  3.4  8 250   M    M   7        12 240
15  82  58  70   4   0   5 0.00  0.0    0  5.9 15 180   M    M   5        19 170
16  68  57  63  -3   2   0 0.00  0.0    0 15.0 37  20   M    M   3 8      47  30
17  71  52  62  -3   3   0 0.00  0.0    0 10.1 20  30   M    M   4        24 360
18  76  50  63  -2   2   0 0.00  0.0    0  6.5 14  40   M    M   6 8      18  10
19  77  50  64   0   1   0 0.00  0.0    0  5.1 13  40   M    M   4        16  30
20  77  50  64   0   1   0 0.00  0.0    0  3.6 13  30   M    M   4        14  30
21  74  54  64   1   1   0    T  0.0    0  5.8 18 310   M    M   5        26 300
22  78  49  64   1   1   0 0.00  0.0    0  2.5 10 210   M    M   3        12 210
23  77  54  66   3   0   1 0.00  0.0    0  9.9 26  20   M    M   3        34 360
24  75  53  64   2   1   0 0.00  0.0    0  9.4 22 360   M    M   4        25  10
25  74  50  62   0   3   0 0.00  0.0    0  4.9 13  30   M    M   0        16  30
26  79  50  65   3   0   0 0.00  0.0    0  6.6 15 350   M    M   0        20 350
27  85  55  70   9   0   5 0.00  0.0    0  6.8 13 350   M    M   1        16  50
28  84  56  70   9   0   5 0.00  0.0    0  4.6 15  30   M    M   1        19  40
29   M  50   M   M   M   M 0.00  0.0    0  3.5  9 150   M    M   1        11 150
30   M   M   M   M   M   M 0.00  0.0    0  3.8 12 280   M    M   2        14 330
================================================================================
SM 2243 1624        15 109    T      0.0 197.3          M       72
================================================================================
AV 80.1 56.0                               6.6 FASTST   M    M   2    MAX(MPH)
                                 MISC ---->  # 37  20               # 47   30
================================================================================
NOTES:
# LAST OF SEVERAL OCCURRENCES

COLUMN 17 PEAK WIND IN M.P.H.

PRELIMINARY LOCAL CLIMATOLOGICAL DATA (WS FORM: F-6) , PAGE 2

                                          STATION:  YUMA AZ
                                          MONTH:    NOVEMBER
                                          YEAR:     2014
                                          LATITUDE:   32 39 N
                                          LONGITUDE: 114 37 W

[TEMPERATURE DATA]      [PRECIPITATION DATA]       SYMBOLS USED IN COLUMN 16

AVERAGE MONTHLY: 68.1   TOTAL FOR MONTH:      T    1 = FOG OR MIST
DPTR FM NORMAL:   2.4   DPTR FM NORMAL:   -0.22    2 = FOG REDUCING VISIBILITY
HIGHEST:    91 ON  9, 8 GRTST 24HR    T  ON 21-21      TO 1/4 MILE OR LESS
LOWEST:     49 ON 22                               3 = THUNDER
                        SNOW, ICE PELLETS, HAIL    4 = ICE PELLETS
                        TOTAL MONTH:   0.0 INCH    5 = HAIL
                        GRTST 24HR     0.0         6 = FREEZING RAIN OR DRIZZLE
                        GRTST DEPTH:   0           7 = DUSTSTORM OR SANDSTORM:
                                                       VSBY 1/2 MILE OR LESS
                                                   8 = SMOKE OR HAZE
[NO. OF DAYS WITH]      [WEATHER - DAYS WITH]      9 = BLOWING SNOW
                                                   X = TORNADO
MAX 32 OR BELOW:   0    0.01 INCH OR MORE:   0
MAX 90 OR ABOVE:   2    0.10 INCH OR MORE:   0
MIN 32 OR BELOW:   0    0.50 INCH OR MORE:   0
MIN  0 OR BELOW:   0    1.00 INCH OR MORE:   0

[HDD (BASE 65) ]
TOTAL THIS MO.    15    CLEAR  (SCALE 0-3)  17
DPTR FM NORMAL   -51    PTCLDY (SCALE 4-7)  13
TOTAL FM JUL 1    15    CLOUDY (SCALE 8-10)  0
DPTR FM NORMAL   -53

[CDD (BASE 65) ]
TOTAL THIS MO.   109
DPTR FM NORMAL    22    [PRESSURE DATA]
TOTAL FM JAN 1  5292    HIGHEST SLP M ON M
DPTR FM NORMAL   643    LOWEST  SLP 29.69 ON 10

[REMARKS]
#FINAL-11-14#




U.S. Dept. of Commerce
NOAA National Weather Service
1325 East West Highway
Silver Spring, MD 20910
E-mail: w-nws.webmaster@noaa.gov
Page last modified: May 16, 2007
NATIONAL WEATHER SERVICE: for Safety, for Work, for Fun - FOR LIFE