797
CXUS55 KPSR 301005
CF6NYL
PRELIMINARY LOCAL CLIMATOLOGICAL DATA (WS FORM: F-6)

                                          STATION:   YUMA AZ
                                          MONTH:     AUGUST
                                          YEAR:      2014
                                          LATITUDE:   32 39 N
                                          LONGITUDE: 114 37 W

  TEMPERATURE IN F:       :PCPN:    SNOW:  WIND      :SUNSHINE: SKY     :PK WND
================================================================================
1   2   3   4   5  6A  6B    7    8   9   10  11  12  13   14  15   16   17  18
                                     12Z  AVG MX 2MIN
DY MAX MIN AVG DEP HDD CDD  WTR  SNW DPTH SPD SPD DIR MIN PSBL S-S WX    SPD DR
================================================================================

 1 108  89  99   4   0  34 0.00  0.0    0  9.1 17 140   M    M   5        24 180
 2  97  81  89  -6   0  24 0.02  0.0    0  6.3 25 100   M    M   5 38     32 110
 3  98  78  88  -7   0  23    T  0.0    0  4.4 14 340   M    M   5 3      17 340
 4 100  76  88  -7   0  23 0.00  0.0    0  3.8 15 280   M    M   2        20 270
 5 107  80  94  -1   0  29 0.00  0.0    0  4.8 13 310   M    M   0 8      16 320
 6 106  79  93  -2   0  28 0.00  0.0    0  6.7 14 270   M    M   0 8      17 270
 7 105  77  91  -4   0  26 0.00  0.0    0 10.0 21 160   M    M   1        24 160
 8 104  79  92  -3   0  27 0.00  0.0    0  9.6 18 150   M    M   1        22 170
 9 105  83  94  -1   0  29 0.00  0.0    0  8.6 17 140   M    M   0        20 150
10 108  85  97   2   0  32 0.00  0.0    0  8.9 15 210   M    M   0        19 230
11 108  87  98   4   0  33    T  0.0    0  7.2 20 240   M    M   5 38     22 240
12 100  85  93  -1   0  28    T  0.0    0  8.3 36 150   M    M   6 38     42 140
13 100  81  91  -3   0  26 0.00  0.0    0  9.2 20  50   M    M   6        25  20
14 106  84  95   1   0  30 0.00  0.0    0  8.6 25 170   M    M   1 8      31 170
15 106  85  96   2   0  31 0.00  0.0    0  8.2 20 210   M    M   1        22 210
16 108  85  97   3   0  32 0.00  0.0    0  8.9 16 210   M    M   0        20 220
17 111  87  99   5   0  34 0.00  0.0    0  7.9 16 190   M    M   0 3      20 260
18  98  78  88  -6   0  23 0.06  0.0    0 13.3 37 160   M    M   6 38     44 160
19 106  85  96   2   0  31 0.00  0.0    0 11.6 21 160   M    M   2        25 150
20 103  82  93  -1   0  28 0.00  0.0    0  9.5 21 190   M    M   5 8      24 140
21 104  73  89  -5   0  24 0.41  0.0    0  9.6 33 290   M    M   5 378    42 280
22  97  72  85  -9   0  20 0.00  0.0    0  5.5 10 170   M    M   1        12 190
23 101  79  90  -4   0  25 0.00  0.0    0  3.2 10 170   M    M   0        14 190
24 104  78  91  -3   0  26 0.00  0.0    0  5.2 16 150   M    M   0        20 220
25 105  85  95   1   0  30 0.00  0.0    0 12.3 24 150   M    M   6        29 150
26 103  85  94   0   0  29 0.00  0.0    0  9.5 17 150   M    M   3        22 150
27 107  83  95   1   0  30 0.00  0.0    0  4.7 12 280   M    M   1        15 270
28 112  84  98   4   0  33 0.00  0.0    0  4.6 13 330   M    M   0        18  40
29 113  81  97   4   0  32 0.00  0.0    0  3.3 14 180   M    M   0        22 190
================================================================================
SM 3030 2366         0 820  0.49     0.0 222.8          M       67
================================================================================
AV104.5 81.6                               7.7 FASTST   M    M   2    MAX(MPH)
                                 MISC ---->  # 37 160               # 44  160
================================================================================
NOTES:
# LAST OF SEVERAL OCCURRENCES

COLUMN 17 PEAK WIND IN M.P.H.

PRELIMINARY LOCAL CLIMATOLOGICAL DATA (WS FORM: F-6) , PAGE 2

                                          STATION:  YUMA AZ
                                          MONTH:    AUGUST
                                          YEAR:     2014
                                          LATITUDE:   32 39 N
                                          LONGITUDE: 114 37 W

[TEMPERATURE DATA]      [PRECIPITATION DATA]       SYMBOLS USED IN COLUMN 16

AVERAGE MONTHLY: 93.0   TOTAL FOR MONTH:   0.49    1 = FOG OR MIST
DPTR FM NORMAL:  -1.3   DPTR FM NORMAL:    0.05    2 = FOG REDUCING VISIBILITY
HIGHEST:   113 ON 29    GRTST 24HR  0.41 ON 21-21      TO 1/4 MILE OR LESS
LOWEST:     72 ON 22                               3 = THUNDER
                        SNOW, ICE PELLETS, HAIL    4 = ICE PELLETS
                        TOTAL MONTH:   0.0 INCH    5 = HAIL
                        GRTST 24HR     0.0         6 = FREEZING RAIN OR DRIZZLE
                        GRTST DEPTH:   0           7 = DUSTSTORM OR SANDSTORM:
                                                       VSBY 1/2 MILE OR LESS
                                                   8 = SMOKE OR HAZE
[NO. OF DAYS WITH]      [WEATHER - DAYS WITH]      9 = BLOWING SNOW
                                                   X = TORNADO
MAX 32 OR BELOW:   0    0.01 INCH OR MORE:   3
MAX 90 OR ABOVE:  29    0.10 INCH OR MORE:   1
MIN 32 OR BELOW:   0    0.50 INCH OR MORE:   0
MIN  0 OR BELOW:   0    1.00 INCH OR MORE:   0

[HDD (BASE 65) ]
TOTAL THIS MO.     0    CLEAR  (SCALE 0-3)  19
DPTR FM NORMAL     0    PTCLDY (SCALE 4-7)  10
TOTAL FM JUL 1     0    CLOUDY (SCALE 8-10)  0
DPTR FM NORMAL     0

[CDD (BASE 65) ]
TOTAL THIS MO.   820
DPTR FM NORMAL   -32    [PRESSURE DATA]
TOTAL FM JAN 1  3769    HIGHEST SLP M ON M
DPTR FM NORMAL   371    LOWEST  SLP 29.63 ON 29

[REMARKS]




U.S. Dept. of Commerce
NOAA National Weather Service
1325 East West Highway
Silver Spring, MD 20910
E-mail: w-nws.webmaster@noaa.gov
Page last modified: May 16, 2007
NATIONAL WEATHER SERVICE: for Safety, for Work, for Fun - FOR LIFE