355
CXUS55 KPSR 301005
CF6NYL
PRELIMINARY LOCAL CLIMATOLOGICAL DATA (WS FORM: F-6)

                                          STATION:   YUMA AZ
                                          MONTH:     JULY
                                          YEAR:      2014
                                          LATITUDE:   32 39 N
                                          LONGITUDE: 114 37 W

  TEMPERATURE IN F:       :PCPN:    SNOW:  WIND      :SUNSHINE: SKY     :PK WND
================================================================================
1   2   3   4   5  6A  6B    7    8   9   10  11  12  13   14  15   16   17  18
                                     12Z  AVG MX 2MIN
DY MAX MIN AVG DEP HDD CDD  WTR  SNW DPTH SPD SPD DIR MIN PSBL S-S WX    SPD DR
================================================================================

 1 110  83  97   4   0  32 0.00  0.0    0 11.5 23 140   M    M   0 8      28 140
 2 109  82  96   3   0  31 0.00  0.0    0 11.5 28 150   M    M   0 8      32 150
 3 107  86  97   4   0  32 0.00  0.0    0 17.7 26 150   M    M   0        33 150
 4 104  84  94   1   0  29 0.20  0.0    0  8.1 35 230   M    M   0 3      45 240
 5 106  84  95   1   0  30 0.02  0.0    0  8.7 30 130   M    M   1 38     35 130
 6 108  84  96   2   0  31 0.00  0.0    0  4.6 21  70   M    M   0        24  60
 7 112  86  99   5   0  34 0.00  0.0    0  7.6 23 170   M    M   1 8      27 170
 8 106  87  97   3   0  32 0.00  0.0    0 14.1 22 150   M    M   3 8      26 160
 9 105  87  96   2   0  31 0.00  0.0    0 12.1 20 190   M    M   4        25 200
10 107  83  95   1   0  30 0.00  0.0    0  7.5 15 260   M    M   1        19 260
11 108  81  95   1   0  30 0.00  0.0    0  6.3 20 310   M    M   5        24 310
12 109  81  95   1   0  30 0.00  0.0    0  4.9 14 300   M    M   0        17 240
13 109  86  98   3   0  33    T  0.0    0 12.7 32 160   M    M   0 8      38 150
14 102  83  93  -2   0  28 0.01  0.0    0  8.5 28 160   M    M   5 38     32 160
15 107  82  95   0   0  30 0.00  0.0    0  6.9 20 200   M    M   3        22 200
16 108  83  96   1   0  31 0.00  0.0    0  7.9 17 310   M    M   1 8      24 290
17 107  78  93  -2   0  28 0.00  0.0    0  6.8 17 310   M    M   4        23 320
18 105  82  94  -1   0  29 0.00  0.0    0  9.6 21 160   M    M   5        24 150
19 108  86  97   2   0  32    T  0.0    0  9.2 21 170   M    M   0        24 170
20 106  82  94  -1   0  29 0.00  0.0    0 11.6 20 180   M    M   0        24 180
21 109  80  95   0   0  30 0.00  0.0    0  7.0 14 190   M    M   1         M  M
22 113  79  96   1   0  31 0.00  0.0    0  3.5  9 270   M    M   0        12 250
23 117  86 102   7   0  37 0.00  0.0    0  3.7  9 260   M    M   3         M  M
24 117  89 103   8   0  38 0.00  0.0    0  8.2 29 150   M    M   5        34 150
25 110  90 100   5   0  35 0.00  0.0    0 16.3 26 140   M    M   3        33 160
26 108  90  99   4   0  34 0.00  0.0    0 10.4 20 220   M    M   0        24 180
27 101  80  91  -4   0  26 0.05  0.0    0  8.7 28 120   M    M   3 38     34 120
28 108  85  97   2   0  32 0.00  0.0    0  5.9 16 210   M    M   3        20 210
29 111  85  98   3   0  33 0.00  0.0    0  5.2 14 190   M    M   3 8      18 250
================================================================================
SM 3137 2434         0 908  0.28     0.0 256.7          M       54
================================================================================
AV108.2 83.9                               8.9 FASTST   M    M   2    MAX(MPH)
                                 MISC ---->  # 35 230               # 45  240
================================================================================
NOTES:
# LAST OF SEVERAL OCCURRENCES

COLUMN 17 PEAK WIND IN M.P.H.

PRELIMINARY LOCAL CLIMATOLOGICAL DATA (WS FORM: F-6) , PAGE 2

                                          STATION:  YUMA AZ
                                          MONTH:    JULY
                                          YEAR:     2014
                                          LATITUDE:   32 39 N
                                          LONGITUDE: 114 37 W

[TEMPERATURE DATA]      [PRECIPITATION DATA]       SYMBOLS USED IN COLUMN 16

AVERAGE MONTHLY: 96.1   TOTAL FOR MONTH:   0.28    1 = FOG OR MIST
DPTR FM NORMAL:   1.6   DPTR FM NORMAL:    0.02    2 = FOG REDUCING VISIBILITY
HIGHEST:   117 ON 24,23 GRTST 24HR  0.20 ON  4- 4      TO 1/4 MILE OR LESS
LOWEST:     78 ON 17                               3 = THUNDER
                        SNOW, ICE PELLETS, HAIL    4 = ICE PELLETS
                        TOTAL MONTH:   0.0 INCH    5 = HAIL
                        GRTST 24HR     0.0         6 = FREEZING RAIN OR DRIZZLE
                        GRTST DEPTH:   0           7 = DUSTSTORM OR SANDSTORM:
                                                       VSBY 1/2 MILE OR LESS
                                                   8 = SMOKE OR HAZE
[NO. OF DAYS WITH]      [WEATHER - DAYS WITH]      9 = BLOWING SNOW
                                                   X = TORNADO
MAX 32 OR BELOW:   0    0.01 INCH OR MORE:   4
MAX 90 OR ABOVE:  29    0.10 INCH OR MORE:   1
MIN 32 OR BELOW:   0    0.50 INCH OR MORE:   0
MIN  0 OR BELOW:   0    1.00 INCH OR MORE:   0

[HDD (BASE 65) ]
TOTAL THIS MO.     0    CLEAR  (SCALE 0-3)  22
DPTR FM NORMAL     0    PTCLDY (SCALE 4-7)   7
TOTAL FM JUL 1     0    CLOUDY (SCALE 8-10)  0
DPTR FM NORMAL     0

[CDD (BASE 65) ]
TOTAL THIS MO.   908
DPTR FM NORMAL    54    [PRESSURE DATA]
TOTAL FM JAN 1  2879    HIGHEST SLP M ON M
DPTR FM NORMAL   392    LOWEST  SLP 29.61 ON 24

[REMARKS]




U.S. Dept. of Commerce
NOAA National Weather Service
1325 East West Highway
Silver Spring, MD 20910
E-mail: w-nws.webmaster@noaa.gov
Page last modified: May 16, 2007
NATIONAL WEATHER SERVICE: for Safety, for Work, for Fun - FOR LIFE