593
CXUS51 KOKX 010701
CF6NYC
PRELIMINARY LOCAL CLIMATOLOGICAL DATA (WS FORM: F-6)

                                          STATION:   CENTRAL PARK NY
                                          MONTH:     JULY
                                          YEAR:      2014
                                          LATITUDE:   40 46 N
                                          LONGITUDE:  73 58 W

  TEMPERATURE IN F:       :PCPN:    SNOW:  WIND      :SUNSHINE: SKY     :PK WND
================================================================================
1   2   3   4   5  6A  6B    7    8   9   10  11  12  13   14  15   16   17  18
                                     12Z  AVG MX 2MIN
DY MAX MIN AVG DEP HDD CDD  WTR  SNW DPTH SPD SPD DIR MIN PSBL S-S WX    SPD DR
================================================================================

 1  89  72  81   6   0  16 0.00  0.0    0  5.1 14 150   M    M   2        23 240
 2  91  72  82   6   0  17 0.96  0.0    0  3.7 15  30   M    M   3 18     26 160
 3  87  69  78   2   0  13 1.78  0.0    0  2.8 12 320   M    M   3 18     25 280
 4  74  65  70  -6   0   5 0.14  0.0    0  5.4 14 310   M    M   7 1      25 290
 5  81  63  72  -4   0   7 0.00  0.0    0  6.8 15 290   M    M   0        24 310
 6  84  66  75  -1   0  10 0.00  0.0    0  4.9 17 250   M    M   0        23 250
 7  90  72  81   5   0  16 0.04  0.0    0  5.7 14 260   M    M   2 1      25 240
 8  91  71  81   5   0  16 0.39  0.0    0  4.6 15 240   M    M   2 18     33 260
 9  88  71  80   4   0  15 0.09  0.0    0  4.3 13 250   M    M   2 18     20 330
10  83  72  78   2   0  13 0.00  0.0    0  2.9 10  80   M    M   3        17 170
11  86  71  79   3   0  14 0.00  0.0    0  4.0 10  70   M    M   3        14  80
12  85  71  78   1   0  13 0.00  0.0    0  3.3 10 180   M    M   2        20 200
13  83  72  78   1   0  13 0.03  0.0    0  5.2  9 160   M    M   3        16 250
14  84  72  78   1   0  13 0.46  0.0    0  4.5 12 180   M    M   3 18     21 280
15  86  72  79   2   0  14 1.30  0.0    0  2.7 13 280   M    M   7 138    19 290
16  81  68  75  -2   0  10    T  0.0    0  3.7 10  20   M    M   5 1      16 290
17  81  67  74  -3   0   9 0.00  0.0    0  4.0 10 290   M    M   2        16 290
18  81  64  73  -4   0   8 0.00  0.0    0  4.1  9  30   M    M   0         M  M
19  76  68  72  -5   0   7 0.00  0.0    0  5.2  7  80   M    M   0         M  M
20  80  66  73  -4   0   8 0.00  0.0    0  4.0 12  10   M    M   0        15  50
21  85  67  76  -1   0  11 0.00  0.0    0  1.9  8 260   M    M   1        14 250
22  86  71  79   2   0  14 0.00  0.0    0  3.7 12 240   M    M   1        20 240
23  88  72  80   3   0  15 0.19  0.0    0  5.0 16 260   M    M   4 1      25 240
24  80  70  75  -2   0  10 0.00  0.0    0  4.8 10 360   M    M   6        16  50
25  82  66  74  -3   0   9 0.00  0.0    0 99.0 99  99   M    M   1        99  99
26  81  69  75  -2   0  10 0.00  0.0    0  4.2  9 250   M    M   3        18 180
27  85  71  78   1   0  13 0.02  0.0    0  3.3 12 230   M    M   4 1      17 230
28  82  68  75  -2   0  10 0.19  0.0    0  7.3 16 290   M    M   4 1      28 260
29  76  64  70  -7   0   5 0.00  0.0    0  5.0 14 300   M    M   3        22 280
30  80  63  72  -5   0   7 0.00  0.0    0  2.8 10 240   M    M   3        14 180
31  82  68  75  -2   0  10 0.00  0.0    0  3.3 12 250   M    M   4        20 240
================================================================================
SM 2588 2133         0 351  5.59     0.0 227.2          M       83
================================================================================
AV 83.5 68.8                               7.3 FASTST   M    M   3    MAX(MPH)
                                 MISC ---->  # 99  99               # 99   99
================================================================================
NOTES:
# LAST OF SEVERAL OCCURRENCES

COLUMN 17 PEAK WIND IN M.P.H.

PRELIMINARY LOCAL CLIMATOLOGICAL DATA (WS FORM: F-6) , PAGE 2

                                          STATION:  CENTRAL PARK NY
                                          MONTH:    JULY
                                          YEAR:     2014
                                          LATITUDE:   40 46 N
                                          LONGITUDE:  73 58 W

[TEMPERATURE DATA]      [PRECIPITATION DATA]       SYMBOLS USED IN COLUMN 16

AVERAGE MONTHLY: 76.1   TOTAL FOR MONTH:   5.59    1 = FOG OR MIST
DPTR FM NORMAL:  -0.4   DPTR FM NORMAL:    0.99    2 = FOG REDUCING VISIBILITY
HIGHEST:    91 ON  8, 2 GRTST 24HR  1.88 ON  3- 4      TO 1/4 MILE OR LESS
LOWEST:     63 ON 30, 5                            3 = THUNDER
                        SNOW, ICE PELLETS, HAIL    4 = ICE PELLETS
                        TOTAL MONTH:   0.0 INCH    5 = HAIL
                        GRTST 24HR     0.0         6 = FREEZING RAIN OR DRIZZLE
                        GRTST DEPTH:   0           7 = DUSTSTORM OR SANDSTORM:
                                                       VSBY 1/2 MILE OR LESS
                                                   8 = SMOKE OR HAZE
[NO. OF DAYS WITH]      [WEATHER - DAYS WITH]      9 = BLOWING SNOW
                                                   X = TORNADO
MAX 32 OR BELOW:   0    0.01 INCH OR MORE:  12
MAX 90 OR ABOVE:   3    0.10 INCH OR MORE:   8
MIN 32 OR BELOW:   0    0.50 INCH OR MORE:   3
MIN  0 OR BELOW:   0    1.00 INCH OR MORE:   2

[HDD (BASE 65) ]
TOTAL THIS MO.     0    CLEAR  (SCALE 0-3)  22
DPTR FM NORMAL     0    PTCLDY (SCALE 4-7)   9
TOTAL FM JUL 1     0    CLOUDY (SCALE 8-10)  0
DPTR FM NORMAL     0

[CDD (BASE 65) ]
TOTAL THIS MO.   351
DPTR FM NORMAL    -4    [PRESSURE DATA]
TOTAL FM JAN 1   637    HIGHEST SLP M ON M
DPTR FM NORMAL     1    LOWEST  SLP 29.52 ON 28

[REMARKS]
#FINAL-07-14#




U.S. Dept. of Commerce
NOAA National Weather Service
1325 East West Highway
Silver Spring, MD 20910
E-mail: w-nws.webmaster@noaa.gov
Page last modified: May 16, 2007
NATIONAL WEATHER SERVICE: for Safety, for Work, for Fun - FOR LIFE