400
CXUS51 KOKX 270701
CF6NYC
PRELIMINARY LOCAL CLIMATOLOGICAL DATA (WS FORM: F-6)

                                          STATION:   CENTRAL PARK NY
                                          MONTH:     NOVEMBER
                                          YEAR:      2014
                                          LATITUDE:   40 46 N
                                          LONGITUDE:  73 58 W

  TEMPERATURE IN F:       :PCPN:    SNOW:  WIND      :SUNSHINE: SKY     :PK WND
================================================================================
1   2   3   4   5  6A  6B    7    8   9   10  11  12  13   14  15   16   17  18
                                     12Z  AVG MX 2MIN
DY MAX MIN AVG DEP HDD CDD  WTR  SNW DPTH SPD SPD DIR MIN PSBL S-S WX    SPD DR
================================================================================

 1  47  42  45  -7  20   0 0.35  0.0    0  9.0 21  30   M    M  10        31  20
 2  48  41  45  -7  20   0 0.00  0.0    0 10.8 21 350   M    M   5        36  20
 3  61  39  50  -2  15   0 0.00  0.0    0  5.9 16 280   M    M   3        26 260
 4  68  53  61  10   4   0 0.00  0.0    0  4.7 13 230   M    M   3        22 240
 5  64  56  60   9   5   0 0.00  0.0    0  4.4 14 290   M    M   0        21 240
 6  57  48  53   2  12   0 0.37  0.0    0  3.1  9  70   M    M  10 18     15 240
 7  53  40  47  -3  18   0 0.00  0.0    0  7.3 17 310   M    M   6 1      31 310
 8  48  36  42  -8  23   0 0.00  0.0    0  6.0 16 280   M    M   0        22 280
 9  57  46  52   2  13   0 0.00  0.0    0  2.7 14 250   M    M   4        22 250
10  61  44  53   3  12   0 0.00  0.0    0  2.5  9 250   M    M   0        13 180
11  64  49  57   8   8   0 0.00  0.0    0  3.4 10 170   M    M   5 18     19 180
12  65  47  56   7   9   0 0.00  0.0    0  2.7 10 350   M    M   6 18     22 300
13  48  36  42  -7  23   0 0.20    T    0  3.6  9 280   M    M   5 1      15 280
14  42  35  39  -9  26   0 0.06    T    0  7.2 14 300   M    M   4 1      24 300
15  42  33  38 -10  27   0 0.00  0.0    0  3.6 12 300   M    M   0        20 290
16  45  35  40  -8  25   0 0.03  0.0    0  3.8 10 260   M    M   8        18 250
17  52  40  46  -1  19   0 1.54  0.0    0  3.7 14 280   M    M  10 1      22 290
18  45  24  35 -12  30   0 0.00  0.0    0 10.0 22 280   M    M   1        33 290
19  36  22  29 -18  36   0 0.00  0.0    0  7.1 16 250   M    M   1        25 250
20  45  31  38  -8  27   0 0.00  0.0    0  7.2 17 290   M    M   4        28 270
21  37  28  33 -13  32   0 0.00  0.0    0  7.7 17 290   M    M   0        26 320
22  44  28  36 -10  29   0 0.00  0.0    0  5.0 15 240   M    M   2        26 260
23  57  43  50   5  15   0 0.00  0.0    0  3.9 14 260   M    M   4        23 240
24  69  53  61  16   4   0 0.70  0.0    0  5.4 17 180   M    M   6 18     32 170
25  68  51  60  15   5   0 0.00  0.0    0  5.1 14 280   M    M   1        23 270
26  51  34  43  -1  22   0 1.24  0.2    0  8.8 18  40   M    M   9 1      34  30
================================================================================
SM 1374 1034       479   0  4.49     0.2 144.6          M      107
================================================================================
AV 52.8 39.8                               5.6 FASTST   M    M   4    MAX(MPH)
                                 MISC ---->  # 22 280               # 36   20
================================================================================
NOTES:
# LAST OF SEVERAL OCCURRENCES

COLUMN 17 PEAK WIND IN M.P.H.

PRELIMINARY LOCAL CLIMATOLOGICAL DATA (WS FORM: F-6) , PAGE 2

                                          STATION:  CENTRAL PARK NY
                                          MONTH:    NOVEMBER
                                          YEAR:     2014
                                          LATITUDE:   40 46 N
                                          LONGITUDE:  73 58 W

[TEMPERATURE DATA]      [PRECIPITATION DATA]       SYMBOLS USED IN COLUMN 16

AVERAGE MONTHLY: 46.3   TOTAL FOR MONTH:   4.49    1 = FOG OR MIST
DPTR FM NORMAL:  -2.1   DPTR FM NORMAL:    1.03    2 = FOG REDUCING VISIBILITY
HIGHEST:    69 ON 24    GRTST 24HR  1.57 ON 16-17      TO 1/4 MILE OR LESS
LOWEST:     22 ON 19                               3 = THUNDER
                        SNOW, ICE PELLETS, HAIL    4 = ICE PELLETS
                        TOTAL MONTH:   0.2 INCH    5 = HAIL
                        GRTST 24HR   0.2 ON   M    6 = FREEZING RAIN OR DRIZZLE
                        GRTST DEPTH:   0           7 = DUSTSTORM OR SANDSTORM:
                                                       VSBY 1/2 MILE OR LESS
                                                   8 = SMOKE OR HAZE
[NO. OF DAYS WITH]      [WEATHER - DAYS WITH]      9 = BLOWING SNOW
                                                   X = TORNADO
MAX 32 OR BELOW:   0    0.01 INCH OR MORE:   8
MAX 90 OR ABOVE:   0    0.10 INCH OR MORE:   6
MIN 32 OR BELOW:   5    0.50 INCH OR MORE:   3
MIN  0 OR BELOW:   0    1.00 INCH OR MORE:   2

[HDD (BASE 65) ]
TOTAL THIS MO.   479    CLEAR  (SCALE 0-3)  11
DPTR FM NORMAL    46    PTCLDY (SCALE 4-7)  11
TOTAL FM JUL 1   680    CLOUDY (SCALE 8-10)  4
DPTR FM NORMAL   -66

[CDD (BASE 65) ]
TOTAL THIS MO.     0
DPTR FM NORMAL     0    [PRESSURE DATA]
TOTAL FM JAN 1  1128    HIGHEST SLP M ON M
DPTR FM NORMAL    24    LOWEST  SLP 29.50 ON 17

[REMARKS]




U.S. Dept. of Commerce
NOAA National Weather Service
1325 East West Highway
Silver Spring, MD 20910
E-mail: w-nws.webmaster@noaa.gov
Page last modified: May 16, 2007
NATIONAL WEATHER SERVICE: for Safety, for Work, for Fun - FOR LIFE