731
CXUS51 KOKX 270701
CF6NYC
PRELIMINARY LOCAL CLIMATOLOGICAL DATA (WS FORM: F-6)

                                          STATION:   CENTRAL PARK NY
                                          MONTH:     JANUARY
                                          YEAR:      2015
                                          LATITUDE:   40 46 N
                                          LONGITUDE:  73 58 W

  TEMPERATURE IN F:       :PCPN:    SNOW:  WIND      :SUNSHINE: SKY     :PK WND
================================================================================
1   2   3   4   5  6A  6B    7    8   9   10  11  12  13   14  15   16   17  18
                                     12Z  AVG MX 2MIN
DY MAX MIN AVG DEP HDD CDD  WTR  SNW DPTH SPD SPD DIR MIN PSBL S-S WX    SPD DR
================================================================================

 1  39  27  33   0  32   0 0.00  0.0    0  7.1 17 260   M    M   0        31 250
 2  42  35  39   6  26   0 0.00  0.0    0  7.1 15 260   M    M   2        25 310
 3  42  33  38   5  27   0 0.71    T    0  6.4 12  80   M    M   6 18     18  70
 4  56  41  49  16  16   0 0.30  0.0    0  6.4 29 280   M    M   9 1      46 260
 5  49  21  35   2  30   0 0.00  0.0    0 10.5 24 280   M    M   2        38 300
 6  22  19  21 -12  44   0 0.05  0.5    0  4.1 14 320   M    M   5 8      24 280
 7  23   9  16 -17  49   0 0.00  0.0    1 12.7 22 310   M    M   2        39 300
 8  21   8  15 -18  50   0 0.00  0.0    T  8.8 18 310   M    M   0        31 310
 9  33  19  26  -6  39   0 0.07  1.5    T  8.8 21 280   M    M   5 8      30 290
10  23  16  20 -12  45   0 0.00  0.0    1  8.1 18 250   M    M   0        25 230
11  37  18  28  -4  37   0 0.00  0.0    1  6.0 14 230   M    M   3        24 250
12  39  35  37   5  28   0 0.36    T    T  3.9 12 260   M    M  10 14     20 260
13  36  17  27  -5  38   0 0.00  0.0    0  8.6 18  30   M    M   4        25  40
14  32  16  24  -8  41   0 0.00  0.0    0  6.2 14  70   M    M   6        17  80
15  35  25  30  -2  35   0 0.00  0.0    0  4.7 15 250   M    M   4        20 290
16  43  20  32   0  33   0 0.00  0.0    0  9.8 21 310   M    M   3 8      32 320
17  32  17  25  -7  40   0 0.00  0.0    0  6.1 14 310   M    M   0        23 190
18  42  31  37   5  28   0 2.10  0.0    0  3.9 10 270   M    M   8 12     20 210
19  42  36  39   7  26   0 0.00  0.0    0  7.6 16 290   M    M   8        33 270
20  40  32  36   4  29   0 0.00  0.0    0  5.7 13 290   M    M   6        20 280
21  36  25  31  -1  34   0 0.00  0.0    0  4.3 10 350   M    M   5        15  20
22  40  31  36   4  29   0 0.00  0.0    0  5.5 14 310   M    M   6 8      21 310
23  39  28  34   2  31   0 0.00  0.0    0  5.6 14 250   M    M   1        19 250
24  39  33  36   4  29   0 0.72  2.5    3  6.0 14 290   M    M   8 18     24 290
25  42  31  37   5  28   0 0.00  0.0    2  6.3 17 250   M    M   4        30 260
26  31  22  27  -6  38   0 0.48  5.5    2 12.8 23  60   M    M  10 128    34  50
================================================================================
SM  955  645       882   0  4.79    10.0 183.0          M      117
================================================================================
AV 36.7 24.8                               7.0 FASTST   M    M   5    MAX(MPH)
                                 MISC ---->  # 29 280               # 46  260
================================================================================
NOTES:
# LAST OF SEVERAL OCCURRENCES

COLUMN 17 PEAK WIND IN M.P.H.

PRELIMINARY LOCAL CLIMATOLOGICAL DATA (WS FORM: F-6) , PAGE 2

                                          STATION:  CENTRAL PARK NY
                                          MONTH:    JANUARY
                                          YEAR:     2015
                                          LATITUDE:   40 46 N
                                          LONGITUDE:  73 58 W

[TEMPERATURE DATA]      [PRECIPITATION DATA]       SYMBOLS USED IN COLUMN 16

AVERAGE MONTHLY: 30.8   TOTAL FOR MONTH:   4.79    1 = FOG OR MIST
DPTR FM NORMAL:  -1.6   DPTR FM NORMAL:    1.70    2 = FOG REDUCING VISIBILITY
HIGHEST:    56 ON  4    GRTST 24HR  2.10 ON 18-18      TO 1/4 MILE OR LESS
LOWEST:      8 ON  8                               3 = THUNDER
                        SNOW, ICE PELLETS, HAIL    4 = ICE PELLETS
                        TOTAL MONTH:  10.0 INCHES  5 = HAIL
                        GRTST 24HR   5.5 ON 26-26  6 = FREEZING RAIN OR DRIZZLE
                        GRTST DEPTH:   3 ON 24     7 = DUSTSTORM OR SANDSTORM:
                                                       VSBY 1/2 MILE OR LESS
                                                   8 = SMOKE OR HAZE
[NO. OF DAYS WITH]      [WEATHER - DAYS WITH]      9 = BLOWING SNOW
                                                   X = TORNADO
MAX 32 OR BELOW:   7    0.01 INCH OR MORE:   8
MAX 90 OR ABOVE:   0    0.10 INCH OR MORE:   6
MIN 32 OR BELOW:  20    0.50 INCH OR MORE:   3
MIN  0 OR BELOW:   0    1.00 INCH OR MORE:   1

[HDD (BASE 65) ]
TOTAL THIS MO.   882    CLEAR  (SCALE 0-3)  10
DPTR FM NORMAL    35    PTCLDY (SCALE 4-7)  12
TOTAL FM JUL 1  2418    CLOUDY (SCALE 8-10)  4
DPTR FM NORMAL  -114

[CDD (BASE 65) ]
TOTAL THIS MO.     0
DPTR FM NORMAL     0    [PRESSURE DATA]
TOTAL FM JAN 1     0    HIGHEST SLP M ON M
DPTR FM NORMAL     0    LOWEST  SLP 29.28 ON 24

[REMARKS]




U.S. Dept. of Commerce
NOAA National Weather Service
1325 East West Highway
Silver Spring, MD 20910
E-mail: w-nws.webmaster@noaa.gov
Page last modified: May 16, 2007
NATIONAL WEATHER SERVICE: for Safety, for Work, for Fun - FOR LIFE