403
CXUS51 KOKX 310701
CF6NYC
PRELIMINARY LOCAL CLIMATOLOGICAL DATA (WS FORM: F-6)

                                          STATION:   CENTRAL PARK NY
                                          MONTH:     AUGUST
                                          YEAR:      2014
                                          LATITUDE:   40 46 N
                                          LONGITUDE:  73 58 W

  TEMPERATURE IN F:       :PCPN:    SNOW:  WIND      :SUNSHINE: SKY     :PK WND
================================================================================
1   2   3   4   5  6A  6B    7    8   9   10  11  12  13   14  15   16   17  18
                                     12Z  AVG MX 2MIN
DY MAX MIN AVG DEP HDD CDD  WTR  SNW DPTH SPD SPD DIR MIN PSBL S-S WX    SPD DR
================================================================================

 1  84  71  78   2   0  13 0.00  0.0    0  3.7 12 160   M    M   2 8      20 160
 2  74  63  69  -7   0   4 0.41  0.0    0  6.1 17  60   M    M   7 1      24  80
 3  76  66  71  -5   0   6 0.07  0.0    0  2.2  9  60   M    M   8 18     12  60
 4  84  70  77   1   0  12 0.00  0.0    0  3.4  9 180   M    M   4 18     15 170
 5  90  71  81   5   0  16 0.00  0.0    0  2.4 12 260   M    M   1        16 260
 6  83  70  77   1   0  12 0.00  0.0    0  3.0 15  40   M    M   1        23  40
 7  83  66  75  -1   0  10 0.00  0.0    0  4.2 13 360   M    M   1        22 350
 8  83  65  74  -2   0   9 0.00  0.0    0  3.1  9  10   M    M   1        14  10
 9  87  66  77   1   0  12 0.00  0.0    0  2.9  9 340   M    M   0        15  40
10  88  68  78   2   0  13 0.00  0.0    0  2.9  8 240   M    M   1        14 240
11  87  71  79   3   0  14 0.00  0.0    0  3.1  9 200   M    M   1        19 170
12  79  70  75  -1   0  10 0.19  0.0    0  5.8 15 140   M    M   6 18     26 170
13  82  68  75  -1   0  10 0.53  0.0    0  5.5 16 140   M    M   7 1      30 170
14  77  63  70  -6   0   5 0.00  0.0    0  4.6 13 280   M    M   1        20 250
15  73  61  67  -9   0   2 0.00  0.0    0  5.4 13 280   M    M   5        20 260
16  78  63  71  -4   0   6 0.00  0.0    0  4.0 10 260   M    M   0        23 250
17  82  66  74  -1   0   9 0.01  0.0    0  3.6 12 250   M    M   4        20 270
18  81  63  72  -3   0   7 0.00  0.0    0  4.5  9 300   M    M   1 8      17 290
19  83  63  73  -2   0   8 0.00  0.0    0  3.9  9  60   M    M   1 8      14 180
20  84  70  77   2   0  12 0.00  0.0    0  2.2 10 150   M    M   3 8      14 160
21  83  65  74  -1   0   9 0.35  0.0    0  3.5 12 160   M    M   5 1      19 160
22  79  65  72  -3   0   7 0.06  0.0    0  4.7 10 110   M    M   9 1      14 140
23  77  67  72  -2   0   7 0.01  0.0    0  4.6 13  60   M    M   8        18  70
24  80  64  72  -2   0   7 0.00  0.0    0  3.2 10  60   M    M   1        16  20
25  88  64  76   2   0  11 0.00  0.0    0  2.6 10  60   M    M   0        14 350
26  89  70  80   6   0  15 0.00  0.0    0  2.3  7 240   M    M   0 8      14 170
27  90  70  80   6   0  15 0.00  0.0    0  3.3 10  50   M    M   1        19 180
28  82  66  74   0   0   9 0.00  0.0    0  5.4 13 300   M    M   1        21 280
29  80  61  71  -2   0   6 0.00  0.0    0  3.3 12  60   M    M   1        18  50
30  80  65  73   0   0   8 0.00  0.0    0  2.2  8 180   M    M   6        17 180
================================================================================
SM 2466 1991         0 284  1.63     0.0 111.6          M       87
================================================================================
AV 82.2 66.4                               3.7 FASTST   M    M   3    MAX(MPH)
                                 MISC ---->  # 17  60               # 30  170
================================================================================
NOTES:
# LAST OF SEVERAL OCCURRENCES

COLUMN 17 PEAK WIND IN M.P.H.

PRELIMINARY LOCAL CLIMATOLOGICAL DATA (WS FORM: F-6) , PAGE 2

                                          STATION:  CENTRAL PARK NY
                                          MONTH:    AUGUST
                                          YEAR:     2014
                                          LATITUDE:   40 46 N
                                          LONGITUDE:  73 58 W

[TEMPERATURE DATA]      [PRECIPITATION DATA]       SYMBOLS USED IN COLUMN 16

AVERAGE MONTHLY: 74.3   TOTAL FOR MONTH:   1.63    1 = FOG OR MIST
DPTR FM NORMAL:  -0.9   DPTR FM NORMAL:   -2.69    2 = FOG REDUCING VISIBILITY
HIGHEST:    90 ON 27, 5 GRTST 24HR  0.72 ON 12-13      TO 1/4 MILE OR LESS
LOWEST:     61 ON 29,15                            3 = THUNDER
                        SNOW, ICE PELLETS, HAIL    4 = ICE PELLETS
                        TOTAL MONTH:   0.0 INCH    5 = HAIL
                        GRTST 24HR     0.0         6 = FREEZING RAIN OR DRIZZLE
                        GRTST DEPTH:   0           7 = DUSTSTORM OR SANDSTORM:
                                                       VSBY 1/2 MILE OR LESS
                                                   8 = SMOKE OR HAZE
[NO. OF DAYS WITH]      [WEATHER - DAYS WITH]      9 = BLOWING SNOW
                                                   X = TORNADO
MAX 32 OR BELOW:   0    0.01 INCH OR MORE:   8
MAX 90 OR ABOVE:   2    0.10 INCH OR MORE:   4
MIN 32 OR BELOW:   0    0.50 INCH OR MORE:   1
MIN  0 OR BELOW:   0    1.00 INCH OR MORE:   0

[HDD (BASE 65) ]
TOTAL THIS MO.     0    CLEAR  (SCALE 0-3)  19
DPTR FM NORMAL     0    PTCLDY (SCALE 4-7)  10
TOTAL FM JUL 1     0    CLOUDY (SCALE 8-10)  1
DPTR FM NORMAL     0

[CDD (BASE 65) ]
TOTAL THIS MO.   284
DPTR FM NORMAL   -24    [PRESSURE DATA]
TOTAL FM JAN 1   921    HIGHEST SLP M ON M
DPTR FM NORMAL   -23    LOWEST  SLP 29.65 ON 13

[REMARKS]




U.S. Dept. of Commerce
NOAA National Weather Service
1325 East West Highway
Silver Spring, MD 20910
E-mail: w-nws.webmaster@noaa.gov
Page last modified: May 16, 2007
NATIONAL WEATHER SERVICE: for Safety, for Work, for Fun - FOR LIFE