040
CXUS56 KMTR 011000
CF6NUQ
PRELIMINARY LOCAL CLIMATOLOGICAL DATA (WS FORM: F-6)

                                          STATION:   MOFFETT FIELD
                                          MONTH:     JULY
                                          YEAR:      2014
                                          LATITUDE:   37 25 N
                                          LONGITUDE: 122  3 W

  TEMPERATURE IN F:       :PCPN:    SNOW:  WIND      :SUNSHINE: SKY     :PK WND
================================================================================
1   2   3   4   5  6A  6B    7    8   9   10  11  12  13   14  15   16   17  18
                                     12Z  AVG MX 2MIN
DY MAX MIN AVG DEP HDD CDD  WTR  SNW DPTH SPD SPD DIR MIN PSBL S-S WX    SPD DR
================================================================================

 1  76  61  69   1   0   4 0.00  0.0    0  8.5 20 340   M    M   2        24 350
 2  77  60  69   1   0   4 0.00  0.0    0  8.9 24 350   M    M   3 8      29 330
 3  75  57  66  -2   0   1 0.00  0.0    0  7.1 18 340   M    M   0        22 350
 4  74  57  66  -2   0   1 0.00  0.0    0  6.9 18 340   M    M   1        22 360
 5  78  56  67  -1   0   2 0.00  0.0    0  5.6 14 330   M    M   2 1      17 310
 6  77  55  66  -2   0   1 0.00  0.0    0  6.1 14 350   M    M   1        18 320
 7  80  58  69   1   0   4 0.00  0.0    0  5.4 17 350   M    M   2        21 360
 8  76  60  68   0   0   3 0.00  0.0    0  7.8 18 340   M    M   2        22 350
 9  77  59  68   0   0   3 0.00  0.0    0  7.7 17 350   M    M   3 8      23 350
10  77  59  68   0   0   3 0.00  0.0    0  8.5 18 350   M    M   0 8      22 350
11  75  59  67  -1   0   2 0.00  0.0    0  8.5 22 340   M    M   1 8      25 350
12  71  60  66  -2   0   1 0.00  0.0    0  8.0 20 350   M    M   5        23 350
13  73  58  66  -2   0   1 0.00  0.0    0  5.8 13 320   M    M   4        18 320
14  81  62  72   4   0   7 0.00  0.0    0  4.8 14 340   M    M   0        18 350
15  80  61  71   3   0   6 0.00  0.0    0  8.1 20 340   M    M   2        23 350
16  80  64  72   4   0   7 0.00  0.0    0  9.3 25 340   M    M   2        29 350
17  79  62  71   3   0   6 0.00  0.0    0  8.5 25 350   M    M   0        28 350
18  74  62  68   0   0   3 0.00  0.0    0  9.3 21 350   M    M   3        24 350
19  76  63  70   2   0   5 0.00  0.0    0  8.0 21 350   M    M   4        25 350
20  78  64  71   3   0   6 0.00  0.0    0  9.9 22 350   M    M   4        26 350
21  78  64  71   3   0   6 0.00  0.0    0  8.6 22 340   M    M   4        26 350
22  79  64  72   4   0   7    T  0.0    0  6.5 20 350   M    M   5        24 270
23  77  62  70   2   0   5 0.00  0.0    0  7.1 22 350   M    M   2        29 340
24  85  61  73   5   0   8 0.00  0.0    0  6.9 21 350   M    M   1        23 350
25  95  62  79  11   0  14 0.00  0.0    0  4.8 20 340   M    M   0        23 340
26  84  63  74   6   0   9 0.00  0.0    M  6.2 17 340   M    M   0        21 340
27  85  63  74   6   0   9    T  0.0    0  6.9 15 340   M    M   1        20 340
28  79  61  70   2   0   5 0.00  0.0    0  5.3 16 340   M    M   0        21 350
29  80  63  72   4   0   7 0.00  0.0    0  6.5 15 340   M    M   1        18 350
30  80  63  72   4   0   7 0.00  0.0    0  6.4 17 340   M    M   4        21 350
31  78  62  70   2   0   5 0.00  0.0    0  5.4 14 350   M    M   4        18 350
================================================================================
SM 2434 1885         0 152    T      0.0 223.3          M       63
================================================================================
AV 78.5 60.8                               7.2 FASTST   M    M   2    MAX(MPH)
                                 MISC ---->  # 25 340               # 29  330
================================================================================
NOTES:
# LAST OF SEVERAL OCCURRENCES

COLUMN 17 PEAK WIND IN M.P.H.

PRELIMINARY LOCAL CLIMATOLOGICAL DATA (WS FORM: F-6) , PAGE 2

                                          STATION:  MOFFETT FIELD
                                          MONTH:    JULY
                                          YEAR:     2014
                                          LATITUDE:   37 25 N
                                          LONGITUDE: 122  3 W

[TEMPERATURE DATA]      [PRECIPITATION DATA]       SYMBOLS USED IN COLUMN 16

AVERAGE MONTHLY: 69.7   TOTAL FOR MONTH:      T    1 = FOG OR MIST
DPTR FM NORMAL:   1.6   DPTR FM NORMAL:   -0.02    2 = FOG REDUCING VISIBILITY
HIGHEST:    95 ON 25    GRTST 24HR    T  ON 27-27      TO 1/4 MILE OR LESS
LOWEST:     55 ON  6                               3 = THUNDER
                        SNOW, ICE PELLETS, HAIL    4 = ICE PELLETS
                        TOTAL MONTH:   0.0 INCH    5 = HAIL
                        GRTST 24HR     0.0         6 = FREEZING RAIN OR DRIZZLE
                        GRTST DEPTH:   0           7 = DUSTSTORM OR SANDSTORM:
                                                       VSBY 1/2 MILE OR LESS
                                                   8 = SMOKE OR HAZE
[NO. OF DAYS WITH]      [WEATHER - DAYS WITH]      9 = BLOWING SNOW
                                                   X = TORNADO
MAX 32 OR BELOW:   0    0.01 INCH OR MORE:   0
MAX 90 OR ABOVE:   1    0.10 INCH OR MORE:   0
MIN 32 OR BELOW:   0    0.50 INCH OR MORE:   0
MIN  0 OR BELOW:   0    1.00 INCH OR MORE:   0

[HDD (BASE 65) ]
TOTAL THIS MO.     0    CLEAR  (SCALE 0-3)  22
DPTR FM NORMAL    -9    PTCLDY (SCALE 4-7)   9
TOTAL FM JUL 1     0    CLOUDY (SCALE 8-10)  0
DPTR FM NORMAL    -9

[CDD (BASE 65) ]
TOTAL THIS MO.   152
DPTR FM NORMAL    47    [PRESSURE DATA]
TOTAL FM JAN 1   316    HIGHEST SLP M ON M
DPTR FM NORMAL    90    LOWEST  SLP 29.80 ON  1

[REMARKS]
#FINAL-07-14#




U.S. Dept. of Commerce
NOAA National Weather Service
1325 East West Highway
Silver Spring, MD 20910
E-mail: w-nws.webmaster@noaa.gov
Page last modified: May 16, 2007
NATIONAL WEATHER SERVICE: for Safety, for Work, for Fun - FOR LIFE