062
CXUS53 KBIS 310728
CF6N60
PRELIMINARY LOCAL CLIMATOLOGICAL DATA (WS FORM: F-6)

                                          STATION:   GARRISON (AMOS) ND
                                          MONTH:     JULY
                                          YEAR:      2014
                                          LATITUDE:   47 39 N
                                          LONGITUDE: 101 23 W

  TEMPERATURE IN F:       :PCPN:    SNOW:  WIND      :SUNSHINE: SKY     :PK WND
================================================================================
1   2   3   4   5  6A  6B    7    8   9   10  11  12  13   14  15   16   17  18
                                     12Z  AVG MX 2MIN
DY MAX MIN AVG DEP HDD CDD  WTR  SNW DPTH SPD SPD DIR MIN PSBL S-S WX    SPD DR
================================================================================

 1  67  48  58   M   7   0 0.00    M    M 17.7 33 340   M    M   0        42 320
 2  71  43  57   M   8   0 0.00    M    M  4.1 12 320   M    M   0        14 320
 3  76  50  63   M   2   0 0.00    M    M  8.1 15 120   M    M   0        21 140
 4  88  58  73   M   0   8 0.00    M    M  8.3 17 200   M    M   0        22 200
 5  89  61  75   M   0  10 0.00    M    M  5.6 18 280   M    M   0        24 280
 6  82  63  73   M   0   8 0.07    M    M 12.6 22 350   M    M   0        27 310
 7  71  56  64   M   1   0 0.16    M    M 11.0 36 310   M    M   0        43 310
 8  76  57  67   M   0   2 0.00    M    M 12.5 21 320   M    M   0        26 310
 9  77  51  64   M   1   0 0.00    M    M  6.0 10 170   M    M   0        13 140
10  80  62  71   M   0   6 0.00    M    M  8.7 18 180   M    M   0        22 180
11  80  61  71   M   0   6 0.00    M    M  7.4 15 320   M    M   0        19 350
12  80  54  67   M   0   2 0.00    M    M  8.7 23 320   M    M   0        32 330
13  73  50  62   M   3   0 0.00    M    M 14.1 26 320   M    M   0        35 320
14  68  47  58   M   7   0 0.00    M    M  9.4 21 350   M    M   0        27 350
15  75  48  62   M   3   0 0.00    M    M  4.1 10  60   M    M   0        12  40
16  77  51  64   M   1   0 0.00    M    M  3.8 10 210   M    M   0        15 230
17  83  56  70   M   0   5 0.00    M    M  6.5 13 170   M    M   0        18 170
18  81  54  68   M   0   3 0.00    M    M  9.7 25 310   M    M   0        32 310
19  80  48  64   M   1   0 0.00    M    M  7.7 16 170   M    M   0        21 180
20  91  60  76   M   0  11 0.00    M    M  6.6 16 290   M    M   0        24 310
21  81  62  72   M   0   7 0.20    M    M  8.4 24 360   M    M   0        33 360
22  80  54  67   M   0   2 0.00    M    M  4.3  9 330   M    M   0        12  80
23  80  64  72   M   0   7 0.23    M    M 10.1 17 140   M    M   0        23 130
24  77  62  70   M   0   5 0.60    M    M 13.0 32 300   M    M   0        42 300
25  77  59  68   M   0   3 0.00    M    M  7.6 20 290   M    M   0        25 300
26  72  52  62   M   3   0 0.00    M    M 15.5 30 280   M    M   0        41 280
27  70  52  61   M   4   0 0.00    M    M  8.9 16 340   M    M   0        23 340
28  75  47  61   M   4   0 0.00    M    M  2.5  9 150   M    M   M        12 150
29  79  53  66   M   0   1 0.00    M    M  2.9 21  70   M    M   M        29  60
30  80  54  67   M   0   2 0.00    M    M  2.7  9 190   M    M   M        11 200
================================================================================
SM 2336 1637        45  88  1.26    M    248.5          M        0
================================================================================
AV 77.9 54.6                               8.3 FASTST   M    M   0    MAX(MPH)
                                 MISC ---->  # 36 310               # 43  310
================================================================================
NOTES:
# LAST OF SEVERAL OCCURRENCES

COLUMN 17 PEAK WIND IN M.P.H.

PRELIMINARY LOCAL CLIMATOLOGICAL DATA (WS FORM: F-6) , PAGE 2

                                          STATION:  GARRISON (AMOS) ND
                                          MONTH:    JULY
                                          YEAR:     2014
                                          LATITUDE:   47 39 N
                                          LONGITUDE: 101 23 W

[TEMPERATURE DATA]      [PRECIPITATION DATA]       SYMBOLS USED IN COLUMN 16

AVERAGE MONTHLY: 66.2   TOTAL FOR MONTH:   1.26    1 = FOG OR MIST
DPTR FM NORMAL:     M   DPTR FM NORMAL:       M    2 = FOG REDUCING VISIBILITY
HIGHEST:    91 ON 20    GRTST 24HR  0.60 ON 24-24      TO 1/4 MILE OR LESS
LOWEST:     43 ON  2                               3 = THUNDER
                        SNOW, ICE PELLETS, HAIL    4 = ICE PELLETS
                        TOTAL MONTH:    M          5 = HAIL
                        GRTST 24HR    M  ON   M    6 = FREEZING RAIN OR DRIZZLE
                        GRTST DEPTH:  M  ON   M    7 = DUSTSTORM OR SANDSTORM:
                                                       VSBY 1/2 MILE OR LESS
                                                   8 = SMOKE OR HAZE
[NO. OF DAYS WITH]      [WEATHER - DAYS WITH]      9 = BLOWING SNOW
                                                   X = TORNADO
MAX 32 OR BELOW:   0    0.01 INCH OR MORE:   5
MAX 90 OR ABOVE:   1    0.10 INCH OR MORE:   4
MIN 32 OR BELOW:   0    0.50 INCH OR MORE:   1
MIN  0 OR BELOW:   0    1.00 INCH OR MORE:   0

[HDD (BASE 65) ]
TOTAL THIS MO.    45    CLEAR  (SCALE 0-3)  27
DPTR FM NORMAL     M    PTCLDY (SCALE 4-7)   0
TOTAL FM JUL 1    45    CLOUDY (SCALE 8-10)  0
DPTR FM NORMAL     M

[CDD (BASE 65) ]
TOTAL THIS MO.    88
DPTR FM NORMAL     M    [PRESSURE DATA]
TOTAL FM JAN 1   153    HIGHEST SLP M ON M
DPTR FM NORMAL     M    LOWEST  SLP 29.62 ON M

[REMARKS]




U.S. Dept. of Commerce
NOAA National Weather Service
1325 East West Highway
Silver Spring, MD 20910
E-mail: w-nws.webmaster@noaa.gov
Page last modified: May 16, 2007
NATIONAL WEATHER SERVICE: for Safety, for Work, for Fun - FOR LIFE