496
CXUS53 KBIS 230726
CF6N60
PRELIMINARY LOCAL CLIMATOLOGICAL DATA (WS FORM: F-6)

                                          STATION:   GARRISON (AMOS) ND
                                          MONTH:     APRIL
                                          YEAR:      2014
                                          LATITUDE:   47 39 N
                                          LONGITUDE: 101 23 W

  TEMPERATURE IN F:       :PCPN:    SNOW:  WIND      :SUNSHINE: SKY     :PK WND
================================================================================
1   2   3   4   5  6A  6B    7    8   9   10  11  12  13   14  15   16   17  18
                                     12Z  AVG MX 2MIN
DY MAX MIN AVG DEP HDD CDD  WTR  SNW DPTH SPD SPD DIR MIN PSBL S-S WX    SPD DR
================================================================================

 1  23  -1  11   M  54   0 0.00    M    M  4.9 13 340   M    M   0        15 350
 2  30   6  18   M  47   0 0.07    M    M  8.7 17 120   M    M   0        23 120
 3  34  23  29   M  36   0 0.11    M    M  8.0 20 350   M    M   0        23 350
 4  36  25  31   M  34   0 0.00    M    M  7.6 16 160   M    M   0        19 160
 5  51  26  39   M  26   0 0.00    M    M  7.1 21 350   M    M   0        26 360
 6  57  28  43   M  22   0 0.00    M    M  7.1 21 350   M    M   0        28 250
 7  54  28  41   M  24   0 0.00    M    M 13.7 33 340   M    M   0        40 340
 8  63  25  44   M  21   0 0.00    M    M  6.4 17 230   M    M   0        21 230
 9  71  37  54   M  11   0 0.00    M    M 15.1 38 340   M    M   0        46 310
10  58  31  45   M  20   0 0.00    M    M 11.2 25 310   M    M   0        33 310
11  57  25  41   M  24   0 0.00    M    M  7.0 21 110   M    M   0        26 100
12  52  30  41   M  24   0 0.00    M    M 18.5 31 320   M    M   0        37 340
13  37  21  29   M  36   0 0.00    M    M 14.2 29 330   M    M   0        36 340
14  31  14  23   M  42   0 0.05    M    M  7.9 21 330   M    M   0        23 340
15  42  18  30   M  35   0 0.00    M    M 17.2 29 110   M    M   0        35 110
16  33  24  29   M  36   0 0.03    M    M 12.6 23 100   M    M   0        28  90
17  44  23  34   M  31   0 0.01    M    M 11.5 17 160   M    M   0        23 140
18  58  31  45   M  20   0 0.02    M    M 19.1 33 130   M    M   0        43 130
19  58  34  46   M  19   0 0.00    M    M 13.4 32 270   M    M   0        39 270
20  73  30  52   M  13   0 0.00    M    M 11.5 30 300   M    M   0        38 300
21  61  33  47   M  18   0 0.00    M    M  8.4 18 340   M    M   0        23 310
22  71  29  50   M  15   0 0.00    M    M 13.0 26 110   M    M   0        34 110
================================================================================
SM 1094  540       608   0  0.29    M    244.1          M        0
================================================================================
AV 49.7 24.5                              11.1 FASTST   M    M   0    MAX(MPH)
                                 MISC ---->  # 38 340               # 46  310
================================================================================
NOTES:
# LAST OF SEVERAL OCCURRENCES

COLUMN 17 PEAK WIND IN M.P.H.

PRELIMINARY LOCAL CLIMATOLOGICAL DATA (WS FORM: F-6) , PAGE 2

                                          STATION:  GARRISON (AMOS) ND
                                          MONTH:    APRIL
                                          YEAR:     2014
                                          LATITUDE:   47 39 N
                                          LONGITUDE: 101 23 W

[TEMPERATURE DATA]      [PRECIPITATION DATA]       SYMBOLS USED IN COLUMN 16

AVERAGE MONTHLY: 37.1   TOTAL FOR MONTH:   0.29    1 = FOG OR MIST
DPTR FM NORMAL:     M   DPTR FM NORMAL:       M    2 = FOG REDUCING VISIBILITY
HIGHEST:    73 ON 20    GRTST 24HR  0.46 ON 31- 1      TO 1/4 MILE OR LESS
LOWEST:     -1 ON  1                               3 = THUNDER
                        SNOW, ICE PELLETS, HAIL    4 = ICE PELLETS
                        TOTAL MONTH:    M          5 = HAIL
                        GRTST 24HR    M  ON   M    6 = FREEZING RAIN OR DRIZZLE
                        GRTST DEPTH:  M  ON   M    7 = DUSTSTORM OR SANDSTORM:
                                                       VSBY 1/2 MILE OR LESS
                                                   8 = SMOKE OR HAZE
[NO. OF DAYS WITH]      [WEATHER - DAYS WITH]      9 = BLOWING SNOW
                                                   X = TORNADO
MAX 32 OR BELOW:   3    0.01 INCH OR MORE:   6
MAX 90 OR ABOVE:   0    0.10 INCH OR MORE:   1
MIN 32 OR BELOW:  19    0.50 INCH OR MORE:   0
MIN  0 OR BELOW:   1    1.00 INCH OR MORE:   0

[HDD (BASE 65) ]
TOTAL THIS MO.   608    CLEAR  (SCALE 0-3)  22
DPTR FM NORMAL     M    PTCLDY (SCALE 4-7)   0
TOTAL FM JUL 1  8955    CLOUDY (SCALE 8-10)  0
DPTR FM NORMAL     M

[CDD (BASE 65) ]
TOTAL THIS MO.     0
DPTR FM NORMAL     M    [PRESSURE DATA]
TOTAL FM JAN 1     0    HIGHEST SLP M ON M
DPTR FM NORMAL     M    LOWEST  SLP 29.51 ON  9

[REMARKS]




U.S. Dept. of Commerce
NOAA National Weather Service
1325 East West Highway
Silver Spring, MD 20910
E-mail: w-nws.webmaster@noaa.gov
Page last modified: May 16, 2007
NATIONAL WEATHER SERVICE: for Safety, for Work, for Fun - FOR LIFE