373
CXUS53 KBIS 010726
CF6N60
PRELIMINARY LOCAL CLIMATOLOGICAL DATA (WS FORM: F-6)

                                          STATION:   GARRISON (AMOS) ND
                                          MONTH:     NOVEMBER
                                          YEAR:      2014
                                          LATITUDE:   47 39 N
                                          LONGITUDE: 101 23 W

  TEMPERATURE IN F:       :PCPN:    SNOW:  WIND      :SUNSHINE: SKY     :PK WND
================================================================================
1   2   3   4   5  6A  6B    7    8   9   10  11  12  13   14  15   16   17  18
                                     12Z  AVG MX 2MIN
DY MAX MIN AVG DEP HDD CDD  WTR  SNW DPTH SPD SPD DIR MIN PSBL S-S WX    SPD DR
================================================================================

 1  50  34  42   M  23   0 0.00    M    M 11.3 24 160   M    M   0        33 160
 2  56  32  44   M  21   0 0.00    M    M  8.0 16 280   M    M   0        20 280
 3  44  30  37   M  28   0 0.00    M    M 12.8 29 300   M    M   0        36 300
 4  47  31  39   M  26   0 0.09    M    M 10.5 20 310   M    M   0        25 300
 5  40  28  34   M  31   0 0.02    M    M 14.4 33 320   M    M   0        43 320
 6  49  24  37   M  28   0 0.01    M    M  8.9 18 180   M    M   0        25 190
 7  56  35  46   M  19   0 0.00    M    M 22.6 40 320   M    M   0        52 310
 8  40  27  34   M  31   0 0.01    M    M  9.4 29 340   M    M   0        34 330
 9  32  22  27   M  38   0 0.03    M    M  6.5 16 340   M    M   0        20 340
10  23   9  16   M  49   0 0.00    M    M 13.6 23 340   M    M   M        28 340
11  18   9  14   M  51   0 0.01    M    M 12.6 20 340   M    M   M        22 330
12  21   6  14   M  51   0 0.00    M    M 17.9 25 330   M    M   M        32 330
13  16   0   8   M  57   0 0.00    M    M  8.9 17 320   M    M   M        20 330
14  15   2   9   M  56   0 0.00    M    M  5.3 10 320   M    M   M        12 160
15  13  -1   6   M  59   0 0.00    M    M 15.2 23 290   M    M   M        29 290
16  22   4  13   M  52   0 0.00    M    M 22.9 41 330   M    M   M        51 320
17  17   3  10   M  55   0 0.00    M    M 18.8 31 340   M    M   0        37 340
18  31   5  18   M  47   0 0.00    M    M 18.4 39 330   M    M   0        49 340
19  22   6  14   M  51   0 0.00    M    M 20.5 35 320   M    M   0        42 320
20  22   4  13   M  52   0 0.00    M    M  9.2 18 190   M    M   0        21 180
21  48  21  35   M  30   0 0.00    M    M 11.1 23 250   M    M   0        26 240
22  44  25  35   M  30   0 0.00    M    M  5.8 14 200   M    M   0        16 200
23  40  12  26   M  39   0 0.00    M    M 22.7 39 310   M    M   0        49 310
24  30   5  18   M  47   0 0.00    M    M 12.2 20 300   M    M   0        22 300
25  31  11  21   M  44   0 0.30    M    M  9.5 23  30   M    M   0        32  40
26  11 -11   0   M  65   0 0.01    M    M  5.1 13 350   M    M   0        17  20
27  13  -1   6   M  59   0 0.12    M    M 12.1 23 140   M    M   0        27 140
28  18  10  14   M  51   0 0.01    M    M 11.3 18 110   M    M   0        21 110
29  18  -5   7   M  58   0 0.00    M    M 20.9 33 320   M    M   0        39 310
30   6 -11  -2   M  67   0 0.00    M    M 17.3 28 310   M    M   0        34 310
================================================================================
SM  893  366      1315   0  0.61    M    395.7          M        0
================================================================================
AV 29.8 12.2                              13.2 FASTST   M    M   0    MAX(MPH)
                                 MISC ---->  # 41 330               # 52  310
================================================================================
NOTES:
# LAST OF SEVERAL OCCURRENCES

COLUMN 17 PEAK WIND IN M.P.H.

PRELIMINARY LOCAL CLIMATOLOGICAL DATA (WS FORM: F-6) , PAGE 2

                                          STATION:  GARRISON (AMOS) ND
                                          MONTH:    NOVEMBER
                                          YEAR:     2014
                                          LATITUDE:   47 39 N
                                          LONGITUDE: 101 23 W

[TEMPERATURE DATA]      [PRECIPITATION DATA]       SYMBOLS USED IN COLUMN 16

AVERAGE MONTHLY: 21.0   TOTAL FOR MONTH:   0.61    1 = FOG OR MIST
DPTR FM NORMAL:     M   DPTR FM NORMAL:       M    2 = FOG REDUCING VISIBILITY
HIGHEST:    56 ON  7, 2 GRTST 24HR  0.31 ON 25-26      TO 1/4 MILE OR LESS
LOWEST:    -11 ON 30,26                            3 = THUNDER
                        SNOW, ICE PELLETS, HAIL    4 = ICE PELLETS
                        TOTAL MONTH:    M          5 = HAIL
                        GRTST 24HR    M  ON   M    6 = FREEZING RAIN OR DRIZZLE
                        GRTST DEPTH:  M  ON   M    7 = DUSTSTORM OR SANDSTORM:
                                                       VSBY 1/2 MILE OR LESS
                                                   8 = SMOKE OR HAZE
[NO. OF DAYS WITH]      [WEATHER - DAYS WITH]      9 = BLOWING SNOW
                                                   X = TORNADO
MAX 32 OR BELOW:  19    0.01 INCH OR MORE:  10
MAX 90 OR ABOVE:   0    0.10 INCH OR MORE:   2
MIN 32 OR BELOW:  28    0.50 INCH OR MORE:   0
MIN  0 OR BELOW:   6    1.00 INCH OR MORE:   0

[HDD (BASE 65) ]
TOTAL THIS MO.  1315    CLEAR  (SCALE 0-3)  23
DPTR FM NORMAL     M    PTCLDY (SCALE 4-7)   0
TOTAL FM JUL 1  2201    CLOUDY (SCALE 8-10)  0
DPTR FM NORMAL     M

[CDD (BASE 65) ]
TOTAL THIS MO.     0
DPTR FM NORMAL     M    [PRESSURE DATA]
TOTAL FM JAN 1   306    HIGHEST SLP M ON M
DPTR FM NORMAL     M    LOWEST  SLP 29.37 ON 22

[REMARKS]
#FINAL-11-14#




U.S. Dept. of Commerce
NOAA National Weather Service
1325 East West Highway
Silver Spring, MD 20910
E-mail: w-nws.webmaster@noaa.gov
Page last modified: May 16, 2007
NATIONAL WEATHER SERVICE: for Safety, for Work, for Fun - FOR LIFE