855
CXUS56 KSTO 291455
CF6MYV
PRELIMINARY LOCAL CLIMATOLOGICAL DATA (WS FORM: F-6)

                                          STATION:   MARYSVILLE AIRPORT CA
                                          MONTH:     JULY
                                          YEAR:      2014
                                          LATITUDE:   39  5 N
                                          LONGITUDE: 121 34 W

  TEMPERATURE IN F:       :PCPN:    SNOW:  WIND      :SUNSHINE: SKY     :PK WND
================================================================================
1   2   3   4   5  6A  6B    7    8   9   10  11  12  13   14  15   16   17  18
                                     12Z  AVG MX 2MIN
DY MAX MIN AVG DEP HDD CDD  WTR  SNW DPTH SPD SPD DIR MIN PSBL S-S WX    SPD DR
================================================================================

 1  99  68  84   8   0  19 0.00  0.0    0 10.3 16 170   M    M   0        21 160
 2  96  60  78   1   0  13 0.00  0.0    0  8.4 13 160   M    M   0        18 160
 3  95  60  78   1   0  13 0.00  0.0    0  6.9 14 190   M    M   0        17 140
 4 100  60  80   3   0  15 0.00  0.0    0  8.1 15 140   M    M   0        20 160
 5  99  57  78   1   0  13 0.00  0.0    0  4.6 12 150   M    M   4 8      15 150
 6 102  57  80   3   0  15 0.00  0.0    0  5.2 10 200   M    M   0 8      13 290
 7  98  67  83   6   0  18 0.00  0.0    0  6.6 14 160   M    M   0        18 190
 8 100  72  86   9   0  21 0.00  0.0    0  6.6 13 180   M    M   0        16 230
 9  97  65  81   4   0  16 0.00  0.0    0  8.5 15 170   M    M   0        19 170
10  93  64  79   2   0  14 0.00  0.0    0 11.1 18 170   M    M   0        22 190
11  93  63  78   1   0  13    T  0.0    0  8.7 17 170   M    M   0        21 160
12  95  60  78   0   0  13 0.00  0.0    0  7.0 14 140   M    M   0        31 200
13 102  62  82   4   0  17 0.00  0.0    0  4.7 10 160   M    M   0        14 160
14 108  67  88  10   0  23 0.00  0.0    0  6.6 21 170   M    M   0        26 170
15  97  72  85   7   0  20 0.00  0.0    0  9.9 15 160   M    M   0        20 140
16  92  67  80   2   0  15 0.00  0.0    0 10.8 18 170   M    M   0        22 170
17  89  63  76  -2   0  11 0.00  0.0    0 11.0 20 160   M    M   0        24 160
18  91  60  76  -2   0  11 0.00  0.0    0  8.9 15 160   M    M   0        21 160
19  96  60  78   0   0  13 0.00  0.0    0  8.0 20 180   M    M   0        23 170
20  88  66  77  -1   0  12 0.00  0.0    0 11.0 22 150   M    M   0        27 160
21  91  67  79   1   0  14    T  0.0    0  9.6 17 170   M    M   2        20 170
22  90  62  76  -2   0  11    T  0.0    0  7.9 20 180   M    M   0        23 180
23  88  60  74  -4   0   9 0.00  0.0    0  6.8 14 150   M    M   0        21 150
24  97  59  78   0   0  13 0.00  0.0    0  4.7 17 310   M    M   0        21 320
25 104  58  81   4   0  16 0.00  0.0    0  3.5  9 230   M    M   0        11 240
26 103  62  83   6   0  18 0.00  0.0    0  4.2 12 150   M    M   0        15 140
27 102  71  87  10   0  22 0.00  0.0    0  3.7 15 260   M    M   0        19 230
28  98  65  82   5   0  17 0.00  0.0    0  9.4 20 160   M    M   0        25 160
================================================================================
SM 2703 1774         0 425    T      0.0 212.7          M        6
================================================================================
AV 96.5 63.4                               7.6 FASTST   M    M   0    MAX(MPH)
                                 MISC ---->  # 22 150               # 31  200
================================================================================
NOTES:
# LAST OF SEVERAL OCCURRENCES

COLUMN 17 PEAK WIND IN M.P.H.

PRELIMINARY LOCAL CLIMATOLOGICAL DATA (WS FORM: F-6) , PAGE 2

                                          STATION:  MARYSVILLE AIRPORT CA
                                          MONTH:    JULY
                                          YEAR:     2014
                                          LATITUDE:   39  5 N
                                          LONGITUDE: 121 34 W

[TEMPERATURE DATA]      [PRECIPITATION DATA]       SYMBOLS USED IN COLUMN 16

AVERAGE MONTHLY: 79.9   TOTAL FOR MONTH:      T    1 = FOG OR MIST
DPTR FM NORMAL:   2.5   DPTR FM NORMAL:   -0.01    2 = FOG REDUCING VISIBILITY
HIGHEST:   108 ON 14    GRTST 24HR    T  ON 22-22      TO 1/4 MILE OR LESS
LOWEST:     57 ON  6, 5                            3 = THUNDER
                        SNOW, ICE PELLETS, HAIL    4 = ICE PELLETS
                        TOTAL MONTH:   0.0 INCH    5 = HAIL
                        GRTST 24HR     0.0         6 = FREEZING RAIN OR DRIZZLE
                        GRTST DEPTH:   0           7 = DUSTSTORM OR SANDSTORM:
                                                       VSBY 1/2 MILE OR LESS
                                                   8 = SMOKE OR HAZE
[NO. OF DAYS WITH]      [WEATHER - DAYS WITH]      9 = BLOWING SNOW
                                                   X = TORNADO
MAX 32 OR BELOW:   0    0.01 INCH OR MORE:   0
MAX 90 OR ABOVE:  25    0.10 INCH OR MORE:   0
MIN 32 OR BELOW:   0    0.50 INCH OR MORE:   0
MIN  0 OR BELOW:   0    1.00 INCH OR MORE:   0

[HDD (BASE 65) ]
TOTAL THIS MO.     0    CLEAR  (SCALE 0-3)  27
DPTR FM NORMAL     0    PTCLDY (SCALE 4-7)   1
TOTAL FM JUL 1     0    CLOUDY (SCALE 8-10)  0
DPTR FM NORMAL     0

[CDD (BASE 65) ]
TOTAL THIS MO.   425
DPTR FM NORMAL    80    [PRESSURE DATA]
TOTAL FM JAN 1   976    HIGHEST SLP M ON M
DPTR FM NORMAL   245    LOWEST  SLP 29.70 ON  1

[REMARKS]




U.S. Dept. of Commerce
NOAA National Weather Service
1325 East West Highway
Silver Spring, MD 20910
E-mail: w-nws.webmaster@noaa.gov
Page last modified: May 16, 2007
NATIONAL WEATHER SERVICE: for Safety, for Work, for Fun - FOR LIFE