814
CXUS56 KSTO 301455
CF6MYV
PRELIMINARY LOCAL CLIMATOLOGICAL DATA (WS FORM: F-6)

                                          STATION:   MARYSVILLE AIRPORT CA
                                          MONTH:     SEPTEMBER
                                          YEAR:      2014
                                          LATITUDE:   39  5 N
                                          LONGITUDE: 121 34 W

  TEMPERATURE IN F:       :PCPN:    SNOW:  WIND      :SUNSHINE: SKY     :PK WND
================================================================================
1   2   3   4   5  6A  6B    7    8   9   10  11  12  13   14  15   16   17  18
                                     12Z  AVG MX 2MIN
DY MAX MIN AVG DEP HDD CDD  WTR  SNW DPTH SPD SPD DIR MIN PSBL S-S WX    SPD DR
================================================================================

 1 100  59  80   6   0  15 0.00  0.0    0  3.5  9  90   M    M   0        16 360
 2  97  63  80   6   0  15 0.00  0.0    0  8.1 16 180   M    M   0        19 170
 3  98  55  77   3   0  12 0.00  0.0    0  3.8 12 160   M    M   0        17 310
 4  97  56  77   3   0  12 0.00  0.0    0  4.2 13 160   M    M   0        15 160
 5  94  58  76   2   0  11 0.00  0.0    0  4.6 12 160   M    M   0        14 180
 6  95  59  77   4   0  12 0.00  0.0    0  5.0 12 140   M    M   0        15 140
 7  93  57  75   2   0  10 0.00  0.0    0  5.1 13 160   M    M   0        15 160
 8  88  57  73   0   0   8 0.00  0.0    0  9.6 17 140   M    M   0        21 140
 9  90  50  70  -3   0   5 0.00  0.0    0  3.1 12 150   M    M   0        14 150
10  95  54  75   2   0  10 0.00  0.0    0  3.0  8  90   M    M   0        11 180
11  98  56  77   5   0  12    T  0.0    0  3.1  9  80   M    M   0        12 300
12 102  58  80   8   0  15 0.00  0.0    0  2.9 10 170   M    M   0 8      13 360
13 102  53  78   6   0  13 0.00  0.0    0  2.5 10 160   M    M   0        12 160
14  99  60  80   8   0  15 0.00  0.0    0  4.5 12 160   M    M   0        14 160
15  97  63  80   8   0  15 0.00  0.0    0  8.1 17 150   M    M   0        29 270
16  90  59  75   4   0  10 0.00  0.0    0  5.6 17 150   M    M   0        21 150
17  92  56  74   3   0   9 0.00  0.0    0  9.2 18 200   M    M   0        25 190
18  84  64  74   3   0   9 0.00  0.0    0  5.6 13 140   M    M   5        20 140
19  85  58  72   1   0   7 0.00  0.0    0  5.5 12 150   M    M   0        16 140
20  89  59  74   4   0   9 0.00  0.0    0  5.1 16 180   M    M   0 8      19 180
21  81  59  70   0   0   5    T  0.0    0  8.3 15 140   M    M   0 9      18 160
22  88  57  73   3   0   8 0.00  0.0    0  4.7 12 140   M    M   0 8      16 140
23  90  61  76   6   0  11 0.00  0.0    0  9.1 15 150   M    M   0        19 160
24  89  61  75   5   0  10 0.00  0.0    0 10.1 18 140   M    M   0        22 150
25  73  59  66  -3   0   1 0.42  0.0    0  9.9 20 150   M    M   5 1      24 160
26  77  53  65  -4   0   0 0.00  0.0    0  3.1 18  70   M    M   2        23  70
27  80  56  68  -1   0   3 0.00  0.0    0  4.3 10 170   M    M   2        13 170
28  73  56  65  -4   0   0 0.00  0.0    0  4.9 14 150   M    M   3        19 120
29  81  51  66  -2   0   1 0.00  0.0    0  2.7 10 140   M    M   0 1      13 160
================================================================================
SM 2617 1667         0 263  0.42     0.0 159.2          M       17
================================================================================
AV 90.2 57.5                               5.5 FASTST   M    M   1    MAX(MPH)
                                 MISC ---->  # 20 150               # 29  270
================================================================================
NOTES:
# LAST OF SEVERAL OCCURRENCES

COLUMN 17 PEAK WIND IN M.P.H.

PRELIMINARY LOCAL CLIMATOLOGICAL DATA (WS FORM: F-6) , PAGE 2

                                          STATION:  MARYSVILLE AIRPORT CA
                                          MONTH:    SEPTEMBER
                                          YEAR:     2014
                                          LATITUDE:   39  5 N
                                          LONGITUDE: 121 34 W

[TEMPERATURE DATA]      [PRECIPITATION DATA]       SYMBOLS USED IN COLUMN 16

AVERAGE MONTHLY: 73.9   TOTAL FOR MONTH:   0.42    1 = FOG OR MIST
DPTR FM NORMAL:   2.4   DPTR FM NORMAL:   -0.01    2 = FOG REDUCING VISIBILITY
HIGHEST:   102 ON 13,12 GRTST 24HR  0.42 ON 24-25      TO 1/4 MILE OR LESS
LOWEST:     50 ON  9                               3 = THUNDER
                        SNOW, ICE PELLETS, HAIL    4 = ICE PELLETS
                        TOTAL MONTH:   0.0 INCH    5 = HAIL
                        GRTST 24HR     0.0         6 = FREEZING RAIN OR DRIZZLE
                        GRTST DEPTH:   0           7 = DUSTSTORM OR SANDSTORM:
                                                       VSBY 1/2 MILE OR LESS
                                                   8 = SMOKE OR HAZE
[NO. OF DAYS WITH]      [WEATHER - DAYS WITH]      9 = BLOWING SNOW
                                                   X = TORNADO
MAX 32 OR BELOW:   0    0.01 INCH OR MORE:   1
MAX 90 OR ABOVE:  17    0.10 INCH OR MORE:   1
MIN 32 OR BELOW:   0    0.50 INCH OR MORE:   0
MIN  0 OR BELOW:   0    1.00 INCH OR MORE:   0

[HDD (BASE 65) ]
TOTAL THIS MO.     0    CLEAR  (SCALE 0-3)  27
DPTR FM NORMAL    -7    PTCLDY (SCALE 4-7)   2
TOTAL FM JUL 1     0    CLOUDY (SCALE 8-10)  0
DPTR FM NORMAL    -7

[CDD (BASE 65) ]
TOTAL THIS MO.   263
DPTR FM NORMAL    68    [PRESSURE DATA]
TOTAL FM JAN 1  1672    HIGHEST SLP M ON M
DPTR FM NORMAL   371    LOWEST  SLP 29.61 ON  3

[REMARKS]




U.S. Dept. of Commerce
NOAA National Weather Service
1325 East West Highway
Silver Spring, MD 20910
E-mail: w-nws.webmaster@noaa.gov
Page last modified: May 16, 2007
NATIONAL WEATHER SERVICE: for Safety, for Work, for Fun - FOR LIFE