328
CXUS56 KSTO 231455
CF6MYV
PRELIMINARY LOCAL CLIMATOLOGICAL DATA (WS FORM: F-6)

                                          STATION:   MARYSVILLE AIRPORT CA
                                          MONTH:     AUGUST
                                          YEAR:      2014
                                          LATITUDE:   39  5 N
                                          LONGITUDE: 121 34 W

  TEMPERATURE IN F:       :PCPN:    SNOW:  WIND      :SUNSHINE: SKY     :PK WND
================================================================================
1   2   3   4   5  6A  6B    7    8   9   10  11  12  13   14  15   16   17  18
                                     12Z  AVG MX 2MIN
DY MAX MIN AVG DEP HDD CDD  WTR  SNW DPTH SPD SPD DIR MIN PSBL S-S WX    SPD DR
================================================================================

 1 108  64  86   9   0  21 0.00  0.0    0  5.1 13 140   M    M   0        16 200
 2 102  69  86   9   0  21 0.00  0.0    0  9.1 15 150   M    M   0        20 160
 3  86  60  73  -4   0   8 0.00  0.0    0  8.7 16 150   M    M   0        19 160
 4  82  63  73  -4   0   8    T  0.0    0  6.0 12 140   M    M   2 8      21 110
 5  78  69  74  -3   0   9    T  0.0    0  6.5 14 330   M    M   7        17 340
 6  95  68  82   5   0  17 0.01  0.0    0  2.7 10 300   M    M   1 18     14 350
 7  97  64  81   4   0  16 0.00  0.0    0  6.4 15 150   M    M   0        18 140
 8  96  63  80   3   0  15 0.00  0.0    0  6.5 13 160   M    M   0        15 160
 9  92  62  77   0   0  12 0.00  0.0    0  8.0 16 170   M    M   0        19 170
10  92  57  75  -1   0  10 0.00  0.0    0  4.8 13 170   M    M   0        16 160
11 100  59  80   4   0  15 0.00  0.0    0  4.8 13 150   M    M   0        16 160
12  90  63  77   1   0  12 0.00  0.0    0 11.9 20 180   M    M   0        24 170
13  91  58  75  -1   0  10 0.00  0.0    0 11.0 18 150   M    M   0        24 150
14  93  59  76   0   0  11 0.00  0.0    0  5.9 14 160   M    M   0        18 210
15  96  60  78   2   0  13 0.00  0.0    0  4.6 10 160   M    M   0        13 260
16  98  59  79   3   0  14 0.00  0.0    0  4.7 10 150   M    M   0        13 150
17  97  56  77   1   0  12 0.00  0.0    0  5.5 12 130   M    M   0        14 130
18  93  57  75  -1   0  10    T  0.0    0  6.4 14 160   M    M   0        18 170
19  90  58  74  -2   0   9 0.00  0.0    0  9.4 18 140   M    M   0        23 140
20  83  60  72  -4   0   7 0.00  0.0    0 12.0 20 160   M    M   0        25 170
21  91  57  74  -2   0   9 0.00  0.0    0  5.0 14 150   M    M   0        16 140
22  89  62  76   0   0  11 0.00  0.0    0 12.0 20 140   M    M   0        27 160
================================================================================
SM 2039 1347         0 270  0.01     0.0 157.0          M       10
================================================================================
AV 92.7 61.2                               7.1 FASTST   M    M   0    MAX(MPH)
                                 MISC ---->  # 20 180               # 27  160
================================================================================
NOTES:
# LAST OF SEVERAL OCCURRENCES

COLUMN 17 PEAK WIND IN M.P.H.

PRELIMINARY LOCAL CLIMATOLOGICAL DATA (WS FORM: F-6) , PAGE 2

                                          STATION:  MARYSVILLE AIRPORT CA
                                          MONTH:    AUGUST
                                          YEAR:     2014
                                          LATITUDE:   39  5 N
                                          LONGITUDE: 121 34 W

[TEMPERATURE DATA]      [PRECIPITATION DATA]       SYMBOLS USED IN COLUMN 16

AVERAGE MONTHLY: 77.0   TOTAL FOR MONTH:   0.01    1 = FOG OR MIST
DPTR FM NORMAL:   0.5   DPTR FM NORMAL:   -0.08    2 = FOG REDUCING VISIBILITY
HIGHEST:   108 ON  1    GRTST 24HR  0.01 ON  6- 6      TO 1/4 MILE OR LESS
LOWEST:     56 ON 17                               3 = THUNDER
                        SNOW, ICE PELLETS, HAIL    4 = ICE PELLETS
                        TOTAL MONTH:   0.0 INCH    5 = HAIL
                        GRTST 24HR     0.0         6 = FREEZING RAIN OR DRIZZLE
                        GRTST DEPTH:   0           7 = DUSTSTORM OR SANDSTORM:
                                                       VSBY 1/2 MILE OR LESS
                                                   8 = SMOKE OR HAZE
[NO. OF DAYS WITH]      [WEATHER - DAYS WITH]      9 = BLOWING SNOW
                                                   X = TORNADO
MAX 32 OR BELOW:   0    0.01 INCH OR MORE:   1
MAX 90 OR ABOVE:  17    0.10 INCH OR MORE:   0
MIN 32 OR BELOW:   0    0.50 INCH OR MORE:   0
MIN  0 OR BELOW:   0    1.00 INCH OR MORE:   0

[HDD (BASE 65) ]
TOTAL THIS MO.     0    CLEAR  (SCALE 0-3)  21
DPTR FM NORMAL     0    PTCLDY (SCALE 4-7)   1
TOTAL FM JUL 1     0    CLOUDY (SCALE 8-10)  0
DPTR FM NORMAL     0

[CDD (BASE 65) ]
TOTAL THIS MO.   270
DPTR FM NORMAL    19    [PRESSURE DATA]
TOTAL FM JAN 1  1302    HIGHEST SLP M ON M
DPTR FM NORMAL   284    LOWEST  SLP 29.71 ON 18

[REMARKS]




U.S. Dept. of Commerce
NOAA National Weather Service
1325 East West Highway
Silver Spring, MD 20910
E-mail: w-nws.webmaster@noaa.gov
Page last modified: May 16, 2007
NATIONAL WEATHER SERVICE: for Safety, for Work, for Fun - FOR LIFE