849
CXUS56 KSTO 271455
CF6MYV
PRELIMINARY LOCAL CLIMATOLOGICAL DATA (WS FORM: F-6)

                                          STATION:   MARYSVILLE AIRPORT CA
                                          MONTH:     NOVEMBER
                                          YEAR:      2014
                                          LATITUDE:   39  5 N
                                          LONGITUDE: 121 34 W

  TEMPERATURE IN F:       :PCPN:    SNOW:  WIND      :SUNSHINE: SKY     :PK WND
================================================================================
1   2   3   4   5  6A  6B    7    8   9   10  11  12  13   14  15   16   17  18
                                     12Z  AVG MX 2MIN
DY MAX MIN AVG DEP HDD CDD  WTR  SNW DPTH SPD SPD DIR MIN PSBL S-S WX    SPD DR
================================================================================

 1  64  47  56  -2   9   0 0.03    M    0  7.3 17 160   M    M   6 1      21 130
 2  68  43  56  -2   9   0 0.00  0.0    0  7.9 15 330   M    M   0        21 300
 3  67  41  54  -3  11   0 0.00  0.0    0  2.6  8 180   M    M   0        13 280
 4  71  41  56  -1   9   0 0.00  0.0    0  3.3 12 320   M    M   0        14 320
 5  73  43  58   2   7   0 0.00  0.0    0  2.6 12 140   M    M   0 18     13 150
 6  76  46  61   5   4   0 0.00  0.0    0  1.9  8 260   M    M   0 18     10 260
 7  77  47  62   7   3   0 0.00  0.0    0  3.1 10 320   M    M   0 18     16 320
 8  78  45  62   7   3   0 0.00  0.0    0  1.3  7 360   M    M   0 18     11 360
 9  78  45  62   8   3   0 0.00  0.0    0  1.7  8 310   M    M   0 1      10 320
10  76  46  61   7   4   0 0.00  0.0    0  2.3  8 300   M    M   0        10 310
11  68  45  57   3   8   0 0.00  0.0    0  6.9 15 140   M    M   4 1      20 170
12  64  50  57   4   8   0    T  0.0    0  4.6 10 150   M    M   9 1      14 140
13  61  53  57   4   8   0 0.38  0.0    0  6.3 14 160   M    M   9 12     18 160
14  63  50  57   5   8   0 0.00  0.0    0  3.6  8 180   M    M   7 12     11 190
15  67  43  55   3  10   0 0.00  0.0    0  2.9  9 340   M    M   1 12     12  10
16  64  41  53   1  12   0 0.00  0.0    0  7.1 20 330   M    M   0 18     25 330
17  65  36  51   0  14   0 0.00  0.0    0  4.7 10  20   M    M   0        22  10
18  63  33  48  -3  17   0 0.00  0.0    0  3.2  9  70   M    M   1 1      12  30
19  53  44  49  -1  16   0 0.24    M    0  3.0  9  10   M    M   9 1      12  30
20  55  51  53   3  12   0 0.12  0.0    0  2.7  7  80   M    M  10 1       9 320
21  58  48  53   3  12   0 0.01    M    0  5.4 16 150   M    M  10 12     20 160
22  60  45  53   4  12   0 0.24    M    0 11.5 28 160   M    M  10 12     35 150
23  59  40  50   1  15   0 0.00  0.0    0  6.0 16 320   M    M   1 12     21 340
24   M   M   M   M   M   M 0.00  0.0    M  0.0  0   0   M    M   1 1       M  M
25  66  37  52   4  13   0 0.00    M    M   M   M   M   M    M   M         M  M
26  67  36  52   4  13   0 0.00  0.0    0   M   M   M   M    M   M         M  M
================================================================================
SM 1661 1096       240   0  1.02     0.0 101.9          M       78
================================================================================
AV 66.4 43.8                               4.2 FASTST   M    M   3    MAX(MPH)
                                 MISC ---->  # 28 160               # 35  150
================================================================================
NOTES:
# LAST OF SEVERAL OCCURRENCES

COLUMN 17 PEAK WIND IN M.P.H.

PRELIMINARY LOCAL CLIMATOLOGICAL DATA (WS FORM: F-6) , PAGE 2

                                          STATION:  MARYSVILLE AIRPORT CA
                                          MONTH:    NOVEMBER
                                          YEAR:     2014
                                          LATITUDE:   39  5 N
                                          LONGITUDE: 121 34 W

[TEMPERATURE DATA]      [PRECIPITATION DATA]       SYMBOLS USED IN COLUMN 16

AVERAGE MONTHLY: 55.1   TOTAL FOR MONTH:   1.02    1 = FOG OR MIST
DPTR FM NORMAL:   2.4   DPTR FM NORMAL:   -1.74    2 = FOG REDUCING VISIBILITY
HIGHEST:    78 ON  9, 8 GRTST 24HR  0.48 ON 31- 1      TO 1/4 MILE OR LESS
LOWEST:     33 ON 18                               3 = THUNDER
                        SNOW, ICE PELLETS, HAIL    4 = ICE PELLETS
                        TOTAL MONTH:   0.0 INCH    5 = HAIL
                        GRTST 24HR     0.0         6 = FREEZING RAIN OR DRIZZLE
                        GRTST DEPTH:   0           7 = DUSTSTORM OR SANDSTORM:
                                                       VSBY 1/2 MILE OR LESS
                                                   8 = SMOKE OR HAZE
[NO. OF DAYS WITH]      [WEATHER - DAYS WITH]      9 = BLOWING SNOW
                                                   X = TORNADO
MAX 32 OR BELOW:   0    0.01 INCH OR MORE:   6
MAX 90 OR ABOVE:   0    0.10 INCH OR MORE:   4
MIN 32 OR BELOW:   0    0.50 INCH OR MORE:   0
MIN  0 OR BELOW:   0    1.00 INCH OR MORE:   0

[HDD (BASE 65) ]
TOTAL THIS MO.   240    CLEAR  (SCALE 0-3)  15
DPTR FM NORMAL   -80    PTCLDY (SCALE 4-7)   3
TOTAL FM JUL 1   294    CLOUDY (SCALE 8-10)  6
DPTR FM NORMAL  -132

[CDD (BASE 65) ]
TOTAL THIS MO.     0
DPTR FM NORMAL     0    [PRESSURE DATA]
TOTAL FM JAN 1  1777    HIGHEST SLP M ON M
DPTR FM NORMAL   421    LOWEST  SLP 29.70 ON  1

[REMARKS]




U.S. Dept. of Commerce
NOAA National Weather Service
1325 East West Highway
Silver Spring, MD 20910
E-mail: w-nws.webmaster@noaa.gov
Page last modified: May 16, 2007
NATIONAL WEATHER SERVICE: for Safety, for Work, for Fun - FOR LIFE