712
CXUS55 KBOI 301002
CF6MYL
PRELIMINARY LOCAL CLIMATOLOGICAL DATA (WS FORM: F-6)

                                          STATION:   MCCALL ID
                                          MONTH:     JANUARY
                                          YEAR:      2015
                                          LATITUDE:   44 52 N
                                          LONGITUDE: 116  6 W

  TEMPERATURE IN F:       :PCPN:    SNOW:  WIND      :SUNSHINE: SKY     :PK WND
================================================================================
1   2   3   4   5  6A  6B    7    8   9   10  11  12  13   14  15   16   17  18
                                     12Z  AVG MX 2MIN
DY MAX MIN AVG DEP HDD CDD  WTR  SNW DPTH SPD SPD DIR MIN PSBL S-S WX    SPD DR
================================================================================

 1  14  -4   5 -13  60   0 0.00    M    M  1.2  6 170   M    M   3 128     6 180
 2  18   0   9 -10  56   0    T    M    M  0.8  6 180   M    M   8 128     6 160
 3  25  13  19   0  46   0    T    M    M  0.7  8 170   M    M   9 1       9 180
 4  31  22  27   8  38   0 0.35    M    M  2.4 13 140   M    M  10 1      16 140
 5  35  31  33  14  32   0 0.32    M    M  4.1 15 130   M    M  10 1      19 140
 6  38  28  33  14  32   0    T    M    M  0.1  6 330   M    M   9 12      6 330
 7  33  26  30  11  35   0 0.00    M    M  0.3  6 170   M    M   9 128     6 300
 8  32  21  27   8  38   0 0.00    M    M  0.7  6 170   M    M   7 128     6 170
 9  31  18  25   6  40   0 0.00    M    M  1.1  5 190   M    M   7 128     6 200
10  29  21  25   5  40   0 0.00    M    M  0.3  6 180   M    M  10 18      6 190
11  34  24  29   9  36   0 0.07    M    M  0.0  5  50   M    M  10 12      5  50
12  35  26  31  11  34   0 0.12    M    M  3.0 13  10   M    M  10 1      18  20
13  36  11  24   4  41   0 0.00    M    M  1.7  9 320   M    M   0 12     10 310
14  26   2  14  -6  51   0 0.00    M    M  1.1  6 170   M    M   1 128     7 180
15  24   6  15  -5  50   0 0.01    M    M  2.3  9 190   M    M   9 128    10 190
16  33  19  26   6  39   0 0.42    M    M  2.5  9 170   M    M  10 128    12 170
17  33  20  27   7  38   0 0.42    M    M  2.0  9 140   M    M  10 18     12 140
18  43  24  34  14  31   0 0.06    M    M  6.5 16 140   M    M   7 12     21 140
19  36  17  27   7  38   0    T    M    M  2.1 13 280   M    M   5 1      16 260
20  30   7  19  -1  46   0 0.00    M    M  1.0  8  20   M    M   1 18     10  20
21  24  -1  12  -8  53   0 0.00    M    M  1.8  7 170   M    M   0 18      7 170
22  30   2  16  -4  49   0 0.00    M    M  0.7  8 330   M    M   3        10 330
23  36  17  27   7  38   0 0.00    M    M  2.0  8 330   M    M   5         9 330
24  38  25  32  12  33   0 0.01    M    M  1.0  5  50   M    M  10 1       6  60
25  39  25  32  12  33   0 0.00    M    M  1.1  6 170   M    M   7 12      6 330
26  47  21  34  14  31   0 0.00    M    M  1.8 10 300   M    M   4 128    13 300
27  39  17  28   8  37   0    T    M    M  0.8  7 170   M    M   3 1       8 180
28  44  22  33  13  32   0 0.00    M    M  1.8 10 270   M    M   3 12     13 270
29  37  13  25   5  40   0 0.00    M    M  1.5  9 260   M    M   0        12 270
================================================================================
SM  950  473      1167   0  1.78    M     46.4          M      180
================================================================================
AV 32.8 16.3                               1.6 FASTST   M    M   6    MAX(MPH)
                                 MISC ---->  # 16 140               # 21  140
================================================================================
NOTES:
# LAST OF SEVERAL OCCURRENCES

COLUMN 17 PEAK WIND IN M.P.H.

PRELIMINARY LOCAL CLIMATOLOGICAL DATA (WS FORM: F-6) , PAGE 2

                                          STATION:  MCCALL ID
                                          MONTH:    JANUARY
                                          YEAR:     2015
                                          LATITUDE:   44 52 N
                                          LONGITUDE: 116  6 W

[TEMPERATURE DATA]      [PRECIPITATION DATA]       SYMBOLS USED IN COLUMN 16

AVERAGE MONTHLY: 24.5   TOTAL FOR MONTH:   1.78    1 = FOG OR MIST
DPTR FM NORMAL:   4.9   DPTR FM NORMAL:    0.16    2 = FOG REDUCING VISIBILITY
HIGHEST:    47 ON 26    GRTST 24HR  0.48 ON 17-18      TO 1/4 MILE OR LESS
LOWEST:     -4 ON  1                               3 = THUNDER
                        SNOW, ICE PELLETS, HAIL    4 = ICE PELLETS
                        TOTAL MONTH:    M          5 = HAIL
                        GRTST 24HR    M  ON   M    6 = FREEZING RAIN OR DRIZZLE
                        GRTST DEPTH:  M  ON   M    7 = DUSTSTORM OR SANDSTORM:
                                                       VSBY 1/2 MILE OR LESS
                                                   8 = SMOKE OR HAZE
[NO. OF DAYS WITH]      [WEATHER - DAYS WITH]      9 = BLOWING SNOW
                                                   X = TORNADO
MAX 32 OR BELOW:  12    0.01 INCH OR MORE:   9
MAX 90 OR ABOVE:   0    0.10 INCH OR MORE:   5
MIN 32 OR BELOW:  29    0.50 INCH OR MORE:   0
MIN  0 OR BELOW:   3    1.00 INCH OR MORE:   0

[HDD (BASE 65) ]
TOTAL THIS MO.  1167    CLEAR  (SCALE 0-3)   8
DPTR FM NORMAL  -146    PTCLDY (SCALE 4-7)   8
TOTAL FM JUL 1  4399    CLOUDY (SCALE 8-10) 13
DPTR FM NORMAL  -988

[CDD (BASE 65) ]
TOTAL THIS MO.     0
DPTR FM NORMAL     0    [PRESSURE DATA]
TOTAL FM JAN 1     0    HIGHEST SLP M ON M
DPTR FM NORMAL     0    LOWEST  SLP 30.09 ON 18

[REMARKS]




U.S. Dept. of Commerce
NOAA National Weather Service
1325 East West Highway
Silver Spring, MD 20910
E-mail: w-nws.webmaster@noaa.gov
Page last modified: May 16, 2007
NATIONAL WEATHER SERVICE: for Safety, for Work, for Fun - FOR LIFE