377
CXUS55 KBOI 241002
CF6MYL
PRELIMINARY LOCAL CLIMATOLOGICAL DATA (WS FORM: F-6)

                                          STATION:   MCCALL ID
                                          MONTH:     APRIL
                                          YEAR:      2014
                                          LATITUDE:   44 52 N
                                          LONGITUDE: 116  6 W

  TEMPERATURE IN F:       :PCPN:    SNOW:  WIND      :SUNSHINE: SKY     :PK WND
================================================================================
1   2   3   4   5  6A  6B    7    8   9   10  11  12  13   14  15   16   17  18
                                     12Z  AVG MX 2MIN
DY MAX MIN AVG DEP HDD CDD  WTR  SNW DPTH SPD SPD DIR MIN PSBL S-S WX    SPD DR
================================================================================

 1  45  22  34   1  31   0    T    M    M  3.7 12 290   M    M   5        16 300
 2  45  26  36   3  29   0 0.02    M    M  6.3 18 310   M    M   4        25 310
 3  44  19  32  -1  33   0 0.00    M    M  3.9 14 170   M    M   0        18 170
 4  40  26  33  -1  32   0 0.25    M    M  4.6 18 170   M    M   9 1      21 180
 5  42  30  36   2  29   0 0.05    M    M  2.9 15 350   M    M   9 12     17 360
 6  49  30  40   6  25   0 0.07    M    M  3.4 16 270   M    M   7 1      26 270
 7  58  25  42   8  23   0 0.00    M    M  2.5 10 270   M    M   0        14 260
 8  64  27  46  11  19   0 0.00    M    M  2.8 13 220   M    M   1         M  M
 9  54  32  43   8  22   0    T    M    M  4.1 15 230   M    M   5        19 220
10  56  26  41   6  24   0 0.00    M    M  3.1 12 270   M    M   0        15 300
11  60  26  43   8  22   0 0.00    M    M  2.7 14 290   M    M   0        20 260
12  54  28  41   5  24   0 0.00    M    M  6.9 18  10   M    M   2        28  10
13  49  29  39   3  26   0 0.00    M    M 10.7 18 330   M    M   0        27 330
14  52  20  36   0  29   0 0.00    M    M  4.4 13 170   M    M   0        18 170
15  49  28  39   3  26   0    T    M    M  6.2 23 290   M    M   6        34 290
16  49  22  36  -1  29   0 0.00    M    M  2.5 13 250   M    M   5        17 260
17  58  28  43   6  22   0 0.11    M    M  5.8 20 180   M    M   9 1      24 160
18  50  28  39   2  26   0    T    M    M  6.9 21 240   M    M   4        25 270
19  61  23  42   4  23   0 0.00    M    M  7.2 22 180   M    M   3        29 180
20  55  30  43   5  22   0 0.00    M    M  5.7 15 250   M    M   0        21  10
21  63  27  45   7  20   0 0.00    M    M  4.1 21 150   M    M   2        24 170
22  45  27  36  -3  29   0 0.67    M    M  3.0 15 300   M    M   9 1      22 310
23  41  21  31  -8  34   0 0.01    M    M  5.5 22 180   M    M   7 18     30 190
================================================================================
SM 1183  600       599   0  1.18    M    108.9          M       87
================================================================================
AV 51.4 26.1                               4.7 FASTST   M    M   4    MAX(MPH)
                                 MISC ---->  # 23 290               # 34  290
================================================================================
NOTES:
# LAST OF SEVERAL OCCURRENCES

COLUMN 17 PEAK WIND IN M.P.H.

PRELIMINARY LOCAL CLIMATOLOGICAL DATA (WS FORM: F-6) , PAGE 2

                                          STATION:  MCCALL ID
                                          MONTH:    APRIL
                                          YEAR:     2014
                                          LATITUDE:   44 52 N
                                          LONGITUDE: 116  6 W

[TEMPERATURE DATA]      [PRECIPITATION DATA]       SYMBOLS USED IN COLUMN 16

AVERAGE MONTHLY: 38.8   TOTAL FOR MONTH:   1.18    1 = FOG OR MIST
DPTR FM NORMAL:   3.0   DPTR FM NORMAL:   -0.31    2 = FOG REDUCING VISIBILITY
HIGHEST:    64 ON  8    GRTST 24HR  0.67 ON 22-22      TO 1/4 MILE OR LESS
LOWEST:     19 ON  3                               3 = THUNDER
                        SNOW, ICE PELLETS, HAIL    4 = ICE PELLETS
                        TOTAL MONTH:    M          5 = HAIL
                        GRTST 24HR    M  ON   M    6 = FREEZING RAIN OR DRIZZLE
                        GRTST DEPTH:  M  ON   M    7 = DUSTSTORM OR SANDSTORM:
                                                       VSBY 1/2 MILE OR LESS
                                                   8 = SMOKE OR HAZE
[NO. OF DAYS WITH]      [WEATHER - DAYS WITH]      9 = BLOWING SNOW
                                                   X = TORNADO
MAX 32 OR BELOW:   0    0.01 INCH OR MORE:   7
MAX 90 OR ABOVE:   0    0.10 INCH OR MORE:   3
MIN 32 OR BELOW:  23    0.50 INCH OR MORE:   1
MIN  0 OR BELOW:   0    1.00 INCH OR MORE:   0

[HDD (BASE 65) ]
TOTAL THIS MO.   599    CLEAR  (SCALE 0-3)  11
DPTR FM NORMAL   -74    PTCLDY (SCALE 4-7)   8
TOTAL FM JUL 1  7605    CLOUDY (SCALE 8-10)  4
DPTR FM NORMAL  -857

[CDD (BASE 65) ]
TOTAL THIS MO.     0
DPTR FM NORMAL     0    [PRESSURE DATA]
TOTAL FM JAN 1     0    HIGHEST SLP M ON M
DPTR FM NORMAL     0    LOWEST  SLP 29.59 ON 17

[REMARKS]




U.S. Dept. of Commerce
NOAA National Weather Service
1325 East West Highway
Silver Spring, MD 20910
E-mail: w-nws.webmaster@noaa.gov
Page last modified: May 16, 2007
NATIONAL WEATHER SERVICE: for Safety, for Work, for Fun - FOR LIFE