465
CXUS55 KBOI 011002
CF6MYL
PRELIMINARY LOCAL CLIMATOLOGICAL DATA (WS FORM: F-6)

                                          STATION:   MCCALL ID
                                          MONTH:     NOVEMBER
                                          YEAR:      2014
                                          LATITUDE:   44 52 N
                                          LONGITUDE: 116  6 W

  TEMPERATURE IN F:       :PCPN:    SNOW:  WIND      :SUNSHINE: SKY     :PK WND
================================================================================
1   2   3   4   5  6A  6B    7    8   9   10  11  12  13   14  15   16   17  18
                                     12Z  AVG MX 2MIN
DY MAX MIN AVG DEP HDD CDD  WTR  SNW DPTH SPD SPD DIR MIN PSBL S-S WX    SPD DR
================================================================================

 1  42  33  38   3  27   0 0.26    M    M  4.6 14 310   M    M   9 1      22 340
 2  40  26  33  -1  32   0 0.01    M    M  2.5  8 260   M    M   6 1      11 310
 3  40  25  33  -1  32   0    T    M    M  1.6  9 190   M    M   9 1      11 150
 4  40  36  38   4  27   0 0.13    M    M  5.1 13 160   M    M  10 1      17 150
 5  50  32  41   8  24   0    T    M    M  1.6  9 170   M    M   7 1      11 170
 6  58  31  45  12  20   0 0.00    M    M  5.4 21 180   M    M   5 12     26 170
 7  52  28  40   8  25   0 0.00    M    M  3.8 10 260   M    M   2        13 250
 8  52  23  38   6  27   0 0.00    M    M  1.2  8 190   M    M   1 12      9 190
 9  48  28  38   6  27   0 0.12    M    M  3.6 17 180   M    M   4 1      23 310
10  38  24  31   0  34   0 0.04    M    M  7.1 15 330   M    M   4 18     19 320
11  30  13  22  -9  43   0    T    M    M  9.8 16 360   M    M   0        24  20
12  26   6  16 -14  49   0 0.00    M    M  2.6 10 260   M    M   0        12 270
13  22   6  14 -16  51   0 0.20    M    M  0.9  6 300   M    M   6 1       6 300
14  26  10  18 -11  47   0 0.11    M    M  3.7 10 300   M    M   9 1      13 330
15  22  -2  10 -19  55   0 0.00    M    M  3.0 12 260   M    M   0 18     15 260
16  28  -5  12 -16  53   0    T    M    M  2.0  9 270   M    M   0 18     11 270
17  26  -1  13 -15  52   0    T    M    M  1.2  7 190   M    M   2 128     7 190
18  33   2  18  -9  47   0    T    M    M  1.0  6  50   M    M   2 128     6  50
19  35   7  21  -6  44   0    T    M    M  0.8  6  70   M    M   2 18      7 170
20  35  23  29   3  36   0 0.02    M    M  0.6  6  60   M    M  10 18      7  70
21  36  28  32   6  33   0 0.18    M    M  4.5 15 150   M    M  10 12     22 150
22  40  29  35   9  30   0 0.31    M    M  6.8 17 250   M    M   8 1      24 210
23  31  19  25   0  40   0 0.13    M    M  6.1 16 170   M    M  10 12     21 170
24  32  11  22  -2  43   0 0.16    M    M  1.7  9 160   M    M   5 128    12 170
25  35  29  32   8  33   0 0.85    M    M  1.3  8 360   M    M  10 1      10  10
26  44  31  38  14  27   0 0.00    M    M  0.9  7 330   M    M   4 12      9 330
27  47  31  39  16  26   0 0.53    M    M  6.2 25 170   M    M   9 1      35 170
28  43  34  39  16  26   0 0.17    M    M  9.2 29 190   M    M  10 1      44 180
29  41  17  29   7  36   0 0.27    M    M 11.8 35 190   M    M   8 13     44 180
30  27   6  17  -5  48   0 0.00    M    M  3.5 12 360   M    M   0 1      14  20
================================================================================
SM 1119  580      1094   0  3.49    M    114.1          M      162
================================================================================
AV 37.3 19.3                               3.8 FASTST   M    M   5    MAX(MPH)
                                 MISC ---->  # 35 190               # 44  180
================================================================================
NOTES:
# LAST OF SEVERAL OCCURRENCES

COLUMN 17 PEAK WIND IN M.P.H.

PRELIMINARY LOCAL CLIMATOLOGICAL DATA (WS FORM: F-6) , PAGE 2

                                          STATION:  MCCALL ID
                                          MONTH:    NOVEMBER
                                          YEAR:     2014
                                          LATITUDE:   44 52 N
                                          LONGITUDE: 116  6 W

[TEMPERATURE DATA]      [PRECIPITATION DATA]       SYMBOLS USED IN COLUMN 16

AVERAGE MONTHLY: 28.3   TOTAL FOR MONTH:   3.49    1 = FOG OR MIST
DPTR FM NORMAL:  -0.2   DPTR FM NORMAL:    0.77    2 = FOG REDUCING VISIBILITY
HIGHEST:    58 ON  6    GRTST 24HR  0.95 ON 24-25      TO 1/4 MILE OR LESS
LOWEST:     -5 ON 16                               3 = THUNDER
                        SNOW, ICE PELLETS, HAIL    4 = ICE PELLETS
                        TOTAL MONTH:    M          5 = HAIL
                        GRTST 24HR    M  ON   M    6 = FREEZING RAIN OR DRIZZLE
                        GRTST DEPTH:  M  ON   M    7 = DUSTSTORM OR SANDSTORM:
                                                       VSBY 1/2 MILE OR LESS
                                                   8 = SMOKE OR HAZE
[NO. OF DAYS WITH]      [WEATHER - DAYS WITH]      9 = BLOWING SNOW
                                                   X = TORNADO
MAX 32 OR BELOW:  10    0.01 INCH OR MORE:  16
MAX 90 OR ABOVE:   0    0.10 INCH OR MORE:  13
MIN 32 OR BELOW:  27    0.50 INCH OR MORE:   2
MIN  0 OR BELOW:   3    1.00 INCH OR MORE:   0

[HDD (BASE 65) ]
TOTAL THIS MO.  1094    CLEAR  (SCALE 0-3)  10
DPTR FM NORMAL    -1    PTCLDY (SCALE 4-7)   9
TOTAL FM JUL 1  2064    CLOUDY (SCALE 8-10) 11
DPTR FM NORMAL  -574

[CDD (BASE 65) ]
TOTAL THIS MO.     0
DPTR FM NORMAL     0    [PRESSURE DATA]
TOTAL FM JAN 1   185    HIGHEST SLP 30.75 ON 16
DPTR FM NORMAL   160    LOWEST  SLP 29.43 ON 29

[REMARKS]
#FINAL-11-14#




U.S. Dept. of Commerce
NOAA National Weather Service
1325 East West Highway
Silver Spring, MD 20910
E-mail: w-nws.webmaster@noaa.gov
Page last modified: May 16, 2007
NATIONAL WEATHER SERVICE: for Safety, for Work, for Fun - FOR LIFE