226
CXUS55 KBOI 291002
CF6MYL
PRELIMINARY LOCAL CLIMATOLOGICAL DATA (WS FORM: F-6)

                                          STATION:   MCCALL ID
                                          MONTH:     JULY
                                          YEAR:      2014
                                          LATITUDE:   44 52 N
                                          LONGITUDE: 116  6 W

  TEMPERATURE IN F:       :PCPN:    SNOW:  WIND      :SUNSHINE: SKY     :PK WND
================================================================================
1   2   3   4   5  6A  6B    7    8   9   10  11  12  13   14  15   16   17  18
                                     12Z  AVG MX 2MIN
DY MAX MIN AVG DEP HDD CDD  WTR  SNW DPTH SPD SPD DIR MIN PSBL S-S WX    SPD DR
================================================================================

 1  83  42  63   6   2   0 0.00    M    M  4.1 12 360   M    M   0        16 160
 2  89  45  67   9   0   2 0.00    M    M  2.7 16 290   M    M   0        22 290
 3  88  61  75  17   0  10 0.00    M    M  6.2 18 180   M    M   1        23 220
 4  88  53  71  13   0   6 0.00    M    M  4.8 20 180   M    M   1        24 190
 5  85  52  69  11   0   4 0.00    M    M  4.6 16 230   M    M   0        22 190
 6  90  50  70  11   0   5 0.00    M    M  4.8 18 230   M    M   0        26 190
 7  86  53  70  11   0   5 0.00    M    M  7.2 15 360   M    M   0        19  20
 8  90  52  71  12   0   6 0.00    M    M  4.5 13 310   M    M   0        17 280
 9  78  52  65   5   0   0    T    M    M  3.5 12 160   M    M   2        15 110
10  86  48  67   7   0   2 0.00    M    M  3.4 16 220   M    M   0        20 210
11  90  49  70  10   0   5 0.00    M    M  5.1 15 310   M    M   0        19 250
12  89  59  74  14   0   9 0.00    M    M  4.0  9  10   M    M   0         M  M
13  91  53  72  11   0   7 0.00    M    M  4.7 21  60   M    M   1        36  60
14  92  68  80  19   0  15 0.01    M    M  9.2 20  10   M    M   1 38     27  10
15  83  57  70   9   0   5 0.00    M    M  6.2 18 280   M    M   2        23 280
16  87  51  69   8   0   4 0.00    M    M  4.8 14 320   M    M   0        19 330
17  89  50  70   9   0   5 0.00    M    M  5.1 20 240   M    M   1        26 220
18  85  47  66   4   0   1 0.00    M    M  4.0 15 300   M    M   0        19 310
19  85  47  66   4   0   1 0.00    M    M  4.5 16 260   M    M   0        22 290
20  85  47  66   4   0   1    T    M    M  7.2 22 160   M    M   1        31 160
21  77  59  68   6   0   3 0.00    M    M  8.1 20 190   M    M   3        25 170
22  81  54  68   6   0   3    T    M    M  5.5 18 220   M    M   4        25 170
23  84  53  69   7   0   4 0.11    M    M  7.8 32 180   M    M   4 3      49 170
24  69  47  58  -4   7   0 0.00    M    M  5.6 15 180   M    M   2        20 270
25  77  38  58  -4   7   0 0.00    M    M  2.4 12 310   M    M   0        16 360
26  83  42  63   1   2   0 0.00    M    M  3.8 12  10   M    M   0        16 360
27  91  46  69   7   0   4 0.00    M    M  4.1 14  20   M    M   0        20 360
28  88  54  71   9   0   6 0.00    M    M  3.8 16  40   M    M   1        21  30
================================================================================
SM 2389 1429        18 113  0.12    M    141.7          M       24
================================================================================
AV 85.3 51.0                               5.1 FASTST   M    M   1    MAX(MPH)
                                 MISC ---->  # 32 180               # 49  170
================================================================================
NOTES:
# LAST OF SEVERAL OCCURRENCES

COLUMN 17 PEAK WIND IN M.P.H.

PRELIMINARY LOCAL CLIMATOLOGICAL DATA (WS FORM: F-6) , PAGE 2

                                          STATION:  MCCALL ID
                                          MONTH:    JULY
                                          YEAR:     2014
                                          LATITUDE:   44 52 N
                                          LONGITUDE: 116  6 W

[TEMPERATURE DATA]      [PRECIPITATION DATA]       SYMBOLS USED IN COLUMN 16

AVERAGE MONTHLY: 68.2   TOTAL FOR MONTH:   0.12    1 = FOG OR MIST
DPTR FM NORMAL:   7.7   DPTR FM NORMAL:   -0.55    2 = FOG REDUCING VISIBILITY
HIGHEST:    92 ON 14    GRTST 24HR  0.11 ON 23-23      TO 1/4 MILE OR LESS
LOWEST:     38 ON 25                               3 = THUNDER
                        SNOW, ICE PELLETS, HAIL    4 = ICE PELLETS
                        TOTAL MONTH:    M          5 = HAIL
                        GRTST 24HR    M  ON   M    6 = FREEZING RAIN OR DRIZZLE
                        GRTST DEPTH:  M  ON   M    7 = DUSTSTORM OR SANDSTORM:
                                                       VSBY 1/2 MILE OR LESS
                                                   8 = SMOKE OR HAZE
[NO. OF DAYS WITH]      [WEATHER - DAYS WITH]      9 = BLOWING SNOW
                                                   X = TORNADO
MAX 32 OR BELOW:   0    0.01 INCH OR MORE:   2
MAX 90 OR ABOVE:   6    0.10 INCH OR MORE:   1
MIN 32 OR BELOW:   0    0.50 INCH OR MORE:   0
MIN  0 OR BELOW:   0    1.00 INCH OR MORE:   0

[HDD (BASE 65) ]
TOTAL THIS MO.    18    CLEAR  (SCALE 0-3)  26
DPTR FM NORMAL  -123    PTCLDY (SCALE 4-7)   2
TOTAL FM JUL 1    18    CLOUDY (SCALE 8-10)  0
DPTR FM NORMAL  -123

[CDD (BASE 65) ]
TOTAL THIS MO.   113
DPTR FM NORMAL   100    [PRESSURE DATA]
TOTAL FM JAN 1   113    HIGHEST SLP M ON M
DPTR FM NORMAL    99    LOWEST  SLP 29.62 ON 20

[REMARKS]




U.S. Dept. of Commerce
NOAA National Weather Service
1325 East West Highway
Silver Spring, MD 20910
E-mail: w-nws.webmaster@noaa.gov
Page last modified: May 16, 2007
NATIONAL WEATHER SERVICE: for Safety, for Work, for Fun - FOR LIFE