798
CXUS55 KBOI 011002
CF6MYL
PRELIMINARY LOCAL CLIMATOLOGICAL DATA (WS FORM: F-6)

                                          STATION:   MCCALL ID
                                          MONTH:     AUGUST
                                          YEAR:      2014
                                          LATITUDE:   44 52 N
                                          LONGITUDE: 116  6 W

  TEMPERATURE IN F:       :PCPN:    SNOW:  WIND      :SUNSHINE: SKY     :PK WND
================================================================================
1   2   3   4   5  6A  6B    7    8   9   10  11  12  13   14  15   16   17  18
                                     12Z  AVG MX 2MIN
DY MAX MIN AVG DEP HDD CDD  WTR  SNW DPTH SPD SPD DIR MIN PSBL S-S WX    SPD DR
================================================================================

 1  86  52  69   7   0   4 0.00    M    M  3.7 12 250   M    M   1        15 200
 2  85  58  72  10   0   7 0.02    M    M  4.8 18  70   M    M   1 3      25  80
 3  87  58  73  11   0   8 0.01    M    M  5.3 16 360   M    M   2 3      24 360
 4  86  56  71   9   0   6 0.00    M    M  4.1 18 180   M    M   1        23 290
 5  87  49  68   6   0   3 0.00    M    M  4.8 16 330   M    M   0        21 340
 6  85  55  70   8   0   5 0.00    M    M  6.4 18 190   M    M   0        25 270
 7  82  50  66   5   0   1 0.00    M    M  3.1 12 260   M    M   0 8      17 130
 8  80  47  64   3   1   0 0.00    M    M  5.2 18 170   M    M   1 8      24 170
 9  84  47  66   5   0   1 0.00    M    M  2.4 13 360   M    M   1        17 360
10  88  50  69   8   0   4 0.00    M    M  2.8 13 190   M    M   1 8      16 190
11  92  53  73  12   0   8    T    M    M  4.5 20  60   M    M   3 38     25  70
12  80  56  68   7   0   3 0.12    M    M  5.7 26 200   M    M   4 3      39 200
13  74  52  63   3   2   0 0.41    M    M  3.7 21 130   M    M   4 13     26 130
14  68  52  60   0   5   0 0.37    M    M  4.1 13 200   M    M   4 13     18 190
15  69  52  61   1   4   0 0.06    M    M  3.5 17 210   M    M   7 1      21 210
16  77  48  63   3   2   0 0.00    M    M  2.8 15 230   M    M   2        19 240
17  82  47  65   5   0   0 0.00    M    M  3.0 10  40   M    M   1        14 210
18  85  50  68   9   0   3 0.00    M    M  4.5 14 320   M    M   0        17 310
19  83  49  66   7   0   1    T    M    M  4.6 28 280   M    M   2        41 240
20  74  49  62   3   3   0 0.09    M    M  5.9 20  20   M    M   4 3      29 190
21  73  46  60   1   5   0 0.00    M    M  4.6 18 170   M    M   1        22 170
22  67  40  54  -4  11   0 0.08    M    M  3.6 22 360   M    M   2 3      27 360
23  63  39  51  -7  14   0 0.00    M    M  7.0 21 350   M    M   4 1      28 340
24  67  39  53  -5  12   0 0.00    M    M  5.9 16 360   M    M   2        21  10
25  70  41  56  -2   9   0    T    M    M  3.8 17 350   M    M   4        22 330
26  76  40  58   1   7   0 0.00    M    M  2.1 13 320   M    M   0        16 330
27  80  43  62   5   3   0 0.00    M    M  3.0 13 280   M    M   0        16 270
28  83  45  64   7   1   0 0.00    M    M  4.3 16 210   M    M   2        23 180
29  82  46  64   8   1   0    T    M    M  5.1 21 160   M    M   1        25 150
30  69  49  59   3   6   0 0.01    M    M  6.4 16 220   M    M   7 3      22 230
31  64  42  53  -3  12   0 0.03    M    M  3.4 14 220   M    M   5 1      17 180
================================================================================
SM 2428 1500        98  54  1.20    M    134.1          M       67
================================================================================
AV 78.3 48.4                               4.3 FASTST   M    M   2    MAX(MPH)
                                 MISC ---->  # 28 280               # 41  240
================================================================================
NOTES:
# LAST OF SEVERAL OCCURRENCES

COLUMN 17 PEAK WIND IN M.P.H.

PRELIMINARY LOCAL CLIMATOLOGICAL DATA (WS FORM: F-6) , PAGE 2

                                          STATION:  MCCALL ID
                                          MONTH:    AUGUST
                                          YEAR:     2014
                                          LATITUDE:   44 52 N
                                          LONGITUDE: 116  6 W

[TEMPERATURE DATA]      [PRECIPITATION DATA]       SYMBOLS USED IN COLUMN 16

AVERAGE MONTHLY: 63.4   TOTAL FOR MONTH:   1.20    1 = FOG OR MIST
DPTR FM NORMAL:   3.8   DPTR FM NORMAL:    0.52    2 = FOG REDUCING VISIBILITY
HIGHEST:    92 ON 11    GRTST 24HR  0.66 ON 13-14      TO 1/4 MILE OR LESS
LOWEST:     39 ON 24,23                            3 = THUNDER
                        SNOW, ICE PELLETS, HAIL    4 = ICE PELLETS
                        TOTAL MONTH:    M          5 = HAIL
                        GRTST 24HR    M  ON   M    6 = FREEZING RAIN OR DRIZZLE
                        GRTST DEPTH:  M  ON   M    7 = DUSTSTORM OR SANDSTORM:
                                                       VSBY 1/2 MILE OR LESS
                                                   8 = SMOKE OR HAZE
[NO. OF DAYS WITH]      [WEATHER - DAYS WITH]      9 = BLOWING SNOW
                                                   X = TORNADO
MAX 32 OR BELOW:   0    0.01 INCH OR MORE:  10
MAX 90 OR ABOVE:   1    0.10 INCH OR MORE:   3
MIN 32 OR BELOW:   0    0.50 INCH OR MORE:   0
MIN  0 OR BELOW:   0    1.00 INCH OR MORE:   0

[HDD (BASE 65) ]
TOTAL THIS MO.    98    CLEAR  (SCALE 0-3)  21
DPTR FM NORMAL   -80    PTCLDY (SCALE 4-7)  10
TOTAL FM JUL 1   116    CLOUDY (SCALE 8-10)  0
DPTR FM NORMAL  -212

[CDD (BASE 65) ]
TOTAL THIS MO.    54
DPTR FM NORMAL    45    [PRESSURE DATA]
TOTAL FM JAN 1   185    HIGHEST SLP 30.16 ON 10
DPTR FM NORMAL   160    LOWEST  SLP 29.67 ON 19

[REMARKS]
#FINAL-08-14#




U.S. Dept. of Commerce
NOAA National Weather Service
1325 East West Highway
Silver Spring, MD 20910
E-mail: w-nws.webmaster@noaa.gov
Page last modified: May 16, 2007
NATIONAL WEATHER SERVICE: for Safety, for Work, for Fun - FOR LIFE