844
CXUS56 KSGX 271445
CF6MYF
PRELIMINARY LOCAL CLIMATOLOGICAL DATA (WS FORM: F-6)

                                          STATION:   SAN DIEGO/MONTGOMERY FLD CA
                                          MONTH:     NOVEMBER
                                          YEAR:      2014
                                          LATITUDE:   32 49 N
                                          LONGITUDE: 117  9 W

  TEMPERATURE IN F:       :PCPN:    SNOW:  WIND      :SUNSHINE: SKY     :PK WND
================================================================================
1   2   3   4   5  6A  6B    7    8   9   10  11  12  13   14  15   16   17  18
                                     12Z  AVG MX 2MIN
DY MAX MIN AVG DEP HDD CDD  WTR  SNW DPTH SPD SPD DIR MIN PSBL S-S WX    SPD DR
================================================================================

 1  69  56  63   0   2   0 0.36  0.0    0 10.6 20 260   M    M   7 1      24 260
 2  68  53  61  -2   4   0 0.09  0.0    0  4.5 13 300   M    M   4 1      17 310
 3  72  51  62  -1   3   0 0.00  0.0    0  5.3 15 300   M    M   0        20 310
 4  81  48  65   2   0   0 0.00  0.0    0  5.1 20 320   M    M   0        23 330
 5  89  50  70   8   0   5 0.00  0.0    0  5.8 21  60   M    M   0 8      28  60
 6  91  54  73  11   0   8 0.00  0.0    0  3.9 17 310   M    M   0        20 310
 7  90  57  74  12   0   9 0.00  0.0    0  3.9 15 300   M    M   0        18 270
 8  88  58  73  11   0   8 0.00  0.0    0  2.4 15 320   M    M   0 128    17 310
 9  76  54  65   3   0   0 0.00  0.0    0  3.6 10 240   M    M   4 128    13 240
10  69  61  65   4   0   0 0.00  0.0    0  5.4 13 240   M    M   8 8      16 260
11  69  63  66   5   0   1 0.00  0.0    0  4.6 12 240   M    M  10        14 240
12  70  58  64   3   1   0    T  0.0    0  4.3 13 250   M    M   6        16 260
13  70  60  65   5   0   0 0.00  0.0    0  3.5 14 280   M    M   7        17 290
14  69  56  63   3   2   0 0.05  0.0    0  4.1 12 250   M    M   5 1      15 250
15  69  56  63   3   2   0 0.00  0.0    0  3.5 14 250   M    M   7        17 230
16  74  53  64   4   1   0 0.00  0.0    0  4.4 14 280   M    M   1        16 280
17  74  48  61   1   4   0 0.00    M    0  3.2 14 310   M    M   0        16 310
18  78  48  63   4   2   0 0.00  0.0    0  1.7 10 300   M    M   0        15 300
19  73  48  61   2   4   0 0.00    M    0  2.8 12 300   M    M   0        15 290
20  71  48  60   1   5   0    T    M    0  5.4 17 290   M    M   3        21 290
21  69  54  62   3   3   0 0.05  0.0    0  5.3 15 250   M    M   5 18     19 250
22  72  50  61   3   4   0 0.00  0.0    0  3.3 10 260   M    M   1 1      13 270
23  76  51  64   6   1   0 0.00  0.0    0  3.9 16 330   M    M   0        20 330
24  79  48  64   6   1   0 0.00  0.0    0  4.2 14 320   M    M   0        17 320
25  79  49  64   6   1   0 0.00    M    0  3.1 13 320   M    M   0        16 320
26  86  51  69  11   0   4 0.00  0.0    0  3.1 13 310   M    M   0        15 310
================================================================================
SM 1971 1383        40  35  0.55     0.0 110.9          M       68
================================================================================
AV 75.8 53.2                               4.3 FASTST   M    M   3    MAX(MPH)
                                 MISC ---->  # 21  60               # 28   60
================================================================================
NOTES:
# LAST OF SEVERAL OCCURRENCES

COLUMN 17 PEAK WIND IN M.P.H.

PRELIMINARY LOCAL CLIMATOLOGICAL DATA (WS FORM: F-6) , PAGE 2

                                          STATION:  SAN DIEGO/MONTGOMERY FLD CA
                                          MONTH:    NOVEMBER
                                          YEAR:     2014
                                          LATITUDE:   32 49 N
                                          LONGITUDE: 117  9 W

[TEMPERATURE DATA]      [PRECIPITATION DATA]       SYMBOLS USED IN COLUMN 16

AVERAGE MONTHLY: 64.5   TOTAL FOR MONTH:   0.55    1 = FOG OR MIST
DPTR FM NORMAL:   4.1   DPTR FM NORMAL:   -0.77    2 = FOG REDUCING VISIBILITY
HIGHEST:    91 ON  6    GRTST 24HR  0.43 ON  1- 2      TO 1/4 MILE OR LESS
LOWEST:     48 ON 24,20                            3 = THUNDER
                        SNOW, ICE PELLETS, HAIL    4 = ICE PELLETS
                        TOTAL MONTH:   0.0 INCH    5 = HAIL
                        GRTST 24HR     0.0         6 = FREEZING RAIN OR DRIZZLE
                        GRTST DEPTH:   0           7 = DUSTSTORM OR SANDSTORM:
                                                       VSBY 1/2 MILE OR LESS
                                                   8 = SMOKE OR HAZE
[NO. OF DAYS WITH]      [WEATHER - DAYS WITH]      9 = BLOWING SNOW
                                                   X = TORNADO
MAX 32 OR BELOW:   0    0.01 INCH OR MORE:   4
MAX 90 OR ABOVE:   2    0.10 INCH OR MORE:   1
MIN 32 OR BELOW:   0    0.50 INCH OR MORE:   0
MIN  0 OR BELOW:   0    1.00 INCH OR MORE:   0

[HDD (BASE 65) ]
TOTAL THIS MO.    40    CLEAR  (SCALE 0-3)  16
DPTR FM NORMAL   -94    PTCLDY (SCALE 4-7)   9
TOTAL FM JUL 1    40    CLOUDY (SCALE 8-10)  1
DPTR FM NORMAL  -139

[CDD (BASE 65) ]
TOTAL THIS MO.    35
DPTR FM NORMAL    22    [PRESSURE DATA]
TOTAL FM JAN 1  1516    HIGHEST SLP M ON M
DPTR FM NORMAL   676    LOWEST  SLP 29.80 ON  9

[REMARKS]




U.S. Dept. of Commerce
NOAA National Weather Service
1325 East West Highway
Silver Spring, MD 20910
E-mail: w-nws.webmaster@noaa.gov
Page last modified: May 16, 2007
NATIONAL WEATHER SERVICE: for Safety, for Work, for Fun - FOR LIFE