217
CXUS56 KSGX 231445
CF6MYF
PRELIMINARY LOCAL CLIMATOLOGICAL DATA (WS FORM: F-6)

                                          STATION:   SAN DIEGO/MONTGOMERY FLD CA
                                          MONTH:     APRIL
                                          YEAR:      2014
                                          LATITUDE:   32 49 N
                                          LONGITUDE: 117  9 W

  TEMPERATURE IN F:       :PCPN:    SNOW:  WIND      :SUNSHINE: SKY     :PK WND
================================================================================
1   2   3   4   5  6A  6B    7    8   9   10  11  12  13   14  15   16   17  18
                                     12Z  AVG MX 2MIN
DY MAX MIN AVG DEP HDD CDD  WTR  SNW DPTH SPD SPD DIR MIN PSBL S-S WX    SPD DR
================================================================================

 1  62  54  58  -1   7   0 0.16  0.0    0  7.9 14 280   M    M   7 1      20 310
 2  62  49  56  -3   9   0 0.00  0.0    M 13.8 22 300   M    M   5        30 290
 3  65  44  55  -4  10   0 0.00  0.0    0  5.7 14 290   M    M   0        20 310
 4  63  48  56  -3   9   0 0.00  0.0    0  4.3 14 300   M    M   3        20 290
 5  66  51  59   0   6   0 0.02  0.0    0  5.7 15 300   M    M   5 1      26 270
 6  76  48  62   3   3   0 0.00    M    0  4.4 15 310   M    M   0        20 300
 7  86  52  69  10   0   4 0.00  0.0    0  4.4 16 320   M    M   0        20 320
 8  88  58  73  14   0   8 0.00  0.0    0  4.8 17 320   M    M   0 8      21 310
 9  91  55  73  13   0   8 0.00  0.0    0  3.9 15 300   M    M   0        17 300
10  83  52  68   8   0   3 0.00  0.0    0  3.1 10 280   M    M   0        13 280
11  80  53  67   7   0   2 0.00  0.0    0  4.9 14 240   M    M   2 18     16 240
12  66  57  62   2   3   0 0.00  0.0    0  5.7 15 260   M    M   8        21 240
13  64  57  61   1   4   0 0.00  0.0    0  5.9 15 250   M    M  10        18 300
14  76  55  66   6   0   1 0.00  0.0    0  6.5 17 320   M    M   2 1      21 330
15  71  53  62   2   3   0 0.00  0.0    0  4.6 12 290   M    M   3 128    16 290
16  70  56  63   3   2   0 0.00  0.0    0  4.9 13 220   M    M   5 18     17 200
17  67  58  63   2   2   0 0.00  0.0    0  6.6 14 190   M    M   9 8      16 200
18  70  59  65   4   0   0 0.00  0.0    0  5.2 15 240   M    M   7        21 180
19  70  58  64   3   1   0 0.00  0.0    0  5.8 15 280   M    M   4        20 280
20  71  55  63   2   2   0 0.00  0.0    0  3.7 13 230   M    M   3 18     16 250
21  76  57  67   6   0   2 0.00  0.0    0  4.6 15 240   M    M   6 18     18 240
22  70  56  63   2   2   0 0.00  0.0    0  5.6 17 240   M    M   7 18     22 240
================================================================================
SM 1593 1185        63  28  0.18     0.0 122.0          M       86
================================================================================
AV 72.4 53.9                               5.5 FASTST   M    M   4    MAX(MPH)
                                 MISC ---->  # 22 300               # 30  290
================================================================================
NOTES:
# LAST OF SEVERAL OCCURRENCES

COLUMN 17 PEAK WIND IN M.P.H.

PRELIMINARY LOCAL CLIMATOLOGICAL DATA (WS FORM: F-6) , PAGE 2

                                          STATION:  SAN DIEGO/MONTGOMERY FLD CA
                                          MONTH:    APRIL
                                          YEAR:     2014
                                          LATITUDE:   32 49 N
                                          LONGITUDE: 117  9 W

[TEMPERATURE DATA]      [PRECIPITATION DATA]       SYMBOLS USED IN COLUMN 16

AVERAGE MONTHLY: 63.1   TOTAL FOR MONTH:   0.18    1 = FOG OR MIST
DPTR FM NORMAL:   3.2   DPTR FM NORMAL:   -0.45    2 = FOG REDUCING VISIBILITY
HIGHEST:    91 ON  9    GRTST 24HR  0.16 ON  1- 1      TO 1/4 MILE OR LESS
LOWEST:     44 ON  3                               3 = THUNDER
                        SNOW, ICE PELLETS, HAIL    4 = ICE PELLETS
                        TOTAL MONTH:   0.0 INCH    5 = HAIL
                        GRTST 24HR     0.0         6 = FREEZING RAIN OR DRIZZLE
                        GRTST DEPTH:   0           7 = DUSTSTORM OR SANDSTORM:
                                                       VSBY 1/2 MILE OR LESS
                                                   8 = SMOKE OR HAZE
[NO. OF DAYS WITH]      [WEATHER - DAYS WITH]      9 = BLOWING SNOW
                                                   X = TORNADO
MAX 32 OR BELOW:   0    0.01 INCH OR MORE:   2
MAX 90 OR ABOVE:   1    0.10 INCH OR MORE:   1
MIN 32 OR BELOW:   0    0.50 INCH OR MORE:   0
MIN  0 OR BELOW:   0    1.00 INCH OR MORE:   0

[HDD (BASE 65) ]
TOTAL THIS MO.    63    CLEAR  (SCALE 0-3)  11
DPTR FM NORMAL   -58    PTCLDY (SCALE 4-7)   9
TOTAL FM JUL 1   921    CLOUDY (SCALE 8-10)  2
DPTR FM NORMAL  -499

[CDD (BASE 65) ]
TOTAL THIS MO.    28
DPTR FM NORMAL    19    [PRESSURE DATA]
TOTAL FM JAN 1    46    HIGHEST SLP M ON M
DPTR FM NORMAL    28    LOWEST  SLP 29.78 ON 16

[REMARKS]




U.S. Dept. of Commerce
NOAA National Weather Service
1325 East West Highway
Silver Spring, MD 20910
E-mail: w-nws.webmaster@noaa.gov
Page last modified: May 16, 2007
NATIONAL WEATHER SERVICE: for Safety, for Work, for Fun - FOR LIFE