958
CXUS54 KLZK 261430
CF6MWT
PRELIMINARY LOCAL CLIMATOLOGICAL DATA (WS FORM: F-6)

                                          STATION:   Mount Ida
                                          MONTH:     NOVEMBER
                                          YEAR:      2014
                                          LATITUDE:   34 32 N
                                          LONGITUDE:  93 35 W

  TEMPERATURE IN F:       :PCPN:    SNOW:  WIND      :SUNSHINE: SKY     :PK WND
================================================================================
1   2   3   4   5  6A  6B    7    8   9   10  11  12  13   14  15   16   17  18
                                     12Z  AVG MX 2MIN
DY MAX MIN AVG DEP HDD CDD  WTR  SNW DPTH SPD SPD DIR MIN PSBL S-S WX    SPD DR
================================================================================

 1  56  28  42 -15  23   0 0.00  0.0    0  0.7  7  80   M    M   0        11  90
 2  60  34  47  -9  18   0 0.00  0.0    0  2.8 12 130   M    M   1        17 120
 3  70  40  55  -1  10   0 0.00  0.0    0  4.4 12 140   M    M   1        19 160
 4  63  55  59   3   6   0 1.04  0.0    0  1.8  9 310   M    M  10 1      17 170
 5  57  53  55   0  10   0 0.37  0.0    0  0.6  6 130   M    M  10 1       9 320
 6  68  37  53  -2  12   0 0.00  0.0    0  3.4 14 330   M    M   0 1      22 310
 7  61  31  46  -9  19   0 0.00  0.0    0  1.1  9 140   M    M   0        13 140
 8  66  37  52  -2  13   0 0.00  0.0    0  2.7 13 350   M    M   0        20 340
 9  67  32  50  -4  15   0 0.00  0.0    0  1.1  9 280   M    M   0 1      13 270
10  73  44  59   6   6   0 0.00  0.0    0  3.9 14 230   M    M   0        26 240
11  65  31  48  -5  17   0 0.00  0.0    0  6.0 16 320   M    M   6        25 330
12  47  26  37 -16  28   0 0.00  0.0    0  4.6 13 350   M    M   3        20 350
13  39  23  31 -21  34   0 0.01    T    0  4.3 13 340   M    M   5 4      19 340
14  43  20  32 -20  33   0 0.00  0.0    0  1.2  9 130   M    M   0        12  70
15  39  21  30 -21  35   0    T    T    0  3.2 10 140   M    M   6 148    14 130
16  38  30  34 -17  31   0 0.26  0.5    0  2.3 14 320   M    M  10 1      22 320
17  37  20  29 -21  36   0 0.02    T    1  6.6 15 330   M    M   2 1      27 340
18  47  15  31 -19  34   0 0.00  0.0    0  1.7 10 260   M    M   0        17 240
19  59  32  46  -4  19   0 0.00  0.0    0  4.0 14 220   M    M   0        26 270
20  60  28  44  -5  21   0 0.02    M    0  2.6  9 140   M    M   3 1      13 150
21  53  45  49   0  16   0 0.42    M    0  1.8  7  50   M    M  10 1      10  40
22  63  52  58  10   7   0 0.13  0.0    0  2.4 13 140   M    M   8 1      18 130
23  67  52  60  12   5   0 0.04  0.0    0  3.7 16 320   M    M   7 1      28 120
24  60  31  46  -2  19   0 0.00  0.0    0  5.0 17 320   M    M   2        29 290
25  57  25  41  -6  24   0 0.00  0.0    0  1.2 12 310   M    M   0        17 310
================================================================================
SM 1415  842       491   0  2.31     0.5  73.1          M       84
================================================================================
AV 56.6 33.7                               2.9 FASTST   M    M   3    MAX(MPH)
                                 MISC ---->  # 17 320               # 29  290
================================================================================
NOTES:
# LAST OF SEVERAL OCCURRENCES

COLUMN 17 PEAK WIND IN M.P.H.

PRELIMINARY LOCAL CLIMATOLOGICAL DATA (WS FORM: F-6) , PAGE 2

                                          STATION:  Mount Ida
                                          MONTH:    NOVEMBER
                                          YEAR:     2014
                                          LATITUDE:   34 32 N
                                          LONGITUDE:  93 35 W

[TEMPERATURE DATA]      [PRECIPITATION DATA]       SYMBOLS USED IN COLUMN 16

AVERAGE MONTHLY: 45.1   TOTAL FOR MONTH:   2.31    1 = FOG OR MIST
DPTR FM NORMAL:  -6.9   DPTR FM NORMAL:   -2.36    2 = FOG REDUCING VISIBILITY
HIGHEST:    73 ON 10    GRTST 24HR  1.10 ON  4- 5      TO 1/4 MILE OR LESS
LOWEST:     15 ON 18                               3 = THUNDER
                        SNOW, ICE PELLETS, HAIL    4 = ICE PELLETS
                        TOTAL MONTH:   0.5 INCH    5 = HAIL
                        GRTST 24HR   0.5 ON 16-16  6 = FREEZING RAIN OR DRIZZLE
                        GRTST DEPTH:   1 ON 17     7 = DUSTSTORM OR SANDSTORM:
                                                       VSBY 1/2 MILE OR LESS
                                                   8 = SMOKE OR HAZE
[NO. OF DAYS WITH]      [WEATHER - DAYS WITH]      9 = BLOWING SNOW
                                                   X = TORNADO
MAX 32 OR BELOW:   0    0.01 INCH OR MORE:   9
MAX 90 OR ABOVE:   0    0.10 INCH OR MORE:   5
MIN 32 OR BELOW:  15    0.50 INCH OR MORE:   1
MIN  0 OR BELOW:   0    1.00 INCH OR MORE:   1

[HDD (BASE 65) ]
TOTAL THIS MO.   491    CLEAR  (SCALE 0-3)  15
DPTR FM NORMAL   162    PTCLDY (SCALE 4-7)   6
TOTAL FM JUL 1   602    CLOUDY (SCALE 8-10)  4
DPTR FM NORMAL    82

[CDD (BASE 65) ]
TOTAL THIS MO.     0
DPTR FM NORMAL    -4    [PRESSURE DATA]
TOTAL FM JAN 1  1666    HIGHEST SLP M ON M
DPTR FM NORMAL   -69    LOWEST  SLP 29.28 ON 23

[REMARKS]
ALL SNOWFALL DATA IS FROM THE MT IDA 1 SSE COOPERATIVE OBSERVER SITE




U.S. Dept. of Commerce
NOAA National Weather Service
1325 East West Highway
Silver Spring, MD 20910
E-mail: w-nws.webmaster@noaa.gov
Page last modified: May 16, 2007
NATIONAL WEATHER SERVICE: for Safety, for Work, for Fun - FOR LIFE