106
CXUS54 KLZK 311430
CF6MWT
PRELIMINARY LOCAL CLIMATOLOGICAL DATA (WS FORM: F-6)

                                          STATION:   Mount Ida
                                          MONTH:     JANUARY
                                          YEAR:      2015
                                          LATITUDE:   34 32 N
                                          LONGITUDE:  93 35 W

  TEMPERATURE IN F:       :PCPN:    SNOW:  WIND      :SUNSHINE: SKY     :PK WND
================================================================================
1   2   3   4   5  6A  6B    7    8   9   10  11  12  13   14  15   16   17  18
                                     12Z  AVG MX 2MIN
DY MAX MIN AVG DEP HDD CDD  WTR  SNW DPTH SPD SPD DIR MIN PSBL S-S WX    SPD DR
================================================================================

 1  40  35  38  -2  27   0 0.50  0.0    0  0.3  6 140   M    M  10 1       8 170
 2  41  36  39  -1  26   0 2.43    M    0  1.4  9 280   M    M  10 1      15 280
 3  53  39  46   6  19   0 1.23    M    0  2.5 14 130   M    M   9 1      17 130
 4  43  25  34  -6  31   0 0.00  0.0    0  6.6 18 340   M    M   4        33 320
 5  41  17  29 -11  36   0 0.00  0.0    0  1.7  8 160   M    M   0        13 220
 6  60  25  43   3  22   0 0.00  0.0    0  0.9  9 320   M    M   0        11 350
 7  37  15  26 -14  39   0 0.00  0.0    0  3.2 16 340   M    M   1        25 350
 8  33   8  21 -19  44   0 0.00  0.0    0  2.0 10 150   M    M   0        16 170
 9  40  17  29 -11  36   0 0.00  0.0    0  2.9 12 340   M    M   0        16 320
10  36  14  25 -15  40   0    T    M    0  2.4  8 140   M    M   4        13 140
11  37  31  34  -6  31   0 0.41  0.0    0  0.6  6 100   M    M  10 16     10 140
12  43  34  39  -1  26   0 0.00  0.0    0  2.9  9 340   M    M  10 1      14 320
13  44  24  34  -6  31   0 0.00  0.0    0  1.8  8 350   M    M   2        12  40
14  45  20  33  -7  32   0 0.00  0.0    0  0.1  6 340   M    M   3         9  20
15  53  28  41   1  24   0 0.00  0.0    0  2.1 12 340   M    M   4        16 300
16  61  22  42   2  23   0 0.00  0.0    0  1.0  9 190   M    M   0        14 190
17  65  27  46   6  19   0 0.00  0.0    0  2.9 12 280   M    M   0        22 260
18  68  27  48   7  17   0 0.00  0.0    0  3.1 10 270   M    M   0        18 300
19  67  37  52  11  13   0 0.00  0.0    0  2.2  9 270   M    M   0        15 240
20  65  30  48   7  17   0 0.00  0.0    0  0.7  8  90   M    M   0        27  50
21  61  27  44   3  21   0 0.00  0.0    0  0.1  7 140   M    M   1        11  50
22  45  34  40  -1  25   0 0.64    M    0  1.1  8  80   M    M  10 1      13  70
23  51  33  42   1  23   0 0.00  0.0    0  2.8 12 330   M    M   4        19 340
24  62  26  44   3  21   0 0.00  0.0    0  2.2 13 300   M    M   0        17 310
25  63  36  50   9  15   0 0.00  0.0    0  7.9 22 310   M    M   5 8      35 310
26  68  33  51  10  14   0 0.00  0.0    0  3.1 12 330   M    M   1        17 330
27  75  34  55  14  10   0 0.00  0.0    0  0.6  7 290   M    M   0        10 290
28  72  31  52  11  13   0 0.00  0.0    0  3.5 10 250   M    M   0        21 250
29  66  35  51  10  14   0 0.00  0.0    0  6.6 17 340   M    M   0        27 330
30  54  25  40  -1  25   0 0.00  0.0    0  1.0  8 120   M    M   0        13 110
================================================================================
SM 1589  825       734   0  5.21     0.0  70.2          M       88
================================================================================
AV 53.0 27.5                               2.3 FASTST   M    M   3    MAX(MPH)
                                 MISC ---->  # 22 310               # 35  310
================================================================================
NOTES:
# LAST OF SEVERAL OCCURRENCES

COLUMN 17 PEAK WIND IN M.P.H.

PRELIMINARY LOCAL CLIMATOLOGICAL DATA (WS FORM: F-6) , PAGE 2

                                          STATION:  Mount Ida
                                          MONTH:    JANUARY
                                          YEAR:     2015
                                          LATITUDE:   34 32 N
                                          LONGITUDE:  93 35 W

[TEMPERATURE DATA]      [PRECIPITATION DATA]       SYMBOLS USED IN COLUMN 16

AVERAGE MONTHLY: 40.2   TOTAL FOR MONTH:   5.21    1 = FOG OR MIST
DPTR FM NORMAL:  -0.2   DPTR FM NORMAL:    1.71    2 = FOG REDUCING VISIBILITY
HIGHEST:    75 ON 27    GRTST 24HR  3.52 ON  2- 3      TO 1/4 MILE OR LESS
LOWEST:      8 ON  8                               3 = THUNDER
                        SNOW, ICE PELLETS, HAIL    4 = ICE PELLETS
                        TOTAL MONTH:   0.0 INCH    5 = HAIL
                        GRTST 24HR     0.0         6 = FREEZING RAIN OR DRIZZLE
                        GRTST DEPTH:   0           7 = DUSTSTORM OR SANDSTORM:
                                                       VSBY 1/2 MILE OR LESS
                                                   8 = SMOKE OR HAZE
[NO. OF DAYS WITH]      [WEATHER - DAYS WITH]      9 = BLOWING SNOW
                                                   X = TORNADO
MAX 32 OR BELOW:   0    0.01 INCH OR MORE:   5
MAX 90 OR ABOVE:   0    0.10 INCH OR MORE:   5
MIN 32 OR BELOW:  19    0.50 INCH OR MORE:   4
MIN  0 OR BELOW:   0    1.00 INCH OR MORE:   2

[HDD (BASE 65) ]
TOTAL THIS MO.   734    CLEAR  (SCALE 0-3)  19
DPTR FM NORMAL    -1    PTCLDY (SCALE 4-7)   5
TOTAL FM JUL 1  2040    CLOUDY (SCALE 8-10)  6
DPTR FM NORMAL   -30

[CDD (BASE 65) ]
TOTAL THIS MO.     0
DPTR FM NORMAL     0    [PRESSURE DATA]
TOTAL FM JAN 1     0    HIGHEST SLP M ON M
DPTR FM NORMAL     0    LOWEST  SLP 29.76 ON 25

[REMARKS]
ALL SNOWFALL DATA IS FROM THE MT IDA 1 SSE COOPERATIVE OBSERVER SITE




U.S. Dept. of Commerce
NOAA National Weather Service
1325 East West Highway
Silver Spring, MD 20910
E-mail: w-nws.webmaster@noaa.gov
Page last modified: May 16, 2007
NATIONAL WEATHER SERVICE: for Safety, for Work, for Fun - FOR LIFE