779
CXUS54 KFWD 010730
CF6MWL
PRELIMINARY LOCAL CLIMATOLOGICAL DATA (WS FORM: F-6)

                                          STATION:   MINERAL WELLS
                                          MONTH:     SEPTEMBER
                                          YEAR:      2014
                                          LATITUDE:   32 46 N
                                          LONGITUDE:  98  4 W

  TEMPERATURE IN F:       :PCPN:    SNOW:  WIND      :SUNSHINE: SKY     :PK WND
================================================================================
1   2   3   4   5  6A  6B    7    8   9   10  11  12  13   14  15   16   17  18
                                     12Z  AVG MX 2MIN
DY MAX MIN AVG DEP HDD CDD  WTR  SNW DPTH SPD SPD DIR MIN PSBL S-S WX    SPD DR
================================================================================

 1  97  76  87   7   0  22 0.00  0.0    0 12.8 18 160   M    M   0        26 160
 2  96  75  86   6   0  21 0.00  0.0    0 11.1 18 120   M    M   0        23 160
 3  95  74  85   5   0  20 0.00  0.0    0 10.9 22 160   M    M   1        30 160
 4  96  70  83   4   0  18 0.00  0.0    0 10.0 21 180   M    M   2        27 180
 5  94  70  82   3   0  17    T  0.0    0  7.2 17 110   M    M   1        22 120
 6  89  70  80   1   0  15 0.00  0.0    0  8.8 20 350   M    M   4 3      24 340
 7  85  68  77  -1   0  12    T  0.0    0  5.4 12 360   M    M   8        14  20
 8  94  68  81   3   0  16 0.00  0.0    0  4.9 14 220   M    M   1 18      M  M
 9  97  71  84   6   0  19 0.00  0.0    0 10.8 20 170   M    M   1 18     25 160
10 102  77  90  12   0  25 0.00  0.0    0 11.1 21 210   M    M   0        28 220
11  80  70  75  -2   0  10 0.00  0.0    0  9.4 16  10   M    M   8 18     23 340
12  72  56  64 -13   1   0 0.02  0.0    0 13.3 22 360   M    M  10 18     27 360
13  72  56  64 -12   1   0    T  0.0    0  8.9 20  10   M    M   7 18     24 360
14  81  58  70  -6   0   5 0.00  0.0    0  4.9 13 130   M    M   2 18     16 140
15  86  68  77   1   0  12 0.01  0.0    0  5.0 10 120   M    M   3 18     17 110
16  92  71  82   7   0  17 0.00  0.0    0  3.8 10 140   M    M   4 18     15 130
17  91  72  82   7   0  17 0.01  0.0    0  4.3 14 240   M    M   2 18     18 240
18  85  71  78   3   0  13 0.00  0.0    0  4.9 14 130   M    M   3 3      20 100
19  87  69  78   4   0  13    T  0.0    0  6.4 13 110   M    M   5 18     17 140
20  90  71  81   7   0  16 0.00  0.0    0  7.1 16 100   M    M   5 18     20 130
21  94  64  79   5   0  14 0.00  0.0    0  3.8 13  90   M    M   1        18 110
22  90  68  79   6   0  14 0.00  0.0    0  8.1 15  60   M    M   1        20  50
23  85  59  72  -1   0   7 0.00  0.0    0  7.0 15 130   M    M   0        20 140
24  87  55  71  -2   0   6 0.00  0.0    0  6.9 15 170   M    M   0        19 110
25  88  54  71  -1   0   6 0.00  0.0    0  5.0 15 160   M    M   0        19 150
26  87  60  74   2   0   9 0.00  0.0    0  3.9 13 140   M    M   3 8      16 140
27  88  64  76   4   0  11 0.00  0.0    0  6.3 16 160   M    M   1 8      23 160
28  88  63  76   5   0  11 0.00  0.0    0  2.6 14  60   M    M   5 8      16  60
29  89  61  75   4   0  10 0.00  0.0    0  4.4 15  40   M    M   1 18     19  30
30  92  65  79   8   0  14 0.00  0.0    0  7.8 17 170   M    M   0 18     24 130
================================================================================
SM 2669 1994         2 390  0.04     0.0 216.8          M       79
================================================================================
AV 89.0 66.5                               7.2 FASTST   M    M   3    MAX(MPH)
                                 MISC ---->  # 22 160               # 30  160
================================================================================
NOTES:
# LAST OF SEVERAL OCCURRENCES

COLUMN 17 PEAK WIND IN M.P.H.

PRELIMINARY LOCAL CLIMATOLOGICAL DATA (WS FORM: F-6) , PAGE 2

                                          STATION:  MINERAL WELLS
                                          MONTH:    SEPTEMBER
                                          YEAR:     2014
                                          LATITUDE:   32 46 N
                                          LONGITUDE:  98  4 W

[TEMPERATURE DATA]      [PRECIPITATION DATA]       SYMBOLS USED IN COLUMN 16

AVERAGE MONTHLY: 77.7   TOTAL FOR MONTH:   0.04    1 = FOG OR MIST
DPTR FM NORMAL:   2.2   DPTR FM NORMAL:   -2.78    2 = FOG REDUCING VISIBILITY
HIGHEST:   102 ON 10    GRTST 24HR  0.02 ON 12-12      TO 1/4 MILE OR LESS
LOWEST:     54 ON 25                               3 = THUNDER
                        SNOW, ICE PELLETS, HAIL    4 = ICE PELLETS
                        TOTAL MONTH:   0.0 INCH    5 = HAIL
                        GRTST 24HR     0.0         6 = FREEZING RAIN OR DRIZZLE
                        GRTST DEPTH:   0           7 = DUSTSTORM OR SANDSTORM:
                                                       VSBY 1/2 MILE OR LESS
                                                   8 = SMOKE OR HAZE
[NO. OF DAYS WITH]      [WEATHER - DAYS WITH]      9 = BLOWING SNOW
                                                   X = TORNADO
MAX 32 OR BELOW:   0    0.01 INCH OR MORE:   3
MAX 90 OR ABOVE:  14    0.10 INCH OR MORE:   0
MIN 32 OR BELOW:   0    0.50 INCH OR MORE:   0
MIN  0 OR BELOW:   0    1.00 INCH OR MORE:   0

[HDD (BASE 65) ]
TOTAL THIS MO.     2    CLEAR  (SCALE 0-3)  19
DPTR FM NORMAL    -8    PTCLDY (SCALE 4-7)   9
TOTAL FM JUL 1     2    CLOUDY (SCALE 8-10)  2
DPTR FM NORMAL    -8

[CDD (BASE 65) ]
TOTAL THIS MO.   390
DPTR FM NORMAL    64    [PRESSURE DATA]
TOTAL FM JAN 1  2297    HIGHEST SLP M ON M
DPTR FM NORMAL    70    LOWEST  SLP 29.69 ON 10

[REMARKS]
#FINAL-09-14#




U.S. Dept. of Commerce
NOAA National Weather Service
1325 East West Highway
Silver Spring, MD 20910
E-mail: w-nws.webmaster@noaa.gov
Page last modified: May 16, 2007
NATIONAL WEATHER SERVICE: for Safety, for Work, for Fun - FOR LIFE