090
CXUS54 KFWD 240730
CF6MWL
PRELIMINARY LOCAL CLIMATOLOGICAL DATA (WS FORM: F-6)

                                          STATION:   MINERAL WELLS
                                          MONTH:     APRIL
                                          YEAR:      2014
                                          LATITUDE:   32 46 N
                                          LONGITUDE:  98  4 W

  TEMPERATURE IN F:       :PCPN:    SNOW:  WIND      :SUNSHINE: SKY     :PK WND
================================================================================
1   2   3   4   5  6A  6B    7    8   9   10  11  12  13   14  15   16   17  18
                                     12Z  AVG MX 2MIN
DY MAX MIN AVG DEP HDD CDD  WTR  SNW DPTH SPD SPD DIR MIN PSBL S-S WX    SPD DR
================================================================================

 1  86  59  73  12   0   8 0.00  0.0    0 12.6 21 160   M    M   2 3      27 160
 2  82  67  75  13   0  10 0.00  0.0    0 13.7 22 160   M    M   4        28 170
 3  91  56  74  12   0   9 0.00  0.0    0 12.3 36 350   M    M   4 3      43 360
 4  69  41  55  -7  10   0 0.00  0.0    0 10.3 28 340   M    M   0        36 350
 5  61  45  53  -9  12   0 0.01  0.0    0  8.8 24 130   M    M   4        30 340
 6  53  45  49 -13  16   0 0.43  0.0    0  6.8 17  40   M    M  10 13     22  50
 7  69  48  59  -4   6   0 0.05  0.0    0  7.1 29 320   M    M   7 13     39 320
 8  73  48  61  -2   4   0 0.03  0.0    0 14.1 30 330   M    M   0        37 320
 9  86  42  64   1   1   0 0.00  0.0    0 10.8 21 170   M    M   0        27 160
10  93  56  75  12   0  10 0.00  0.0    0 15.4 25 170   M    M   0        35 170
11  87  57  72   8   0   7 0.00  0.0    0 11.2 20 150   M    M   0        27 130
12  87  62  75  11   0  10 0.00  0.0    0 15.4 26 160   M    M   0        33 170
13  81  56  69   5   0   4 0.13  0.0    0 15.2 26 160   M    M   4 13     34 310
14  56  37  47 -17  18   0 0.00  0.0    0 19.2 32 340   M    M   7        41 340
15  65  28  47 -18  18   0 0.00  0.0    0  5.8 15 170   M    M   0        19 180
16  71  40  56  -9   9   0 0.00  0.0    0 15.5 28 160   M    M   0        35 160
17  61  50  56  -9   9   0 0.09  0.0    0  9.4 16 140   M    M   8 18     22 120
18  75  52  64  -1   1   0 0.00  0.0    0  3.3  9 140   M    M   7 128    12  80
19  79  49  64  -2   1   0 0.00  0.0    0  8.1 18 130   M    M   1        23 160
20  77  59  68   2   0   3 1.06  0.0    0  9.1 21 210   M    M   7 138    25 230
21  86  62  74   8   0   9 0.00  0.0    0  8.4 20 320   M    M   6 1      27 340
22  83  56  70   4   0   5 0.00  0.0    0  5.4 17  70   M    M   0 1      20  40
23  89  56  73   7   0   8 0.00  0.0    0 13.2 23 150   M    M   0 1      30 130
================================================================================
SM 1760 1171       105  83  1.80     0.0 251.1          M       71
================================================================================
AV 76.5 50.9                              10.9 FASTST   M    M   3    MAX(MPH)
                                 MISC ---->  # 36 350               # 43  360
================================================================================
NOTES:
# LAST OF SEVERAL OCCURRENCES

COLUMN 17 PEAK WIND IN M.P.H.

PRELIMINARY LOCAL CLIMATOLOGICAL DATA (WS FORM: F-6) , PAGE 2

                                          STATION:  MINERAL WELLS
                                          MONTH:    APRIL
                                          YEAR:     2014
                                          LATITUDE:   32 46 N
                                          LONGITUDE:  98  4 W

[TEMPERATURE DATA]      [PRECIPITATION DATA]       SYMBOLS USED IN COLUMN 16

AVERAGE MONTHLY: 63.7   TOTAL FOR MONTH:   1.80    1 = FOG OR MIST
DPTR FM NORMAL:  -0.2   DPTR FM NORMAL:    0.09    2 = FOG REDUCING VISIBILITY
HIGHEST:    93 ON 10    GRTST 24HR  1.06 ON 20-20      TO 1/4 MILE OR LESS
LOWEST:     28 ON 15                               3 = THUNDER
                        SNOW, ICE PELLETS, HAIL    4 = ICE PELLETS
                        TOTAL MONTH:   0.0 INCH    5 = HAIL
                        GRTST 24HR     0.0         6 = FREEZING RAIN OR DRIZZLE
                        GRTST DEPTH:   0           7 = DUSTSTORM OR SANDSTORM:
                                                       VSBY 1/2 MILE OR LESS
                                                   8 = SMOKE OR HAZE
[NO. OF DAYS WITH]      [WEATHER - DAYS WITH]      9 = BLOWING SNOW
                                                   X = TORNADO
MAX 32 OR BELOW:   0    0.01 INCH OR MORE:   7
MAX 90 OR ABOVE:   2    0.10 INCH OR MORE:   3
MIN 32 OR BELOW:   1    0.50 INCH OR MORE:   1
MIN  0 OR BELOW:   0    1.00 INCH OR MORE:   1

[HDD (BASE 65) ]
TOTAL THIS MO.   105    CLEAR  (SCALE 0-3)  12
DPTR FM NORMAL    17    PTCLDY (SCALE 4-7)  10
TOTAL FM JUL 1  2857    CLOUDY (SCALE 8-10)  1
DPTR FM NORMAL   392

[CDD (BASE 65) ]
TOTAL THIS MO.    83
DPTR FM NORMAL    21    [PRESSURE DATA]
TOTAL FM JAN 1   107    HIGHEST SLP M ON M
DPTR FM NORMAL    11    LOWEST  SLP 29.51 ON 13

[REMARKS]




U.S. Dept. of Commerce
NOAA National Weather Service
1325 East West Highway
Silver Spring, MD 20910
E-mail: w-nws.webmaster@noaa.gov
Page last modified: May 16, 2007
NATIONAL WEATHER SERVICE: for Safety, for Work, for Fun - FOR LIFE