429
CXUS54 KFWD 010730
CF6MWL
PRELIMINARY LOCAL CLIMATOLOGICAL DATA (WS FORM: F-6)

                                          STATION:   MINERAL WELLS
                                          MONTH:     JULY
                                          YEAR:      2014
                                          LATITUDE:   32 46 N
                                          LONGITUDE:  98  4 W

  TEMPERATURE IN F:       :PCPN:    SNOW:  WIND      :SUNSHINE: SKY     :PK WND
================================================================================
1   2   3   4   5  6A  6B    7    8   9   10  11  12  13   14  15   16   17  18
                                     12Z  AVG MX 2MIN
DY MAX MIN AVG DEP HDD CDD  WTR  SNW DPTH SPD SPD DIR MIN PSBL S-S WX    SPD DR
================================================================================

 1  93  73  83   1   0  18 0.00  0.0    0  9.6 17 170   M    M   1        22 160
 2  90  72  81  -1   0  16    T  0.0    0  5.3 16 200   M    M   1 3      30 210
 3  84  71  78  -4   0  13 0.00  0.0    0  7.8 18 340   M    M   2 3      23 340
 4  91  70  81  -1   0  16 0.00  0.0    0  7.1 16 120   M    M   0        22 140
 5  93  71  82   0   0  17 0.00  0.0    0  9.2 16 130   M    M   0 1      21 150
 6  92  70  81  -1   0  16 0.00  0.0    0  9.0 16 120   M    M   0        20 110
 7  98  71  85   3   0  20 0.00  0.0    0  9.6 17 160   M    M   0        26 150
 8  97  70  84   2   0  19 0.00  0.0    0  7.5 16 150   M    M   0        23 130
 9  96  71  84   2   0  19    T  0.0    0  7.8 14 130   M    M   0 3      18 130
10  97  70  84   1   0  19 0.00  0.0    0  9.7 18 140   M    M   0        24 160
11  94  68  81  -2   0  16 0.00  0.0    0 11.1 22 200   M    M   0        32  90
12  97  67  82  -1   0  17 0.00  0.0    0  8.4 21 150   M    M   0        32 210
13  98  68  83   0   0  18 0.00  0.0    0  6.6 13 130   M    M   0        22 170
14 101  72  87   4   0  22 0.16  0.0    0  6.0 23 240   M    M   2 3      31 210
15  91  73  82  -1   0  17 0.00  0.0    0  8.8 21  70   M    M   3        26  80
16  89  66  78  -5   0  13 0.00  0.0    0  8.7 18 170   M    M   2        24 170
17  81  68  75  -8   0  10 0.59  0.0    0  6.6 17  40   M    M   9 13     32 210
18  76  65  71 -12   0   6 0.01  0.0    0  7.2 13  50   M    M   9 1      22  50
19  84  64  74 -10   0   9 0.00  0.0    0  5.7 14 120   M    M   4 1      21 350
20  93  65  79  -5   0  14 0.00  0.0    0  8.8 14 130   M    M   1 1      18 150
21  97  74  86   2   0  21 0.00  0.0    0  8.3 15 110   M    M   1 1      23 130
22  98  75  87   3   0  22 0.00  0.0    0  7.8 15  70   M    M   0 1      19  80
23  96  73  85   1   0  20 0.00  0.0    0  6.9 20 130   M    M   0 18     26 120
24  96  71  84   0   0  19 0.00  0.0    0  5.1 14 110   M    M   1        18 110
25 101  71  86   2   0  21 0.00  0.0    0  9.1 17 150   M    M   0        22 170
26 102  73  88   4   0  23 0.00  0.0    0 10.4 18 170   M    M   0        23 180
27 103  75  89   5   0  24 0.00  0.0    0  8.1 15 130   M    M   0        23 310
28  94  76  85   1   0  20 0.00  0.0    0  9.6 22  30   M    M   2        29  40
29  84  68  76  -8   0  11 0.15  0.0    0  6.3 17  80   M    M   6 3      20  80
30  94  70  82  -2   0  17    T  0.0    0 11.2 21 130   M    M   3        26 130
31  82  67  75  -9   0  10    T  0.0    0 10.2 20 330   M    M   8 1      23 350
================================================================================
SM 2882 2178         0 523  0.91     0.0 253.5          M       55
================================================================================
AV 93.0 70.3                               8.2 FASTST   M    M   2    MAX(MPH)
                                 MISC ---->  # 23 240               # 32   90
================================================================================
NOTES:
# LAST OF SEVERAL OCCURRENCES

COLUMN 17 PEAK WIND IN M.P.H.

PRELIMINARY LOCAL CLIMATOLOGICAL DATA (WS FORM: F-6) , PAGE 2

                                          STATION:  MINERAL WELLS
                                          MONTH:    JULY
                                          YEAR:     2014
                                          LATITUDE:   32 46 N
                                          LONGITUDE:  98  4 W

[TEMPERATURE DATA]      [PRECIPITATION DATA]       SYMBOLS USED IN COLUMN 16

AVERAGE MONTHLY: 81.6   TOTAL FOR MONTH:   0.91    1 = FOG OR MIST
DPTR FM NORMAL:  -1.5   DPTR FM NORMAL:   -1.08    2 = FOG REDUCING VISIBILITY
HIGHEST:   103 ON 27    GRTST 24HR  0.60 ON 17-18      TO 1/4 MILE OR LESS
LOWEST:     64 ON 19                               3 = THUNDER
                        SNOW, ICE PELLETS, HAIL    4 = ICE PELLETS
                        TOTAL MONTH:   0.0 INCH    5 = HAIL
                        GRTST 24HR     0.0         6 = FREEZING RAIN OR DRIZZLE
                        GRTST DEPTH:   0           7 = DUSTSTORM OR SANDSTORM:
                                                       VSBY 1/2 MILE OR LESS
                                                   8 = SMOKE OR HAZE
[NO. OF DAYS WITH]      [WEATHER - DAYS WITH]      9 = BLOWING SNOW
                                                   X = TORNADO
MAX 32 OR BELOW:   0    0.01 INCH OR MORE:   4
MAX 90 OR ABOVE:  24    0.10 INCH OR MORE:   3
MIN 32 OR BELOW:   0    0.50 INCH OR MORE:   1
MIN  0 OR BELOW:   0    1.00 INCH OR MORE:   0

[HDD (BASE 65) ]
TOTAL THIS MO.     0    CLEAR  (SCALE 0-3)  25
DPTR FM NORMAL     0    PTCLDY (SCALE 4-7)   4
TOTAL FM JUL 1     0    CLOUDY (SCALE 8-10)  2
DPTR FM NORMAL     0

[CDD (BASE 65) ]
TOTAL THIS MO.   523
DPTR FM NORMAL   -36    [PRESSURE DATA]
TOTAL FM JAN 1  1306    HIGHEST SLP M ON M
DPTR FM NORMAL   -39    LOWEST  SLP 29.80 ON  1

[REMARKS]
#FINAL-07-14#




U.S. Dept. of Commerce
NOAA National Weather Service
1325 East West Highway
Silver Spring, MD 20910
E-mail: w-nws.webmaster@noaa.gov
Page last modified: May 16, 2007
NATIONAL WEATHER SERVICE: for Safety, for Work, for Fun - FOR LIFE