088
CXUS54 KFWD 022025
CF6MWL
PRELIMINARY LOCAL CLIMATOLOGICAL DATA (WS FORM: F-6)

                                          STATION:   MINERAL WELLS
                                          MONTH:     NOVEMBER
                                          YEAR:      2014
                                          LATITUDE:   32 46 N
                                          LONGITUDE:  98  4 W

  TEMPERATURE IN F:       :PCPN:    SNOW:  WIND      :SUNSHINE: SKY     :PK WND
================================================================================
1   2   3   4   5  6A  6B    7    8   9   10  11  12  13   14  15   16   17  18
                                     12Z  AVG MX 2MIN
DY MAX MIN AVG DEP HDD CDD  WTR  SNW DPTH SPD SPD DIR MIN PSBL S-S WX    SPD DR
================================================================================

 1  64  34  49 -12  16   0 0.00  0.0    0  9.1 17 150   M    M   0        23 120
 2  70  46  58  -2   7   0 0.00  0.0    0 14.1 26 170   M    M   1        33 150
 3  74  56  65   5   0   0 0.00  0.0    0 13.9 23 160   M    M   9        31 160
 4  71  51  61   1   4   0 2.04  0.0    0 10.8 31  30   M    M  10 18     41  30
 5  57  49  53  -6  12   0 0.22  0.0    0  5.0 13 330   M    M   7 1      16 350
 6  73  40  57  -2   8   0 0.00  0.0    0  4.6 15  50   M    M   0 18     19  40
 7  70  40  55  -3  10   0 0.00  0.0    0  6.2 18 220   M    M   0 18     22 170
 8  70  44  57  -1   8   0 0.00  0.0    0  9.5 25  20   M    M   0        32  10
 9  77  37  57  -1   8   0 0.00  0.0    0  8.2 22 200   M    M   0 1      28 200
10  82  49  66   9   0   1 0.00  0.0    0 14.2 25 200   M    M   0        33 210
11  67  34  51  -6  14   0    T  0.0    0 17.8 35 330   M    M   3 8      42 330
12  38  28  33 -23  32   0 0.00  0.0    0 16.8 23 360   M    M   5        31 350
13  38  26  32 -24  33   0 0.00  0.0    0 11.6 22 350   M    M   6        28 350
14  40  25  33 -23  32   0 0.00  0.0    0  5.2 12 140   M    M   7        14 130
15  51  29  40 -15  25   0    T  0.0    0 12.9 22 140   M    M   5 18     27 130
16  45  26  36 -19  29   0    T    M    0 12.1 24 330   M    M  10 18     32 360
17  44  23  34 -20  31   0 0.00  0.0    M  7.7 18 350   M    M   0        22 290
18  58  19  39 -15  26   0 0.00  0.0    0  7.3 20 220   M    M   0        26 240
19  66  31  49  -5  16   0 0.00  0.0    0  6.7 16 230   M    M   0        20 210
20  71  35  53   0  12   0 0.00  0.0    0  7.0 16 170   M    M   0 18     23 180
21  73  54  64  11   1   0 0.29  0.0    0  9.8 17 140   M    M   8 1238   24 150
22   M   M   M   M   M   M 1.52  0.0    0 10.4 26 300   M    M   9 138    36 220
23   M   M   M   M   M   M 0.00  0.0    0 13.4 31 320   M    M   0 128    40 330
24  61  38  50  -2  15   0 0.00  0.0    0  6.0 14 300   M    M   0 8      18 300
25  58  31  45  -6  20   0 0.00  0.0    0  4.5 13 280   M    M   0        17 290
26  63  36  50  -1  15   0 0.00  0.0    0  8.0 18 350   M    M   0        23 330
27  59  34  47  -3  18   0 0.00  0.0    0  5.4 10 140   M    M   0        13 150
28  72  37  55   5  10   0 0.00  0.0    0 11.4 23 200   M    M   0        28 190
29  77  50  64  14   1   0 0.00  0.0    0 14.2 25 210   M    M   0 8      32 210
30  79  47  63  14   2   0 0.00  0.0    0 12.9 23 220   M    M   0        29 200
================================================================================
SM 1768 1049       405   1  4.07     0.0 296.7          M       80
================================================================================
AV 63.1 37.5                               9.9 FASTST   M    M   3    MAX(MPH)
                                 MISC ---->  # 35 330               # 42  330
================================================================================
NOTES:
# LAST OF SEVERAL OCCURRENCES

COLUMN 17 PEAK WIND IN M.P.H.

PRELIMINARY LOCAL CLIMATOLOGICAL DATA (WS FORM: F-6) , PAGE 2

                                          STATION:  MINERAL WELLS
                                          MONTH:    NOVEMBER
                                          YEAR:     2014
                                          LATITUDE:   32 46 N
                                          LONGITUDE:  98  4 W

[TEMPERATURE DATA]      [PRECIPITATION DATA]       SYMBOLS USED IN COLUMN 16

AVERAGE MONTHLY: 50.3   TOTAL FOR MONTH:   4.07    1 = FOG OR MIST
DPTR FM NORMAL:  -4.7   DPTR FM NORMAL:    1.91    2 = FOG REDUCING VISIBILITY
HIGHEST:    82 ON 10    GRTST 24HR  2.18 ON  4- 5      TO 1/4 MILE OR LESS
LOWEST:     19 ON 18                               3 = THUNDER
                        SNOW, ICE PELLETS, HAIL    4 = ICE PELLETS
                        TOTAL MONTH:   0.0 INCH    5 = HAIL
                        GRTST 24HR     0.0         6 = FREEZING RAIN OR DRIZZLE
                        GRTST DEPTH:   0           7 = DUSTSTORM OR SANDSTORM:
                                                       VSBY 1/2 MILE OR LESS
                                                   8 = SMOKE OR HAZE
[NO. OF DAYS WITH]      [WEATHER - DAYS WITH]      9 = BLOWING SNOW
                                                   X = TORNADO
MAX 32 OR BELOW:   0    0.01 INCH OR MORE:   4
MAX 90 OR ABOVE:   0    0.10 INCH OR MORE:   4
MIN 32 OR BELOW:   9    0.50 INCH OR MORE:   2
MIN  0 OR BELOW:   0    1.00 INCH OR MORE:   2

[HDD (BASE 65) ]
TOTAL THIS MO.   405    CLEAR  (SCALE 0-3)  19
DPTR FM NORMAL    87    PTCLDY (SCALE 4-7)   7
TOTAL FM JUL 1   436    CLOUDY (SCALE 8-10)  4
DPTR FM NORMAL    17

[CDD (BASE 65) ]
TOTAL THIS MO.     1
DPTR FM NORMAL   -17    [PRESSURE DATA]
TOTAL FM JAN 1  2499    HIGHEST SLP 30.63 ON 13
DPTR FM NORMAL   142    LOWEST  SLP 29.54 ON 10

[REMARKS]
#FINAL-11-14#




U.S. Dept. of Commerce
NOAA National Weather Service
1325 East West Highway
Silver Spring, MD 20910
E-mail: w-nws.webmaster@noaa.gov
Page last modified: May 16, 2007
NATIONAL WEATHER SERVICE: for Safety, for Work, for Fun - FOR LIFE