536
CXUS54 KFWD 240730
CF6MWL
PRELIMINARY LOCAL CLIMATOLOGICAL DATA (WS FORM: F-6)

                                          STATION:   MINERAL WELLS
                                          MONTH:     JANUARY
                                          YEAR:      2015
                                          LATITUDE:   32 46 N
                                          LONGITUDE:  98  4 W

  TEMPERATURE IN F:       :PCPN:    SNOW:  WIND      :SUNSHINE: SKY     :PK WND
================================================================================
1   2   3   4   5  6A  6B    7    8   9   10  11  12  13   14  15   16   17  18
                                     12Z  AVG MX 2MIN
DY MAX MIN AVG DEP HDD CDD  WTR  SNW DPTH SPD SPD DIR MIN PSBL S-S WX    SPD DR
================================================================================

 1  33  27  30 -14  35   0 0.41    M    0  3.8 10 340   M    M  10 16     11 320
 2  36  33  35  -9  30   0 0.48    M    0  7.4 14 360   M    M   9 13     17  40
 3  57  35  46   2  19   0 0.04    M    0  9.6 25 250   M    M   4 1      32 240
 4  40  25  33 -11  32   0 0.00  0.0    0 12.8 28 330   M    M   0        38 350
 5  49  20  35  -9  30   0 0.00  0.0    0  7.4 17 160   M    M   0        22 160
 6  60  28  44   0  21   0    T    M    0  5.5 12  40   M    M   0        14 350
 7  39  20  30 -14  35   0 0.00  0.0    0 14.8 29 360   M    M   0        33  10
 8  41  16  29 -15  36   0 0.00  0.0    0  7.8 20 190   M    M   0        25 180
 9  37  29  33 -11  32   0 0.00  0.0    0  9.6 20  20   M    M   8        25  30
10  39  31  35  -9  30   0    T  0.0    0  8.1 15 180   M    M  10 1      19 180
11  43  33  38  -6  27   0 0.04  0.0    0  8.2 15 140   M    M  10 1      19 140
12  42  33  38  -7  27   0 0.00  0.0    0 11.3 21 350   M    M  10 128    26 350
13  37  31  34 -11  31   0 0.00  0.0    0  7.7 14 360   M    M  10        18 350
14  40  34  37  -8  28   0 0.00  0.0    0  5.8 12 350   M    M  10        13 350
15  57  28  43  -2  22   0 0.00  0.0    0  4.5 13 310   M    M   2 1      21 300
16  66  27  47   2  18   0 0.00  0.0    0  5.3 16 190   M    M   0 1      22 200
17  68  35  52   7  13   0 0.00  0.0    0 11.5 26 340   M    M   0        34 320
18  73  28  51   6  14   0 0.00  0.0    0  6.4 20 200   M    M   0        25 200
19  72  33  53   8  12   0 0.00  0.0    0  5.5 14 240   M    M   0        17 220
20  72  34  53   8  12   0 0.00  0.0    0  5.8 17  40   M    M   0        24  30
21  59  38  49   4  16   0 0.56  0.0    0  8.0 20  90   M    M   5 1      24  80
22  45  37  41  -5  24   0 0.91    M    0 13.3 23  20   M    M  10 1      30  50
23  51  36  44  -2  21   0 0.00  0.0    0  8.7 20 280   M    M   4        24 290
================================================================================
SM 1156  691       565   0  2.44     0.0 188.8          M      102
================================================================================
AV 50.3 30.0                               8.2 FASTST   M    M   4    MAX(MPH)
                                 MISC ---->  # 29 360               # 38  350
================================================================================
NOTES:
# LAST OF SEVERAL OCCURRENCES

COLUMN 17 PEAK WIND IN M.P.H.

PRELIMINARY LOCAL CLIMATOLOGICAL DATA (WS FORM: F-6) , PAGE 2

                                          STATION:  MINERAL WELLS
                                          MONTH:    JANUARY
                                          YEAR:     2015
                                          LATITUDE:   32 46 N
                                          LONGITUDE:  98  4 W

[TEMPERATURE DATA]      [PRECIPITATION DATA]       SYMBOLS USED IN COLUMN 16

AVERAGE MONTHLY: 40.2   TOTAL FOR MONTH:   2.44    1 = FOG OR MIST
DPTR FM NORMAL:  -4.5   DPTR FM NORMAL:    1.45    2 = FOG REDUCING VISIBILITY
HIGHEST:    73 ON 18    GRTST 24HR  1.47 ON 21-22      TO 1/4 MILE OR LESS
LOWEST:     16 ON  8                               3 = THUNDER
                        SNOW, ICE PELLETS, HAIL    4 = ICE PELLETS
                        TOTAL MONTH:   0.0 INCH    5 = HAIL
                        GRTST 24HR     0.0         6 = FREEZING RAIN OR DRIZZLE
                        GRTST DEPTH:   0           7 = DUSTSTORM OR SANDSTORM:
                                                       VSBY 1/2 MILE OR LESS
                                                   8 = SMOKE OR HAZE
[NO. OF DAYS WITH]      [WEATHER - DAYS WITH]      9 = BLOWING SNOW
                                                   X = TORNADO
MAX 32 OR BELOW:   0    0.01 INCH OR MORE:   6
MAX 90 OR ABOVE:   0    0.10 INCH OR MORE:   4
MIN 32 OR BELOW:  12    0.50 INCH OR MORE:   2
MIN  0 OR BELOW:   0    1.00 INCH OR MORE:   0

[HDD (BASE 65) ]
TOTAL THIS MO.   565    CLEAR  (SCALE 0-3)  11
DPTR FM NORMAL    95    PTCLDY (SCALE 4-7)   4
TOTAL FM JUL 1  1485    CLOUDY (SCALE 8-10)  8
DPTR FM NORMAL   -14

[CDD (BASE 65) ]
TOTAL THIS MO.     0
DPTR FM NORMAL     0    [PRESSURE DATA]
TOTAL FM JAN 1     0    HIGHEST SLP M ON M
DPTR FM NORMAL     0    LOWEST  SLP 29.84 ON  3

[REMARKS]




U.S. Dept. of Commerce
NOAA National Weather Service
1325 East West Highway
Silver Spring, MD 20910
E-mail: w-nws.webmaster@noaa.gov
Page last modified: May 16, 2007
NATIONAL WEATHER SERVICE: for Safety, for Work, for Fun - FOR LIFE