725
CXUS56 KOTX 280900
CF6MWH
PRELIMINARY LOCAL CLIMATOLOGICAL DATA (WS FORM: F-6)

                                          STATION:   MOSES LAKE WA AIRPORT
                                          MONTH:     JULY
                                          YEAR:      2014
                                          LATITUDE:   47 12 N
                                          LONGITUDE: 119 19 W

  TEMPERATURE IN F:       :PCPN:    SNOW:  WIND      :SUNSHINE: SKY     :PK WND
================================================================================
1   2   3   4   5  6A  6B    7    8   9   10  11  12  13   14  15   16   17  18
                                     12Z  AVG MX 2MIN
DY MAX MIN AVG DEP HDD CDD  WTR  SNW DPTH SPD SPD DIR MIN PSBL S-S WX    SPD DR
================================================================================

 1  96  55  76   6   0  11 0.00    M    M  8.3 15 130   M    M   1        23 350
 2  95  61  78   8   0  13 0.00    M    M  7.6 18 270   M    M   1        24 270
 3  91  63  77   7   0  12 0.00    M    M 10.4 21 240   M    M   1        28 240
 4  86  56  71   1   0   6 0.00    M    M  6.0 14 180   M    M   1        18 210
 5  93  60  77   6   0  12 0.00    M    M  7.3 16 220   M    M   0        22  50
 6  97  63  80   9   0  15 0.00    M    M  8.9 20 310   M    M   0        24 310
 7  94  63  79   8   0  14 0.00    M    M  5.8 16 320   M    M   0        20 320
 8 100  62  81  10   0  16 0.00    M    M  6.1 13 220   M    M   1        17 220
 9  99  65  82  10   0  17 0.00    M    M  7.5 17 230   M    M   2        23 220
10  97  67  82  10   0  17 0.00    M    M  7.5 16 220   M    M   0        21 210
11  99  61  80   8   0  15 0.00    M    M  6.1 17 360   M    M   0        21 350
12 102  60  81   9   0  16 0.00    M    M  5.1 12 230   M    M   0        15 210
13 103  63  83  11   0  18 0.00    M    M  8.2 24 230   M    M   0        32 220
14 103  67  85  12   0  20    T    M    M  9.0 30 290   M    M   0 38     35 290
15 100  65  83  10   0  18 0.00    M    M  6.0 13 190   M    M   0        16 200
16 106  64  85  12   0  20 0.00    M    M  6.9 16 260   M    M   0 8      22 170
17  99  66  83  10   0  18 0.00    M    M 10.7 22 270   M    M   4 8      27 280
18  95  68  82   9   0  17 0.00    M    M 11.0 26 280   M    M   4 8      30 280
19  94  68  81   7   0  16 0.00    M    M 14.9 35 250   M    M   0 8      42 260
20  86  62  74   0   0   9 0.00    M    M  8.9 18 250   M    M   0        23 260
21  81  56  69  -5   0   4 0.00    M    M  5.9 12 120   M    M   0        17 170
22  81  63  72  -2   0   7 0.07    M    M  4.7 12 350   M    M   6 3      15 340
23  84  58  71  -3   0   6 0.01    M    M 10.4 41 230   M    M   2 8      52 220
24  80  50  65  -9   0   0 0.00    M    M 11.2 22 230   M    M   2        31 240
25  81  50  66  -8   0   1 0.00    M    M  4.4 13 220   M    M   0        17 210
26  90  52  71  -3   0   6 0.00    M    M  5.0 13 230   M    M   0        18 150
27  98  57  78   4   0  13 0.00    M    M  5.8 12 280   M    M   0        15 240
================================================================================
SM 2530 1645         0 337  0.08    M    209.6          M       25
================================================================================
AV 93.7 60.9                               7.8 FASTST   M    M   1    MAX(MPH)
                                 MISC ---->  # 41 230               # 52  220
================================================================================
NOTES:
# LAST OF SEVERAL OCCURRENCES

COLUMN 17 PEAK WIND IN M.P.H.

PRELIMINARY LOCAL CLIMATOLOGICAL DATA (WS FORM: F-6) , PAGE 2

                                          STATION:  MOSES LAKE WA AIRPORT
                                          MONTH:    JULY
                                          YEAR:     2014
                                          LATITUDE:   47 12 N
                                          LONGITUDE: 119 19 W

[TEMPERATURE DATA]      [PRECIPITATION DATA]       SYMBOLS USED IN COLUMN 16

AVERAGE MONTHLY: 77.3   TOTAL FOR MONTH:   0.08    1 = FOG OR MIST
DPTR FM NORMAL:   4.9   DPTR FM NORMAL:   -0.28    2 = FOG REDUCING VISIBILITY
HIGHEST:   106 ON 16    GRTST 24HR  0.07 ON 22-22      TO 1/4 MILE OR LESS
LOWEST:     50 ON 25,24                            3 = THUNDER
                        SNOW, ICE PELLETS, HAIL    4 = ICE PELLETS
                        TOTAL MONTH:    M          5 = HAIL
                        GRTST 24HR    M  ON   M    6 = FREEZING RAIN OR DRIZZLE
                        GRTST DEPTH:  M  ON   M    7 = DUSTSTORM OR SANDSTORM:
                                                       VSBY 1/2 MILE OR LESS
                                                   8 = SMOKE OR HAZE
[NO. OF DAYS WITH]      [WEATHER - DAYS WITH]      9 = BLOWING SNOW
                                                   X = TORNADO
MAX 32 OR BELOW:   0    0.01 INCH OR MORE:   2
MAX 90 OR ABOVE:  20    0.10 INCH OR MORE:   0
MIN 32 OR BELOW:   0    0.50 INCH OR MORE:   0
MIN  0 OR BELOW:   0    1.00 INCH OR MORE:   0

[HDD (BASE 65) ]
TOTAL THIS MO.     0    CLEAR  (SCALE 0-3)  24
DPTR FM NORMAL    -6    PTCLDY (SCALE 4-7)   3
TOTAL FM JUL 1     0    CLOUDY (SCALE 8-10)  0
DPTR FM NORMAL    -6

[CDD (BASE 65) ]
TOTAL THIS MO.   337
DPTR FM NORMAL   131    [PRESSURE DATA]
TOTAL FM JAN 1   489    HIGHEST SLP M ON M
DPTR FM NORMAL   173    LOWEST  SLP  0.00 ON M

[REMARKS]




U.S. Dept. of Commerce
NOAA National Weather Service
1325 East West Highway
Silver Spring, MD 20910
E-mail: w-nws.webmaster@noaa.gov
Page last modified: May 16, 2007
NATIONAL WEATHER SERVICE: for Safety, for Work, for Fun - FOR LIFE