978
CXUS56 KOTX 011500
CF6MWH
PRELIMINARY LOCAL CLIMATOLOGICAL DATA (WS FORM: F-6)

                                          STATION:   MOSES LAKE WA AIRPORT
                                          MONTH:     JANUARY
                                          YEAR:      2015
                                          LATITUDE:   47 12 N
                                          LONGITUDE: 119 19 W

  TEMPERATURE IN F:       :PCPN:    SNOW:  WIND      :SUNSHINE: SKY     :PK WND
================================================================================
1   2   3   4   5  6A  6B    7    8   9   10  11  12  13   14  15   16   17  18
                                     12Z  AVG MX 2MIN
DY MAX MIN AVG DEP HDD CDD  WTR  SNW DPTH SPD SPD DIR MIN PSBL S-S WX    SPD DR
================================================================================

 1  27  11  19  -9  46   0 0.00    M    M  2.3  8 150   M    M   4        11 170
 2  26  14  20  -8  45   0 0.00    M    M  2.7  9 160   M    M   6        10 210
 3  30  11  21  -7  44   0    T    M    M  3.2  8 340   M    M   4 1      10 360
 4  30  23  27  -1  38   0 0.04    M    M  3.8 10 160   M    M  10 1      13 180
 5  39  28  34   6  31   0 0.00    M    M  5.4 12 340   M    M   5 12     13  10
 6  41  32  37   9  28   0 0.00    M    M  7.1 12 350   M    M   2 1      13 340
 7  45  28  37   8  28   0 0.00    M    M  6.6 10  10   M    M   3 1      12 350
 8  36  30  33   4  32   0 0.00    M    M  7.9 13 340   M    M   9 1      16 340
 9  34  25  30   1  35   0 0.00    M    M  2.7  8  30   M    M   7 1       9  20
10  34  31  33   4  32   0 0.00    M    M  0.9  5 290   M    M  10 12      5 340
11  38  31  35   6  30   0 0.00    M    M  4.6 10  40   M    M  10        13  30
12  41  26  34   5  31   0 0.00    M    M  2.6  7 190   M    M   4         8 230
13  35  30  33   3  32   0 0.00    M    M  3.3  9  30   M    M  10 1      10  20
14  36  32  34   4  31   0    T    M    M  5.6 10  30   M    M  10 1      11  30
15  35  32  34   4  31   0 0.09    M    M  2.6  8  10   M    M  10 1      10  20
16  32  28  30   0  35   0 0.06    M    M  6.4 13  30   M    M  10 12     14 160
17  34  24  29  -1  36   0 0.58    M    M  5.0 10 350   M    M   8 1      13 340
18  53  32  43  13  22   0 0.02    M    M  7.9 21 210   M    M   5 12     28 200
19  51  31  41  11  24   0 0.00    M    M  6.1 16 190   M    M   0        19 190
20  40  27  34   4  31   0 0.00    M    M  6.9 10  20   M    M   3 1      17  40
21  33  28  31   0  34   0 0.00    M    M  4.7 10  30   M    M  10 1      13  20
22  34  32  33   2  32   0    T    M    M  3.4  8 100   M    M  10 1       9  90
23  35  32  34   3  31   0    T    M    M  4.5 12 140   M    M  10 12     14 160
24  42  33  38   7  27   0 0.00    M    M  5.6 12 350   M    M  10 12     14 350
25  40  34  37   6  28   0 0.00    M    M  4.7 10 360   M    M  10 12     12 350
26  43  31  37   6  28   0 0.00    M    M  4.9 10 350   M    M   4 12     12 100
27  38  33  36   4  29   0 0.00    M    M  3.1  7 180   M    M  10 12      9 150
28  39  33  36   4  29   0 0.00    M    M  5.5 12 350   M    M  10 1      14  30
29  39  35  37   5  28   0 0.00    M    M  5.2 12  10   M    M  10        14  10
30  38  34  36   4  29   0 0.00    M    M  3.7 10 180   M    M  10 1      13 180
31  37  34  36   4  29   0 0.00    M    M  3.4  8  10   M    M  10 1       9  10
================================================================================
SM 1155  885       986   0  0.79    M    142.3          M      234
================================================================================
AV 37.3 28.5                               4.6 FASTST   M    M   8    MAX(MPH)
                                 MISC ---->  # 21 210               # 28  200
================================================================================
NOTES:
# LAST OF SEVERAL OCCURRENCES

COLUMN 17 PEAK WIND IN M.P.H.

PRELIMINARY LOCAL CLIMATOLOGICAL DATA (WS FORM: F-6) , PAGE 2

                                          STATION:  MOSES LAKE WA AIRPORT
                                          MONTH:    JANUARY
                                          YEAR:     2015
                                          LATITUDE:   47 12 N
                                          LONGITUDE: 119 19 W

[TEMPERATURE DATA]      [PRECIPITATION DATA]       SYMBOLS USED IN COLUMN 16

AVERAGE MONTHLY: 32.9   TOTAL FOR MONTH:   0.79    1 = FOG OR MIST
DPTR FM NORMAL:   2.9   DPTR FM NORMAL:   -0.35    2 = FOG REDUCING VISIBILITY
HIGHEST:    53 ON 18    GRTST 24HR  0.60 ON 17-18      TO 1/4 MILE OR LESS
LOWEST:     11 ON  3, 1                            3 = THUNDER
                        SNOW, ICE PELLETS, HAIL    4 = ICE PELLETS
                        TOTAL MONTH:    M          5 = HAIL
                        GRTST 24HR    M  ON   M    6 = FREEZING RAIN OR DRIZZLE
                        GRTST DEPTH:  M  ON   M    7 = DUSTSTORM OR SANDSTORM:
                                                       VSBY 1/2 MILE OR LESS
                                                   8 = SMOKE OR HAZE
[NO. OF DAYS WITH]      [WEATHER - DAYS WITH]      9 = BLOWING SNOW
                                                   X = TORNADO
MAX 32 OR BELOW:   5    0.01 INCH OR MORE:   5
MAX 90 OR ABOVE:   0    0.10 INCH OR MORE:   1
MIN 32 OR BELOW:  24    0.50 INCH OR MORE:   1
MIN  0 OR BELOW:   0    1.00 INCH OR MORE:   0

[HDD (BASE 65) ]
TOTAL THIS MO.   986    CLEAR  (SCALE 0-3)   4
DPTR FM NORMAL  -101    PTCLDY (SCALE 4-7)   9
TOTAL FM JUL 1  3118    CLOUDY (SCALE 8-10) 18
DPTR FM NORMAL  -556

[CDD (BASE 65) ]
TOTAL THIS MO.     0
DPTR FM NORMAL     0    [PRESSURE DATA]
TOTAL FM JAN 1     0    HIGHEST SLP 30.62 ON 13
DPTR FM NORMAL     0    LOWEST  SLP 29.80 ON 18

[REMARKS]
#FINAL-01-15#




U.S. Dept. of Commerce
NOAA National Weather Service
1325 East West Highway
Silver Spring, MD 20910
E-mail: w-nws.webmaster@noaa.gov
Page last modified: May 16, 2007
NATIONAL WEATHER SERVICE: for Safety, for Work, for Fun - FOR LIFE