778
CXUS56 KOTX 011500
CF6MWH
PRELIMINARY LOCAL CLIMATOLOGICAL DATA (WS FORM: F-6)

                                          STATION:   MOSES LAKE WA AIRPORT
                                          MONTH:     NOVEMBER
                                          YEAR:      2014
                                          LATITUDE:   47 12 N
                                          LONGITUDE: 119 19 W

  TEMPERATURE IN F:       :PCPN:    SNOW:  WIND      :SUNSHINE: SKY     :PK WND
================================================================================
1   2   3   4   5  6A  6B    7    8   9   10  11  12  13   14  15   16   17  18
                                     12Z  AVG MX 2MIN
DY MAX MIN AVG DEP HDD CDD  WTR  SNW DPTH SPD SPD DIR MIN PSBL S-S WX    SPD DR
================================================================================

 1  59  41  50   7  15   0 0.00    M    M  8.3 18 350   M    M   4 1      23 360
 2  59  36  48   5  17   0 0.01    M    M  5.5 12 220   M    M   1        15 210
 3  55  38  47   5  18   0 0.01    M    M  4.4  9 190   M    M   8 18     13 200
 4  63  46  55  13  10   0 0.10    M    M 10.3 20 210   M    M   5        25 210
 5  61  46  54  12  11   0 0.10    M    M  5.3 12  10   M    M   6 18     15 360
 6  63  49  56  15   9   0    T    M    M  8.8 35 250   M    M   6 12     45 250
 7  58  33  46   5  19   0 0.00    M    M  5.2 18 260   M    M   0        22 270
 8  52  30  41   1  24   0 0.00    M    M  1.9  7 310   M    M   0         9 160
 9  61  35  48   8  17   0 0.00    M    M  8.2 30 280   M    M   4 12     36 280
10  50  34  42   2  23   0 0.00    M    M  7.3 16 340   M    M   4        20 330
11  34  21  28 -11  37   0 0.00    M    M 20.7 36  50   M    M   3        44  50
12  34  17  26 -13  39   0 0.00    M    M 11.9 21  50   M    M   0        26  50
13  35  15  25 -13  40   0 0.00    M    M  8.7 18  40   M    M   4        22  30
14  38   9  24 -14  41   0 0.00    M    M  6.5 13  10   M    M   0        14  20
15  37   9  23 -15  42   0 0.00    M    M  4.5  9  20   M    M   0 1      11  20
16  34   8  21 -16  44   0 0.00    M    M  4.8  9  10   M    M   0 18      9  10
17  36  11  24 -13  41   0 0.00    M    M  4.7 10  50   M    M   0 1      11  50
18  30   9  20 -17  45   0 0.00    M    M  3.6  9 140   M    M   2 128    11 150
19  32  18  25 -11  40   0 0.00    M    M  2.0  7 220   M    M   6 128     8 210
20  37  25  31  -5  34   0    T    M    M  3.7 10 130   M    M   8 18     12 140
21  34  24  29  -6  36   0 0.38    M    M  2.1 10 270   M    M   9 1      12 240
22  45  32  39   4  26   0 0.00    M    M 11.1 20 270   M    M   2 1      23 210
23  50  32  41   6  24   0 0.00    M    M 11.6 30 270   M    M   1        36 270
24  42  30  36   2  29   0 0.00    M    M  5.7 13 140   M    M   4 1      15 150
25  42  32  37   3  28   0 0.13    M    M  7.9 15  10   M    M   8 1      17  10
26  39  36  38   4  27   0 0.00    M    M  1.5  6 360   M    M  10 12      7 340
27  61  33  47  14  18   0 0.00    M    M  7.2 24 230   M    M   5 12     30 240
28  59  40  50  17  15   0 0.03    M    M 15.8 28 190   M    M   2        37 190
29  41  12  27  -5  38   0    T    M    M 15.7 38 360   M    M   5        45 360
30  28   8  18 -14  47   0 0.00    M    M  7.9 14 360   M    M   0        17  30
================================================================================
SM 1369  809       854   0  0.76    M    222.8          M      107
================================================================================
AV 45.6 27.0                               7.4 FASTST   M    M   4    MAX(MPH)
                                 MISC ---->  # 38 360               # 45  250
================================================================================
NOTES:
# LAST OF SEVERAL OCCURRENCES

COLUMN 17 PEAK WIND IN M.P.H.

PRELIMINARY LOCAL CLIMATOLOGICAL DATA (WS FORM: F-6) , PAGE 2

                                          STATION:  MOSES LAKE WA AIRPORT
                                          MONTH:    NOVEMBER
                                          YEAR:     2014
                                          LATITUDE:   47 12 N
                                          LONGITUDE: 119 19 W

[TEMPERATURE DATA]      [PRECIPITATION DATA]       SYMBOLS USED IN COLUMN 16

AVERAGE MONTHLY: 36.3   TOTAL FOR MONTH:   0.76    1 = FOG OR MIST
DPTR FM NORMAL:  -1.2   DPTR FM NORMAL:   -0.44    2 = FOG REDUCING VISIBILITY
HIGHEST:    63 ON  6, 4 GRTST 24HR  0.38 ON 21-21      TO 1/4 MILE OR LESS
LOWEST:      8 ON 30,16                            3 = THUNDER
                        SNOW, ICE PELLETS, HAIL    4 = ICE PELLETS
                        TOTAL MONTH:    M          5 = HAIL
                        GRTST 24HR    M  ON   M    6 = FREEZING RAIN OR DRIZZLE
                        GRTST DEPTH:  M  ON   M    7 = DUSTSTORM OR SANDSTORM:
                                                       VSBY 1/2 MILE OR LESS
                                                   8 = SMOKE OR HAZE
[NO. OF DAYS WITH]      [WEATHER - DAYS WITH]      9 = BLOWING SNOW
                                                   X = TORNADO
MAX 32 OR BELOW:   3    0.01 INCH OR MORE:   7
MAX 90 OR ABOVE:   0    0.10 INCH OR MORE:   4
MIN 32 OR BELOW:  18    0.50 INCH OR MORE:   0
MIN  0 OR BELOW:   0    1.00 INCH OR MORE:   0

[HDD (BASE 65) ]
TOTAL THIS MO.   854    CLEAR  (SCALE 0-3)  14
DPTR FM NORMAL    30    PTCLDY (SCALE 4-7)  14
TOTAL FM JUL 1  1202    CLOUDY (SCALE 8-10)  2
DPTR FM NORMAL  -259

[CDD (BASE 65) ]
TOTAL THIS MO.     0
DPTR FM NORMAL     0    [PRESSURE DATA]
TOTAL FM JAN 1   952    HIGHEST SLP 30.75 ON 16
DPTR FM NORMAL   337    LOWEST  SLP 29.26 ON 28

[REMARKS]
#FINAL-11-14#




U.S. Dept. of Commerce
NOAA National Weather Service
1325 East West Highway
Silver Spring, MD 20910
E-mail: w-nws.webmaster@noaa.gov
Page last modified: May 16, 2007
NATIONAL WEATHER SERVICE: for Safety, for Work, for Fun - FOR LIFE