802
CXUS51 KBTV 310700
CF6MVL
PRELIMINARY LOCAL CLIMATOLOGICAL DATA (WS FORM: F-6)

                                          STATION:   MORRISVILLE VT
                                          MONTH:     JULY
                                          YEAR:      2014
                                          LATITUDE:   44 31 N
                                          LONGITUDE:  72 37 W

  TEMPERATURE IN F:       :PCPN:    SNOW:  WIND      :SUNSHINE: SKY     :PK WND
================================================================================
1   2   3   4   5  6A  6B    7    8   9   10  11  12  13   14  15   16   17  18
                                     12Z  AVG MX 2MIN
DY MAX MIN AVG DEP HDD CDD  WTR  SNW DPTH SPD SPD DIR MIN PSBL S-S WX    SPD DR
================================================================================

 1  89  64  77  11   0  12 0.00  0.0    0  4.6 17 190   M    M   2 1      25 190
 2  90  69  80  13   0  15 0.90  0.0    0  3.5 18 180   M    M   2 13     30 180
 3  86  64  75   8   0  10 1.02  0.0    0  3.3 18 340   M    M   6 123    26 340
 4  67  57  62  -5   3   0 0.37  0.0    0  3.9 13 330   M    M   9 1      19 330
 5  78  57  68   1   0   3 0.00  0.0    0  8.7 18 310   M    M   3        30 310
 6  81  58  70   3   0   5 0.00  0.0    0  6.1 14 200   M    M   3        21 300
 7  75  55  65  -3   0   0 0.06  0.0    0  2.7 13 190   M    M   5 1      17 190
 8  86  63  75   7   0  10 0.35  0.0    0  5.8 12 230   M    M   3 13     32 200
 9  80  59  70   2   0   5 0.14  0.0    0  4.2 21 300   M    M   4 1      29 300
10  74  51  63  -5   2   0 0.00  0.0    0  2.8 12 330   M    M   2        18 310
11  78  46  62  -6   3   0 0.00  0.0    0  1.5  9  10   M    M   1 128    13  20
12  84  47  66  -2   0   1    T    M    0  1.8 10 190   M    M   2 1      15 200
13  79  64  72   4   0   7 0.08  0.0    0  5.1 13 200   M    M   5 1      20 200
14  83  60  72   4   0   7 0.18  0.0    0  2.0 14 320   M    M   6 12     20 310
15  80  62  71   3   0   6 0.06  0.0    0  2.3 12 200   M    M   7 12     17 190
16  77  56  67  -1   0   2 0.40  0.0    0  2.3 14 340   M    M   6 1      19 340
17  74  52  63  -5   2   0 0.00  0.0    0  1.8 10 320   M    M   4        15 290
18  78  48  63  -5   2   0 0.00  0.0    0  2.2 12 340   M    M   4 12     16 350
19  79  50  65  -3   0   0 0.00  0.0    0  0.9  7 190   M    M   2 12     12 160
20  79  55  67  -1   0   2 0.00  0.0    0  1.1  8 130   M    M   3 1      14 120
21  83  52  68   0   0   3 0.00  0.0    0  1.4  8 110   M    M   4        11 120
22  86  58  72   4   0   7 0.00  0.0    0  2.4  9 200   M    M   2 12     14 270
23  87  63  75   7   0  10 1.18  0.0    0  5.0 10 200   M    M   5 13     17 200
24  64  58  61  -7   4   0 0.00  0.0    M  3.7 12 330   M    M   2        16  10
25   M   M   M   M   M   M 0.00  0.0    0  1.4 12 330   M    M   4 12     20 330
26  79  52  66  -2   0   1 0.00  0.0    0  1.8 13 200   M    M   4 1      17 210
27  78  57  68   0   0   3 0.57  0.0    0  2.9 10 200   M    M   8 138    14 200
28  69  57  63  -5   2   0 0.85  0.0    0  4.1 15 330   M    M  10 12     22 330
29  71  50  61  -7   4   0    T  0.0    0  4.2 14 330   M    M   6 1      20 320
30  74  47  61  -6   4   0 0.00  0.0    0  1.9  9 100   M    M   6 12     13 120
================================================================================
SM 2288 1631        26 109  6.16     0.0  95.4          M      130
================================================================================
AV 78.9 56.2                               3.2 FASTST   M    M   4    MAX(MPH)
                                 MISC ---->  # 21 300                 32    M
================================================================================
NOTES:
# LAST OF SEVERAL OCCURRENCES

COLUMN 17 PEAK WIND IN M.P.H.

PRELIMINARY LOCAL CLIMATOLOGICAL DATA (WS FORM: F-6) , PAGE 2

                                          STATION:  MORRISVILLE VT
                                          MONTH:    JULY
                                          YEAR:     2014
                                          LATITUDE:   44 31 N
                                          LONGITUDE:  72 37 W

[TEMPERATURE DATA]      [PRECIPITATION DATA]       SYMBOLS USED IN COLUMN 16

AVERAGE MONTHLY: 67.6   TOTAL FOR MONTH:   6.16    1 = FOG OR MIST
DPTR FM NORMAL:  -0.2   DPTR FM NORMAL:    2.15    2 = FOG REDUCING VISIBILITY
HIGHEST:    90 ON  2    GRTST 24HR  1.39 ON  3- 4      TO 1/4 MILE OR LESS
LOWEST:     46 ON 11                               3 = THUNDER
                        SNOW, ICE PELLETS, HAIL    4 = ICE PELLETS
                        TOTAL MONTH:   0.0 INCH    5 = HAIL
                        GRTST 24HR     0.0         6 = FREEZING RAIN OR DRIZZLE
                        GRTST DEPTH:   0           7 = DUSTSTORM OR SANDSTORM:
                                                       VSBY 1/2 MILE OR LESS
                                                   8 = SMOKE OR HAZE
[NO. OF DAYS WITH]      [WEATHER - DAYS WITH]      9 = BLOWING SNOW
                                                   X = TORNADO
MAX 32 OR BELOW:   0    0.01 INCH OR MORE:  13
MAX 90 OR ABOVE:   1    0.10 INCH OR MORE:  10
MIN 32 OR BELOW:   0    0.50 INCH OR MORE:   5
MIN  0 OR BELOW:   0    1.00 INCH OR MORE:   2

[HDD (BASE 65) ]
TOTAL THIS MO.    26    CLEAR  (SCALE 0-3)  12
DPTR FM NORMAL    -5    PTCLDY (SCALE 4-7)  16
TOTAL FM JUL 1    26    CLOUDY (SCALE 8-10)  2
DPTR FM NORMAL    -5

[CDD (BASE 65) ]
TOTAL THIS MO.   109
DPTR FM NORMAL    -4    [PRESSURE DATA]
TOTAL FM JAN 1   154    HIGHEST SLP M ON M
DPTR FM NORMAL   -15    LOWEST  SLP 29.53 ON 28

[REMARKS]




U.S. Dept. of Commerce
NOAA National Weather Service
1325 East West Highway
Silver Spring, MD 20910
E-mail: w-nws.webmaster@noaa.gov
Page last modified: May 16, 2007
NATIONAL WEATHER SERVICE: for Safety, for Work, for Fun - FOR LIFE