987
CXUS51 KBTV 290700
CF6MVL
PRELIMINARY LOCAL CLIMATOLOGICAL DATA (WS FORM: F-6)

                                          STATION:   MORRISVILLE VT
                                          MONTH:     AUGUST
                                          YEAR:      2014
                                          LATITUDE:   44 31 N
                                          LONGITUDE:  72 37 W

  TEMPERATURE IN F:       :PCPN:    SNOW:  WIND      :SUNSHINE: SKY     :PK WND
================================================================================
1   2   3   4   5  6A  6B    7    8   9   10  11  12  13   14  15   16   17  18
                                     12Z  AVG MX 2MIN
DY MAX MIN AVG DEP HDD CDD  WTR  SNW DPTH SPD SPD DIR MIN PSBL S-S WX    SPD DR
================================================================================

 1  82  50  66  -1   0   1 0.00  0.0    M  1.9 12 190   M    M   0 128    15 200
 2  83  56  70   3   0   5    T  0.0    0  2.2  9 140   M    M   2 13     15 150
 3  82  57  70   3   0   5 0.02  0.0    0  0.6  7 220   M    M   3 12     12 220
 4  81  61  71   4   0   6 0.44  0.0    0  1.9  9 300   M    M   5 13     13 350
 5  83  60  72   5   0   7 0.11  0.0    0  2.3 21 320   M    M   6 123    30 310
 6  75  55  65  -2   0   0 0.03  0.0    0  4.1 15 340   M    M   6 12     20 350
 7  71  55  63  -4   2   0 0.37  0.0    0  3.0 20 300   M    M   5 138    29 300
 8  77  51  64  -3   1   0 0.00  0.0    0  3.1 15 350   M    M   3 12     20 340
 9  81  51  66   0   0   1 0.00  0.0    0  3.4 12 340   M    M   2 12     17 360
10  83  50  67   1   0   2 0.00  0.0    0  2.0 12 350   M    M   2 12     16 330
11  85  52  69   3   0   4 0.00  0.0    0  1.0  7 130   M    M   3 12     10 120
12  81  55  68   2   0   3    T  0.0    0  5.2 15 160   M    M   5 12     24 160
13  70  59  65  -1   0   0 0.84  0.0    0  3.6 16 160   M    M  10 1      27 160
14  68  50  59  -7   6   0 0.02  0.0    0  3.5 12 300   M    M   7 1      19 300
15  68  51  60  -6   5   0 0.01  0.0    0  2.8  8 210   M    M   9         M  M
16  68  55  62  -4   3   0 0.15  0.0    0  2.5 10 190   M    M   9 1      14 180
17  68  57  63  -3   2   0 0.14  0.0    0  4.1 13 310   M    M   8 1      18 290
18  67  47  57  -8   8   0    T    M    0  4.2 15 320   M    M   5 1      20 300
19  76  46  61  -4   4   0 0.00  0.0    0  0.6  7  20   M    M   4 12     10  30
20  82  47  65   0   0   0 0.00  0.0    0  1.0  7 120   M    M   4 12     10 150
21  68  58  63  -2   2   0 0.08  0.0    0  1.9  7 210   M    M   8 1      13 170
22  65  59  62  -3   3   0 0.27  0.0    0  1.5  5  90   M    M  10 1       9 190
23  77  56  67   2   0   2 0.00  0.0    0  1.0  7 360   M    M   8 12     10 360
24  82  54  68   4   0   3 0.00  0.0    0  1.6  9  10   M    M   3 12     14 310
25  84  54  69   5   0   4 0.00  0.0    0  0.9  8 360   M    M   3 12     10 360
26  84  55  70   6   0   5 0.00  0.0    0  2.9 12 210   M    M   3 128    17 200
27  82  59  71   7   0   6    T  0.0    0  3.7 13 320   M    M   4        19 310
28  70  53  62  -2   3   0 0.00  0.0    0  4.6 17 310   M    M   7 1      25 300
================================================================================
SM 2143 1513        39  54  2.48     0.0  71.1          M      144
================================================================================
AV 76.5 54.0                               2.5 FASTST   M    M   5    MAX(MPH)
                                 MISC ---->  # 21 320               # 30  310
================================================================================
NOTES:
# LAST OF SEVERAL OCCURRENCES

COLUMN 17 PEAK WIND IN M.P.H.

PRELIMINARY LOCAL CLIMATOLOGICAL DATA (WS FORM: F-6) , PAGE 2

                                          STATION:  MORRISVILLE VT
                                          MONTH:    AUGUST
                                          YEAR:     2014
                                          LATITUDE:   44 31 N
                                          LONGITUDE:  72 37 W

[TEMPERATURE DATA]      [PRECIPITATION DATA]       SYMBOLS USED IN COLUMN 16

AVERAGE MONTHLY: 65.3   TOTAL FOR MONTH:   2.48    1 = FOG OR MIST
DPTR FM NORMAL:  -0.4   DPTR FM NORMAL:   -1.23    2 = FOG REDUCING VISIBILITY
HIGHEST:    85 ON 11    GRTST 24HR  0.85 ON 13-14      TO 1/4 MILE OR LESS
LOWEST:     46 ON 19                               3 = THUNDER
                        SNOW, ICE PELLETS, HAIL    4 = ICE PELLETS
                        TOTAL MONTH:   0.0 INCH    5 = HAIL
                        GRTST 24HR     0.0         6 = FREEZING RAIN OR DRIZZLE
                        GRTST DEPTH:   0           7 = DUSTSTORM OR SANDSTORM:
                                                       VSBY 1/2 MILE OR LESS
                                                   8 = SMOKE OR HAZE
[NO. OF DAYS WITH]      [WEATHER - DAYS WITH]      9 = BLOWING SNOW
                                                   X = TORNADO
MAX 32 OR BELOW:   0    0.01 INCH OR MORE:  12
MAX 90 OR ABOVE:   0    0.10 INCH OR MORE:   7
MIN 32 OR BELOW:   0    0.50 INCH OR MORE:   1
MIN  0 OR BELOW:   0    1.00 INCH OR MORE:   0

[HDD (BASE 65) ]
TOTAL THIS MO.    39    CLEAR  (SCALE 0-3)   8
DPTR FM NORMAL   -17    PTCLDY (SCALE 4-7)  16
TOTAL FM JUL 1    68    CLOUDY (SCALE 8-10)  4
DPTR FM NORMAL   -18

[CDD (BASE 65) ]
TOTAL THIS MO.    54
DPTR FM NORMAL   -18    [PRESSURE DATA]
TOTAL FM JAN 1   208    HIGHEST SLP M ON M
DPTR FM NORMAL   -32    LOWEST  SLP 29.73 ON 14

[REMARKS]




U.S. Dept. of Commerce
NOAA National Weather Service
1325 East West Highway
Silver Spring, MD 20910
E-mail: w-nws.webmaster@noaa.gov
Page last modified: May 16, 2007
NATIONAL WEATHER SERVICE: for Safety, for Work, for Fun - FOR LIFE