774
CXUS55 KBOI 301002
CF6MUO
PRELIMINARY LOCAL CLIMATOLOGICAL DATA (WS FORM: F-6)

                                          STATION:   MOUNTAIN HOME AFB
                                          MONTH:     SEPTEMBER
                                          YEAR:      2014
                                          LATITUDE:   43  2 N
                                          LONGITUDE: 115 52 W

  TEMPERATURE IN F:       :PCPN:    SNOW:  WIND      :SUNSHINE: SKY     :PK WND
================================================================================
1   2   3   4   5  6A  6B    7    8   9   10  11  12  13   14  15   16   17  18
                                     12Z  AVG MX 2MIN
DY MAX MIN AVG DEP HDD CDD  WTR  SNW DPTH SPD SPD DIR MIN PSBL S-S WX    SPD DR
================================================================================

 1  78  45  62  -7   3   0 0.00    M    M  8.3 16 310   M    M   0        18 330
 2  89  47  68  -1   0   3 0.00    M    M  6.6 14 110   M    M   0         M  M
 3  73  52  63  -6   2   0 0.00    M    M 16.9 29 330   M    M   0        40 320
 4  75  44  60  -8   5   0 0.00    M    M  6.6 12 340   M    M   0 8       M  M
 5  81  42  62  -6   3   0 0.00    M    M  5.0 10  70   M    M   0         M  M
 6  89  46  68   1   0   3 0.00    M    M  6.9 12  90   M    M   0         M  M
 7  93  50  72   5   0   7 0.00    M    M  7.0 14 100   M    M   0         M  M
 8  88  50  69   2   0   4    T    M    M  4.3  8  60   M    M   3         M  M
 9  80  53  67   1   0   2 0.00    M    M 12.6 20 320   M    M   0        32 320
10  76  51  64  -2   1   0 0.00    M    M 15.9 25 300   M    M   0        35 340
11  69  48  59  -6   6   0 0.00    M    M 13.0 22 310   M    M   0        30 300
12  76  40  58  -7   7   0 0.00    M    M 10.8 22 120   M    M   0        32 130
13  84  43  64  -1   1   0 0.00    M    M  6.4 14 110   M    M   0 8       M  M
14  89  45  67   3   0   2 0.00    M    M  4.8 12 310   M    M   1 8       M  M
15  92  49  71   7   0   6 0.00    M    M  5.0 10 130   M    M   2 8       M  M
16  93  64  79  16   0  14 0.00    M    M  5.3 15  30   M    M   4 8       M  M
17  93  63  78  15   0  13    T    M    M  5.8 13 120   M    M   4         M  M
18  86  60  73  10   0   8    T    M    M  7.0 13 310   M    M   5 38      M  M
19  82  58  70   8   0   5 0.00    M    M 11.4 17 310   M    M   0        22 310
20  85  49  67   5   0   2 0.00    M    M  5.6 10 110   M    M   0 8       M  M
21  77  55  66   5   0   1 0.04    M    M  9.0 18 120   M    M   6 8      22 120
22   M   M   M   M   M   M99.90    M    M  6.8 15 120   M    M   4         M  M
23  87  56  72  11   0   7 0.00    M    M 15.4 24 110   M    M   4 78     32 110
24  95  59  77  17   0  12 0.00    M    M 12.0 20 130   M    M   0        23 120
25  83  50  67   7   0   2    T    M    M 13.7 36 310   M    M   1 8      47 330
26  75  58  67   8   0   2    T    M    M 12.9 21 310   M    M   7        18 320
27   M   M   M   M   M   M    T    M    M 12.1 20 340   M    M   8        22 350
28  68  53  61   2   4   0 0.14    M    M  9.5 20 120   M    M   7        31 140
29  61  51  56  -2   9   0 0.55    M    M 10.8 18  80   M    M  10 1       M  M
================================================================================
SM 2217 1381        41  93100.63    M    267.4          M       66
================================================================================
AV 82.1 51.1                               9.2 FASTST   M    M   2    MAX(MPH)
                                 MISC ---->    36   M                 47    M
================================================================================
NOTES:
# LAST OF SEVERAL OCCURRENCES

COLUMN 17 PEAK WIND IN M.P.H.

PRELIMINARY LOCAL CLIMATOLOGICAL DATA (WS FORM: F-6) , PAGE 2

                                          STATION:  MOUNTAIN HOME AFB
                                          MONTH:    SEPTEMBER
                                          YEAR:     2014
                                          LATITUDE:   43  2 N
                                          LONGITUDE: 115 52 W

[TEMPERATURE DATA]      [PRECIPITATION DATA]       SYMBOLS USED IN COLUMN 16

AVERAGE MONTHLY: 66.6   TOTAL FOR MONTH: 100.63    1 = FOG OR MIST
DPTR FM NORMAL:   2.9   DPTR FM NORMAL:  100.16    2 = FOG REDUCING VISIBILITY
HIGHEST:    95 ON 24    GRTST 24HR 99.90 ON 22-22      TO 1/4 MILE OR LESS
LOWEST:     40 ON 12                               3 = THUNDER
                        SNOW, ICE PELLETS, HAIL    4 = ICE PELLETS
                        TOTAL MONTH:    M          5 = HAIL
                        GRTST 24HR    M  ON   M    6 = FREEZING RAIN OR DRIZZLE
                        GRTST DEPTH:  M  ON   M    7 = DUSTSTORM OR SANDSTORM:
                                                       VSBY 1/2 MILE OR LESS
                                                   8 = SMOKE OR HAZE
[NO. OF DAYS WITH]      [WEATHER - DAYS WITH]      9 = BLOWING SNOW
                                                   X = TORNADO
MAX 32 OR BELOW:   0    0.01 INCH OR MORE:   4
MAX 90 OR ABOVE:   5    0.10 INCH OR MORE:   3
MIN 32 OR BELOW:   0    0.50 INCH OR MORE:   2
MIN  0 OR BELOW:   0    1.00 INCH OR MORE:   1

[HDD (BASE 65) ]
TOTAL THIS MO.    41    CLEAR  (SCALE 0-3)  19
DPTR FM NORMAL   -70    PTCLDY (SCALE 4-7)   8
TOTAL FM JUL 1    45    CLOUDY (SCALE 8-10)  2
DPTR FM NORMAL   -80

[CDD (BASE 65) ]
TOTAL THIS MO.    93
DPTR FM NORMAL     4    [PRESSURE DATA]
TOTAL FM JAN 1   953    HIGHEST SLP M ON M
DPTR FM NORMAL    43    LOWEST  SLP M ON M

[REMARKS]




U.S. Dept. of Commerce
NOAA National Weather Service
1325 East West Highway
Silver Spring, MD 20910
E-mail: w-nws.webmaster@noaa.gov
Page last modified: May 16, 2007
NATIONAL WEATHER SERVICE: for Safety, for Work, for Fun - FOR LIFE