732
CXUS55 KBOI 311002
CF6MUO
PRELIMINARY LOCAL CLIMATOLOGICAL DATA (WS FORM: F-6)

                                          STATION:   MOUNTAIN HOME AFB
                                          MONTH:     JULY
                                          YEAR:      2014
                                          LATITUDE:   43  2 N
                                          LONGITUDE: 115 52 W

  TEMPERATURE IN F:       :PCPN:    SNOW:  WIND      :SUNSHINE: SKY     :PK WND
================================================================================
1   2   3   4   5  6A  6B    7    8   9   10  11  12  13   14  15   16   17  18
                                     12Z  AVG MX 2MIN
DY MAX MIN AVG DEP HDD CDD  WTR  SNW DPTH SPD SPD DIR MIN PSBL S-S WX    SPD DR
================================================================================

 1  95  50  73   1   0   8 0.00    M    M  9.6 18 110   M    M   0        31  70
 2 101  62  82   9   0  17 0.00    M    M 10.7 18 120   M    M   2        30 140
 3  98  61  80   7   0  15 0.00    M    M 10.5 18 320   M    M   5        30 320
 4 102  62  82   9   0  17 0.00    M    M  6.2 16 350   M    M   1        21 320
 5  98  67  83  10   0  18 0.00    M    M 10.0 20 330   M    M   1        25 330
 6 103  59  81   7   0  16 0.00    M    M  6.2 17 340   M    M   0        22 340
 7  99  68  84  10   0  19 0.00    M    M 15.3 21 320   M    M   0        27 320
 8 100  67  84  10   0  19 0.00    M    M  8.9 20 310   M    M   3        25 340
 9  97  67  82   7   0  17 0.00    M    M 16.8 33 320   M    M   5        47 300
10  98  60  79   4   0  14 0.00    M    M  6.3 24 320   M    M   3 8      44 330
11 102  63  83   8   0  18 0.00    M    M  8.4 20 310   M    M   4        31 290
12  86  72  79   4   0  14 0.00    M    M  8.4 20 290   M    M   6         M  M
13 104  68  86  10   0  21 0.00    M    M  6.9 16 110   M    M   0         M  M
14 105  71  88  12   0  23 0.00    M    M 11.7 24 330   M    M   0        33 320
15  96  72  84   8   0  19 0.00    M    M 17.7 28 300   M    M   0        40 280
16  98  67  83   7   0  18 0.00    M    M  8.2 16 280   M    M   0        20 340
17 100  66  83   6   0  18 0.00    M    M  6.9 14 260   M    M   1 8      21 260
18  94  66  80   3   0  15 0.00    M    M 13.1 24 330   M    M   1 8      31 350
19  95  64  80   3   0  15 0.00    M    M 12.4 21 330   M    M   0        30 330
20   M   M   M   M   M   M 0.02    M    M  7.8 21 230   M    M   3        46 250
21  76  65  71  -6   0   6 0.03    M    M  5.8 12  30   M    M   5         M  M
22  94  59  77   0   0  12 0.00    M    M  8.0 18 300   M    M   2        29 300
23  96  63  80   3   0  15 0.00    M    M  7.6 24 350   M    M   1        41 340
24  79  56  68 -10   0   3 0.00    M    M 16.8 27 320   M    M   0        36 320
25  87  49  68 -10   0   3 0.00    M    M 10.0 18 320   M    M   0        23 320
26  96  52  74  -4   0   9 0.00    M    M  5.6 14 330   M    M   0         M  M
27 100  55  78   0   0  13 0.00    M    M  4.7  9 320   M    M   2         M  M
28  98  76  87   9   0  22    T    M    M  7.9 12 120   M    M   7        21 130
29  96  69  83   5   0  18 0.05    M    M  9.8 28 110   M    M   4 3      35 110
30  95  64  80   2   0  15 0.00    M    M  8.6 18  50   M    M   5        32  50
================================================================================
SM 2788 1840         0 437  0.10    M    286.8          M       61
================================================================================
AV 96.1 63.4                               9.6 FASTST   M    M   2    MAX(MPH)
                                 MISC ---->    33   M                 47    M
================================================================================
NOTES:
# LAST OF SEVERAL OCCURRENCES

COLUMN 17 PEAK WIND IN M.P.H.

PRELIMINARY LOCAL CLIMATOLOGICAL DATA (WS FORM: F-6) , PAGE 2

                                          STATION:  MOUNTAIN HOME AFB
                                          MONTH:    JULY
                                          YEAR:     2014
                                          LATITUDE:   43  2 N
                                          LONGITUDE: 115 52 W

[TEMPERATURE DATA]      [PRECIPITATION DATA]       SYMBOLS USED IN COLUMN 16

AVERAGE MONTHLY: 79.8   TOTAL FOR MONTH:   0.10    1 = FOG OR MIST
DPTR FM NORMAL:   4.1   DPTR FM NORMAL:   -0.11    2 = FOG REDUCING VISIBILITY
HIGHEST:   105 ON 14    GRTST 24HR  0.05 ON 29-29      TO 1/4 MILE OR LESS
LOWEST:     49 ON 25                               3 = THUNDER
                        SNOW, ICE PELLETS, HAIL    4 = ICE PELLETS
                        TOTAL MONTH:    M          5 = HAIL
                        GRTST 24HR    M  ON   M    6 = FREEZING RAIN OR DRIZZLE
                        GRTST DEPTH:  M  ON   M    7 = DUSTSTORM OR SANDSTORM:
                                                       VSBY 1/2 MILE OR LESS
                                                   8 = SMOKE OR HAZE
[NO. OF DAYS WITH]      [WEATHER - DAYS WITH]      9 = BLOWING SNOW
                                                   X = TORNADO
MAX 32 OR BELOW:   0    0.01 INCH OR MORE:   3
MAX 90 OR ABOVE:  25    0.10 INCH OR MORE:   0
MIN 32 OR BELOW:   0    0.50 INCH OR MORE:   0
MIN  0 OR BELOW:   0    1.00 INCH OR MORE:   0

[HDD (BASE 65) ]
TOTAL THIS MO.     0    CLEAR  (SCALE 0-3)  21
DPTR FM NORMAL    -6    PTCLDY (SCALE 4-7)   9
TOTAL FM JUL 1     0    CLOUDY (SCALE 8-10)  0
DPTR FM NORMAL    -6

[CDD (BASE 65) ]
TOTAL THIS MO.   437
DPTR FM NORMAL   109    [PRESSURE DATA]
TOTAL FM JAN 1   568    HIGHEST SLP M ON M
DPTR FM NORMAL    70    LOWEST  SLP M ON M

[REMARKS]




U.S. Dept. of Commerce
NOAA National Weather Service
1325 East West Highway
Silver Spring, MD 20910
E-mail: w-nws.webmaster@noaa.gov
Page last modified: May 16, 2007
NATIONAL WEATHER SERVICE: for Safety, for Work, for Fun - FOR LIFE