058
CXUS53 KGRB 260657
CF6MTW
PRELIMINARY LOCAL CLIMATOLOGICAL DATA (WS FORM: F-6)

                                          STATION:   MANITOWOC AWOS
                                          MONTH:     MAY
                                          YEAR:      2014
                                          LATITUDE:   44  7 N
                                          LONGITUDE:  87 40 W

  TEMPERATURE IN F:       :PCPN:    SNOW:  WIND      :SUNSHINE: SKY     :PK WND
================================================================================
1   2   3   4   5  6A  6B    7    8   9   10  11  12  13   14  15   16   17  18
                                     12Z  AVG MX 2MIN
DY MAX MIN AVG DEP HDD CDD  WTR  SNW DPTH SPD SPD DIR MIN PSBL S-S WX    SPD DR
================================================================================

 1   M   M   M   M   M   M 0.02    M    0  5.8 12 300   M    M  10 1       M  M
 2  52  44  48   M  17   0    T    M    0  9.0 14 280   M    M  10        18 280
 3   M   M   M   M   M   M    T    M    0 12.3 24 300   M    M   9 1      33 300
 4  55  39  47   M  18   0 0.00  0.0    0  9.9 17 300   M    M   2        27 310
 5  50  38  44   M  21   0 0.00  0.0    0  5.7  9  70   M    M   5         M  M
 6  54  37  46   M  19   0 0.00  0.0    0  7.7 14 120   M    M   1        18 120
 7   M   M   M   M   M   M 0.76    M    0 10.0 21 150   M    M   7 13     32 110
 8  61  45  53   M  12   0 0.01    M    0  6.6 12 110   M    M   2 138     M  M
 9  72  50  61   M   4   0 0.11  0.0    0 14.8 25 270   M    M   7 1      38 270
10  68  47  58   M   7   0 0.00  0.0    0 11.3 16 270   M    M   1        25 300
11   M   M   M   M   M   M 0.19    M    0  7.8 12 170   M    M   3 13      M  M
12   M   M   M   M   M   M 1.35    M    0  7.7 14 160   M    M   9 123     M  M
13  67  51  59   M   6   0 0.10  0.0    0 11.9 17 270   M    M   6 1      24 270
14  56  45  51   M  14   0 0.01    M    0  7.8 14 130   M    M   4        21  40
15  49  34  42   M  23   0    T    M    0 11.8 23 360   M    M   9        32 350
16  46  32  39   M  26   0    M    M    0  6.9 13 170   M    M   6         M  M
17  61  37  49   M  16   0    M    M    0  8.0 14 240   M    M   5        21 240
18  72  48  60   M   5   0    M    M    0  9.7 18 170   M    M   3         M  M
19  61  47  54   M  11   0    T    M    0 10.9 21 120   M    M   3        24 110
20  62  47  55   M  10   0 0.05    M    0  7.2 20 120   M    M   4 1      25 120
21  81  48  65   M   0   0 0.03    M    0  6.3 18 300   M    M   1 1      33 300
22  63  45  54   M  11   0 0.01    M    0  5.5 12 140   M    M   5         M  M
23  66  42  54   M  11   0 0.00  0.0    0  5.0 12  70   M    M   1 1      16  60
24  70  47  59   M   6   0 0.00  0.0    0  5.3 14 180   M    M   0         M  M
25  72  47  60   M   5   0 0.00  0.0    0  7.1 16 170   M    M   0        21 180
================================================================================
SM 1238  870       242   0  2.64     0.0 212.0          M      113
================================================================================
AV 61.9 43.5                               8.5 FASTST   M    M   5    MAX(MPH)
                                 MISC ---->    25   M               # 38  270
================================================================================
NOTES:
# LAST OF SEVERAL OCCURRENCES

COLUMN 17 PEAK WIND IN M.P.H.

PRELIMINARY LOCAL CLIMATOLOGICAL DATA (WS FORM: F-6) , PAGE 2

                                          STATION:  MANITOWOC AWOS
                                          MONTH:    MAY
                                          YEAR:     2014
                                          LATITUDE:   44  7 N
                                          LONGITUDE:  87 40 W

[TEMPERATURE DATA]      [PRECIPITATION DATA]       SYMBOLS USED IN COLUMN 16

AVERAGE MONTHLY: 52.7   TOTAL FOR MONTH:   2.64    1 = FOG OR MIST
DPTR FM NORMAL:     M   DPTR FM NORMAL:       M    2 = FOG REDUCING VISIBILITY
HIGHEST:    81 ON 21    GRTST 24HR  1.35 ON 12-12      TO 1/4 MILE OR LESS
LOWEST:     32 ON 16                               3 = THUNDER
                        SNOW, ICE PELLETS, HAIL    4 = ICE PELLETS
                        TOTAL MONTH:   0.0 INCH    5 = HAIL
                        GRTST 24HR     0.0         6 = FREEZING RAIN OR DRIZZLE
                        GRTST DEPTH:   0           7 = DUSTSTORM OR SANDSTORM:
                                                       VSBY 1/2 MILE OR LESS
                                                   8 = SMOKE OR HAZE
[NO. OF DAYS WITH]      [WEATHER - DAYS WITH]      9 = BLOWING SNOW
                                                   X = TORNADO
MAX 32 OR BELOW:   0    0.01 INCH OR MORE:  11
MAX 90 OR ABOVE:   0    0.10 INCH OR MORE:   5
MIN 32 OR BELOW:   1    0.50 INCH OR MORE:   2
MIN  0 OR BELOW:   0    1.00 INCH OR MORE:   1

[HDD (BASE 65) ]
TOTAL THIS MO.   242    CLEAR  (SCALE 0-3)  10
DPTR FM NORMAL     M    PTCLDY (SCALE 4-7)  10
TOTAL FM JUL 1  7607    CLOUDY (SCALE 8-10)  5
DPTR FM NORMAL  5812

[CDD (BASE 65) ]
TOTAL THIS MO.     0
DPTR FM NORMAL     M    [PRESSURE DATA]
TOTAL FM JAN 1     0    HIGHEST SLP M ON M
DPTR FM NORMAL     0    LOWEST  SLP M ON M

[REMARKS]




U.S. Dept. of Commerce
NOAA National Weather Service
1325 East West Highway
Silver Spring, MD 20910
E-mail: w-nws.webmaster@noaa.gov
Page last modified: May 16, 2007
NATIONAL WEATHER SERVICE: for Safety, for Work, for Fun - FOR LIFE