896
CXUS53 KGRB 010702
CF6MTW
PRELIMINARY LOCAL CLIMATOLOGICAL DATA (WS FORM: F-6)

                                          STATION:   MANITOWOC AWOS
                                          MONTH:     MARCH
                                          YEAR:      2014
                                          LATITUDE:   44  7 N
                                          LONGITUDE:  87 40 W

  TEMPERATURE IN F:       :PCPN:    SNOW:  WIND      :SUNSHINE: SKY     :PK WND
================================================================================
1   2   3   4   5  6A  6B    7    8   9   10  11  12  13   14  15   16   17  18
                                     12Z  AVG MX 2MIN
DY MAX MIN AVG DEP HDD CDD  WTR  SNW DPTH SPD SPD DIR MIN PSBL S-S WX    SPD DR
================================================================================

 1  18   9  14   M  51   0    T    M    0 10.1 15 350   M    M   9 1       M  M
 2   6  -2   2   M  63   0    T    M    0 11.0 15  10   M    M   5        21  10
 3  16  -8   4   M  61   0 0.00  0.0    0  7.2 14 260   M    M   3         M  M
 4  23   2  13   M  52   0 0.02    M    0  3.8  9 240   M    M   8 1       M  M
 5  18  -2   8   M  57   0    T    M    0  7.0 15  30   M    M   5 1      21  30
 6  24  16  20   M  45   0    T    M    0 12.1 16 160   M    M   4 1      21 160
 7  39  19  29   M  36   0 0.00  0.0    0  8.9 15 200   M    M   4 8       M  M
 8  32  16  24   M  41   0    T    M    0  8.7 15  10   M    M   4        21  10
 9  40  15  28   M  37   0 0.00  0.0    0 11.5 21 240   M    M   0        30 240
10  52  34  43   M  22   0 0.00  0.0    0 10.1 18 270   M    M   1        25 260
11  45  32  39   M  26   0 0.00  0.0    0  8.0 15  50   M    M   8        21  40
12  31  12  22   M  43   0    T    M    0 12.2 22 360   M    M   4        36 350
13  35   7  21   M  44   0    T    M    0  8.8 18 200   M    M   4 1      22 200
14  46  32  39   M  26   0    T    M    0 13.6 22 280   M    M   5 1      39 280
15  37  14  26   M  39   0    T    M    0 10.3 16 330   M    M  10        25  30
16  17   8  13   M  52   0    T    M    0  8.2 14  10   M    M   4 1      21  10
17  30   9  20   M  45   0    T    M    0 12.1 20 160   M    M   7        30 170
18  38  30  34   M  31   0 0.00  0.0    0 11.2 16 160   M    M   5        22 160
19   M   M   M   M   M   M    T    M    0 12.0 18 330   M    M   9 1      27 300
20  39  28  34   M  31   0 0.00  0.0    0  8.9 13 290   M    M   7         M  M
21  37  26  32   M  33   0 0.01    M    0  8.8 20 170   M    M   5 1      27 170
22  35  21  28   M  37   0    T    M    0 12.8 21 330   M    M   8 1      25 330
23  27  13  20   M  45   0 0.00  0.0    0  9.5 16 360   M    M   3        22 360
24  32  13  23   M  42   0 0.01    M    0 10.7 17 290   M    M   4 12     23 290
25  23  12  18   M  47   0    T    M    0 12.2 17 310   M    M   4        23 310
26  34   8  21   M  44   0    T    M    0 12.3 22 170   M    M   5        28 170
27  38  33  36   M  29   0 0.52    M    0 12.1 18 180   M    M  10 1      25 180
28  40  30  35   M  30   0 0.02    M    0 10.9 22 340   M    M   8 1      32 340
29  37  25  31   M  34   0 0.00  0.0    0  5.2 10  20   M    M   1         M  M
30  41  21  31   M  34   0 0.00  0.0    0  8.4 21 170   M    M   0        21 170
31  46  33  40   M  25   0 0.01    M    0 14.4 21 160   M    M   6 3      33 160
================================================================================
SM  976  506      1202   0  0.59     0.0 313.0          M      160
================================================================================
AV 32.5 16.9                              10.1 FASTST   M    M   5    MAX(MPH)
                                 MISC ---->    22   M                 39    M
================================================================================
NOTES:
# LAST OF SEVERAL OCCURRENCES

COLUMN 17 PEAK WIND IN M.P.H.

PRELIMINARY LOCAL CLIMATOLOGICAL DATA (WS FORM: F-6) , PAGE 2

                                          STATION:  MANITOWOC AWOS
                                          MONTH:    MARCH
                                          YEAR:     2014
                                          LATITUDE:   44  7 N
                                          LONGITUDE:  87 40 W

[TEMPERATURE DATA]      [PRECIPITATION DATA]       SYMBOLS USED IN COLUMN 16

AVERAGE MONTHLY: 24.7   TOTAL FOR MONTH:   0.59    1 = FOG OR MIST
DPTR FM NORMAL:     M   DPTR FM NORMAL:       M    2 = FOG REDUCING VISIBILITY
HIGHEST:    52 ON 10    GRTST 24HR  0.52 ON 27-27      TO 1/4 MILE OR LESS
LOWEST:     -8 ON  3                               3 = THUNDER
                        SNOW, ICE PELLETS, HAIL    4 = ICE PELLETS
                        TOTAL MONTH:   0.0 INCH    5 = HAIL
                        GRTST 24HR     0.0         6 = FREEZING RAIN OR DRIZZLE
                        GRTST DEPTH:   0           7 = DUSTSTORM OR SANDSTORM:
                                                       VSBY 1/2 MILE OR LESS
                                                   8 = SMOKE OR HAZE
[NO. OF DAYS WITH]      [WEATHER - DAYS WITH]      9 = BLOWING SNOW
                                                   X = TORNADO
MAX 32 OR BELOW:  13    0.01 INCH OR MORE:   6
MAX 90 OR ABOVE:   0    0.10 INCH OR MORE:   1
MIN 32 OR BELOW:  27    0.50 INCH OR MORE:   1
MIN  0 OR BELOW:   3    1.00 INCH OR MORE:   0

[HDD (BASE 65) ]
TOTAL THIS MO.  1202    CLEAR  (SCALE 0-3)   6
DPTR FM NORMAL     M    PTCLDY (SCALE 4-7)  19
TOTAL FM JUL 1  6724    CLOUDY (SCALE 8-10)  6
DPTR FM NORMAL  4929

[CDD (BASE 65) ]
TOTAL THIS MO.     0
DPTR FM NORMAL     M    [PRESSURE DATA]
TOTAL FM JAN 1     0    HIGHEST SLP M ON M
DPTR FM NORMAL     0    LOWEST  SLP M ON M

[REMARKS]
#FINAL-03-14#




U.S. Dept. of Commerce
NOAA National Weather Service
1325 East West Highway
Silver Spring, MD 20910
E-mail: w-nws.webmaster@noaa.gov
Page last modified: May 16, 2007
NATIONAL WEATHER SERVICE: for Safety, for Work, for Fun - FOR LIFE