284
CXUS53 KILX 280900
CF6MTO
PRELIMINARY LOCAL CLIMATOLOGICAL DATA (WS FORM: F-6)

                                          STATION:   MATTOON IL AIRPORT
                                          MONTH:     JANUARY
                                          YEAR:      2015
                                          LATITUDE:   39 28 N
                                          LONGITUDE:  88 17 W

  TEMPERATURE IN F:       :PCPN:    SNOW:  WIND      :SUNSHINE: SKY     :PK WND
================================================================================
1   2   3   4   5  6A  6B    7    8   9   10  11  12  13   14  15   16   17  18
                                     12Z  AVG MX 2MIN
DY MAX MIN AVG DEP HDD CDD  WTR  SNW DPTH SPD SPD DIR MIN PSBL S-S WX    SPD DR
================================================================================

 1  35  20  28   0  37   0 0.00    M    M  9.1 17 230   M    M   0        26 240
 2  38  29  34   6  31   0    T    M    M  5.5 13 130   M    M   9 1      16 140
 3  41  34  38  10  27   0 0.29    M    M  4.6 22 300   M    M  10 12     26 310
 4  36  11  24  -3  41   0    T    M    M 17.5 30 300   M    M   9 1      36 290
 5  18   6  12 -15  53   0 0.02    M    M  9.7 22 300   M    M   6 1      26 300
 6  22  11  17 -10  48   0 0.00    M    M  9.5 25 300   M    M   5        33 300
 7  17  -3   7 -20  58   0    T    M    M 20.1 32 320   M    M   6 8      39 340
 8  24  -5  10 -17  55   0    T    M    M 13.4 31 320   M    M   5 9      37 320
 9  20   2  11 -16  54   0    T    M    M 16.2 32 310   M    M   2 8      38 310
10  25   3  14 -13  51   0 0.00    M    M 10.5 17 190   M    M   2        24 180
11  34  25  30   3  35   0 0.15    M    M  8.6 17 190   M    M  10 16     24 190
12  33  15  24  -3  41   0 0.02    M    M 14.7 23  10   M    M  10 16     30 360
13  21  12  17 -10  48   0    T    M    M 11.3 16  70   M    M   5 18     22  60
14  22   7  15 -12  50   0 0.00    M    M  2.5  8  10   M    M   8 18      9  10
15  39  17  28   1  37   0 0.00    M    M  7.8 29 300   M    M   1 18     47 280
16  43  24  34   7  31   0 0.00    M    M  6.1 12 170   M    M   0 18     22  30
17  50  33  42  15  23   0    T    M    M 11.4 22 190   M    M   2        31 200
18  46  28  37  10  28   0 0.00    M    M  9.8 21 280   M    M   2        26 270
19  50  25  38  11  27   0 0.00    M    M  2.9 12 130   M    M   2        14 140
20  46  28  37  10  28   0 0.00    M    M  5.9 20 300   M    M   5 1      23 310
21  39  31  35   8  30   0 0.00    M    M  9.8 23 290   M    M   8 1      29 290
22  37  32  35   8  30   0 0.00    M    M  3.4  9  20   M    M  10 18     10  10
23  34  25  30   3  35   0 0.00    M    M  3.0 13 310   M    M   8 18     16 310
24  46  26  36   9  29   0 0.00    M    M  8.8 18 290   M    M   1        23 290
25  40  28  34   7  31   0 0.04    M    M 11.6 28  30   M    M   8 1      35  20
26  29  25  27   0  38   0    T    M    M  8.6 20 360   M    M  10 1      24  20
27  32  22  27   0  38   0 0.00    M    M  6.6 17 360   M    M   8 1      21 360
================================================================================
SM  917  511      1034   0  0.52    M    248.9          M      152
================================================================================
AV 34.0 18.9                               9.2 FASTST   M    M   6    MAX(MPH)
                                 MISC ---->  # 32 320               # 47  280
================================================================================
NOTES:
# LAST OF SEVERAL OCCURRENCES

COLUMN 17 PEAK WIND IN M.P.H.

PRELIMINARY LOCAL CLIMATOLOGICAL DATA (WS FORM: F-6) , PAGE 2

                                          STATION:  MATTOON IL AIRPORT
                                          MONTH:    JANUARY
                                          YEAR:     2015
                                          LATITUDE:   39 28 N
                                          LONGITUDE:  88 17 W

[TEMPERATURE DATA]      [PRECIPITATION DATA]       SYMBOLS USED IN COLUMN 16

AVERAGE MONTHLY: 26.4   TOTAL FOR MONTH:   0.52    1 = FOG OR MIST
DPTR FM NORMAL:  -0.7   DPTR FM NORMAL:   -1.45    2 = FOG REDUCING VISIBILITY
HIGHEST:    50 ON 19,17 GRTST 24HR  0.29 ON  3- 3      TO 1/4 MILE OR LESS
LOWEST:     -5 ON  8                               3 = THUNDER
                        SNOW, ICE PELLETS, HAIL    4 = ICE PELLETS
                        TOTAL MONTH:    M          5 = HAIL
                        GRTST 24HR    M  ON   M    6 = FREEZING RAIN OR DRIZZLE
                        GRTST DEPTH:  M  ON   M    7 = DUSTSTORM OR SANDSTORM:
                                                       VSBY 1/2 MILE OR LESS
                                                   8 = SMOKE OR HAZE
[NO. OF DAYS WITH]      [WEATHER - DAYS WITH]      9 = BLOWING SNOW
                                                   X = TORNADO
MAX 32 OR BELOW:  10    0.01 INCH OR MORE:   5
MAX 90 OR ABOVE:   0    0.10 INCH OR MORE:   2
MIN 32 OR BELOW:  25    0.50 INCH OR MORE:   0
MIN  0 OR BELOW:   2    1.00 INCH OR MORE:   0

[HDD (BASE 65) ]
TOTAL THIS MO.  1034    CLEAR  (SCALE 0-3)   9
DPTR FM NORMAL    11    PTCLDY (SCALE 4-7)   9
TOTAL FM JUL 1  3291    CLOUDY (SCALE 8-10)  9
DPTR FM NORMAL   165

[CDD (BASE 65) ]
TOTAL THIS MO.     0
DPTR FM NORMAL     0    [PRESSURE DATA]
TOTAL FM JAN 1     0    HIGHEST SLP M ON M
DPTR FM NORMAL     0    LOWEST  SLP 29.60 ON 25

[REMARKS]




U.S. Dept. of Commerce
NOAA National Weather Service
1325 East West Highway
Silver Spring, MD 20910
E-mail: w-nws.webmaster@noaa.gov
Page last modified: May 16, 2007
NATIONAL WEATHER SERVICE: for Safety, for Work, for Fun - FOR LIFE