381
CXUS53 KILX 012300
CF6MTO
PRELIMINARY LOCAL CLIMATOLOGICAL DATA (WS FORM: F-6)

                                          STATION:   MATTOON IL AIRPORT
                                          MONTH:     NOVEMBER
                                          YEAR:      2014
                                          LATITUDE:   39 28 N
                                          LONGITUDE:  88 17 W

  TEMPERATURE IN F:       :PCPN:    SNOW:  WIND      :SUNSHINE: SKY     :PK WND
================================================================================
1   2   3   4   5  6A  6B    7    8   9   10  11  12  13   14  15   16   17  18
                                     12Z  AVG MX 2MIN
DY MAX MIN AVG DEP HDD CDD  WTR  SNW DPTH SPD SPD DIR MIN PSBL S-S WX    SPD DR
================================================================================

 1  48  28  38 -11  27   0 0.00    M    M 11.1 23 340   M    M   1        31 340
 2  52  24  38 -11  27   0 0.00    M    M  9.0 16 160   M    M   3        21 160
 3  67  45  56   7   9   0 0.00    M    M 13.8 21 190   M    M   2        30 220
 4  56  43  50   2  15   0 0.24    M    M  8.0 23 290   M    M   7        27 300
 5  57  40  49   1  16   0    T    M    M  6.4 13 210   M    M   0        19 200
 6  47  35  41  -6  24   0 0.04    M    M 16.9 31 330   M    M  10        39 310
 7  47  29  38  -9  27   0 0.00    M    M  6.2 13 170   M    M   1        18 170
 8  48  35  42  -5  23   0 0.00    M    M 11.6 26 310   M    M   4        32 320
 9  53  31  42  -4  23   0 0.00    M    M  9.5 21 200   M    M   0        26 190
10  63  42  53   7  12   0 0.00    M    M 14.4 29 170   M    M   0        41 170
11  54  32  43  -2  22   0 0.03    M    M 16.3 28 310   M    M   9        32 310
12  32  23  28 -17  37   0 0.00    M    M 13.2 20 320   M    M   9        24 320
13  29  19  24 -20  41   0    T    M    0 12.8 20 300   M    M   6        23 290
14  32  15  24 -20  41   0 0.00    M    M  5.8 14 310   M    M   1        16 340
15  35  15  25 -19  40   0    T    M    M  3.6 13 160   M    M   3        16 120
16  32  26  29 -14  36   0 0.02    M    M  4.4 22 330   M    M  10        24 330
17  28  14  21 -22  44   0    T    M    M 15.4 26 290   M    M   5        33 290
18  21  10  16 -26  49   0    T    M    M 10.3 22 280   M    M   3        30 280
19  38  15  27 -15  38   0 0.00    M    M 14.2 25 280   M    M   7        33 280
20  32  18  25 -16  40   0 0.00    M    M  8.5 20 280   M    M   3        25 290
21  37  13  25 -16  40   0    T    M    M 10.1 18 170   M    M   2        25 170
22  57  35  46   6  19   0 0.07    M    M 12.7 24 200   M    M  10        33 210
23  54  48  51  11  14   0 0.34    M    M 12.3 22 150   M    M   9        31 140
24  55  34  45   6  20   0 0.06    M    M 14.6 30 280   M    M  10        42 240
25  34  25  30  -9  35   0 0.00    M    M  7.5 20 290   M    M   9        23 290
26  31  21  26 -12  39   0    T    M    M  6.9 16  20   M    M   6        21  20
27  29  14  22 -16  43   0    T    M    M 12.2 23 310   M    M   6        26 330
28  38  15  27 -11  38   0 0.00    M    M 11.6 23 170   M    M   3        32 150
29  54  37  46   9  19   0 0.00    M    M 13.9 22 190   M    M   4        34 180
30  65  32  49  12  16   0    T    M    M 14.4 24 330   M    M   6        31 230
================================================================================
SM 1325  813       874   0  0.80    M    327.6          M      149
================================================================================
AV 44.2 27.1                              10.9 FASTST   M    M   5    MAX(MPH)
                                 MISC ---->  # 31 330               # 42  240
================================================================================
NOTES:
# LAST OF SEVERAL OCCURRENCES

COLUMN 17 PEAK WIND IN M.P.H.

PRELIMINARY LOCAL CLIMATOLOGICAL DATA (WS FORM: F-6) , PAGE 2

                                          STATION:  MATTOON IL AIRPORT
                                          MONTH:    NOVEMBER
                                          YEAR:     2014
                                          LATITUDE:   39 28 N
                                          LONGITUDE:  88 17 W

[TEMPERATURE DATA]      [PRECIPITATION DATA]       SYMBOLS USED IN COLUMN 16

AVERAGE MONTHLY: 35.6   TOTAL FOR MONTH:   0.80    1 = FOG OR MIST
DPTR FM NORMAL:  -7.6   DPTR FM NORMAL:   -2.68    2 = FOG REDUCING VISIBILITY
HIGHEST:    67 ON  3    GRTST 24HR  0.40 ON 23-24      TO 1/4 MILE OR LESS
LOWEST:     10 ON 18                               3 = THUNDER
                        SNOW, ICE PELLETS, HAIL    4 = ICE PELLETS
                        TOTAL MONTH:    M          5 = HAIL
                        GRTST 24HR    M  ON   M    6 = FREEZING RAIN OR DRIZZLE
                        GRTST DEPTH:   0           7 = DUSTSTORM OR SANDSTORM:
                                                       VSBY 1/2 MILE OR LESS
                                                   8 = SMOKE OR HAZE
[NO. OF DAYS WITH]      [WEATHER - DAYS WITH]      9 = BLOWING SNOW
                                                   X = TORNADO
MAX 32 OR BELOW:   9    0.01 INCH OR MORE:   7
MAX 90 OR ABOVE:   0    0.10 INCH OR MORE:   2
MIN 32 OR BELOW:  20    0.50 INCH OR MORE:   0
MIN  0 OR BELOW:   0    1.00 INCH OR MORE:   0

[HDD (BASE 65) ]
TOTAL THIS MO.   874    CLEAR  (SCALE 0-3)  13
DPTR FM NORMAL   219    PTCLDY (SCALE 4-7)   9
TOTAL FM JUL 1  1296    CLOUDY (SCALE 8-10)  8
DPTR FM NORMAL   237

[CDD (BASE 65) ]
TOTAL THIS MO.     0
DPTR FM NORMAL     0    [PRESSURE DATA]
TOTAL FM JAN 1   932    HIGHEST SLP 30.50 ON 21
DPTR FM NORMAL  -125    LOWEST  SLP 29.12 ON 24

[REMARKS]
#FINAL-11-14#




U.S. Dept. of Commerce
NOAA National Weather Service
1325 East West Highway
Silver Spring, MD 20910
E-mail: w-nws.webmaster@noaa.gov
Page last modified: May 16, 2007
NATIONAL WEATHER SERVICE: for Safety, for Work, for Fun - FOR LIFE