869
CXUS53 KILX 300900
CF6MTO
PRELIMINARY LOCAL CLIMATOLOGICAL DATA (WS FORM: F-6)

                                          STATION:   MATTOON IL AIRPORT
                                          MONTH:     AUGUST
                                          YEAR:      2014
                                          LATITUDE:   39 28 N
                                          LONGITUDE:  88 17 W

  TEMPERATURE IN F:       :PCPN:    SNOW:  WIND      :SUNSHINE: SKY     :PK WND
================================================================================
1   2   3   4   5  6A  6B    7    8   9   10  11  12  13   14  15   16   17  18
                                     12Z  AVG MX 2MIN
DY MAX MIN AVG DEP HDD CDD  WTR  SNW DPTH SPD SPD DIR MIN PSBL S-S WX    SPD DR
================================================================================

 1  83  61  72  -3   0   7 0.14    M    M  4.0 15 310   M    M   5 138    19 310
 2  81  57  69  -6   0   4 0.00    M    M  3.9 12 330   M    M   0 18     14  20
 3  84  59  72  -3   0   7 0.00    M    M  1.2  7 340   M    M   0 18     11 340
 4  84  60  72  -3   0   7 0.00    M    M  3.5  8 170   M    M   0 18     11 170
 5  83  66  75   0   0  10 0.27    M    M  5.7 17 350   M    M   5 18     33 250
 6  80  63  72  -3   0   7    T    M    M  4.6 10  10   M    M   5 128    14  30
 7  71  66  69  -6   0   4 0.33    M    M  7.2 15 120   M    M   7 1      20 130
 8  69  65  67  -8   0   2 0.39    M    M  8.8 14 110   M    M  10 1      19 110
 9  73  65  69  -5   0   4 0.01    M    M  6.7 13  50   M    M  10 18     18  50
10  81  68  75   1   0  10 0.46    M    M  2.6  8 110   M    M   8 18     11 120
11  82  67  75   1   0  10 0.00    M    M  8.1 18 320   M    M   7 128    23 310
12  75  60  68  -6   0   3 0.00    M    M 12.3 28 320   M    M   6        33 320
13  78  56  67  -7   0   2 0.00    M    M  6.5 13 320   M    M   0        17 320
14  81  59  70  -4   0   5    T    M    M  6.4 12 350   0    0   0         M  M
15  74  54  64 -10   1   0 0.00    M    M  4.7  9 160   M    M   3        11 120
16  75  65  70  -4   0   5 0.05    M    M  7.5 13 160   M    M  10 1      16 190
17  79  65  72  -2   0   7 0.44    M    M  5.5 14 150   M    M   8 1      20 160
18  82  66  74   0   0   9    T    M    M  3.7 10  20   M    M   5 128    12 320
19  84  68  76   2   0  11 0.00    M    M  6.0 15 220   M    M   1 1      20 230
20  80  68  74   0   0   9 0.19    M    M  6.0 22 280   M    M   1 13     27 280
21  87  72  80   6   0  15    T    M    M  8.2 14 240   M    M   1 3      19 230
22  86  76  81   7   0  16 0.00    M    M  6.1 14 210   M    M   2 1      20 220
23  90  72  81   8   0  16    T    M    M  5.5 18  30   M    M   4 128    23  30
24  89  70  80   7   0  15 0.00    M    M  5.2 10 120   M    M   1 1      14 110
25  91  69  80   7   0  15 0.18    M    M  6.9 30  20   M    M   0 13     42  30
26  90  67  79   6   0  14 0.18    M    M  4.7 25 260   M    M   1 13     36 270
27  88  67  78   5   0  13 0.09    M    M  2.3 16  20   M    M   2 13     19  20
28  86  66  76   3   0  11    T    M    M  4.4 13 320   M    M   3 1      16 320
29  88  70  79   7   0  14 0.00    M    M  6.5 14 210   M    M   3 1      20 190
================================================================================
SM 2374 1887         1 252  2.73    M    164.7            0    108
================================================================================
AV 81.9 65.1                               5.7 FASTST    0   0   4    MAX(MPH)
                                 MISC ---->  # 30  20               # 42   30
================================================================================
NOTES:
# LAST OF SEVERAL OCCURRENCES

COLUMN 17 PEAK WIND IN M.P.H.

PRELIMINARY LOCAL CLIMATOLOGICAL DATA (WS FORM: F-6) , PAGE 2

                                          STATION:  MATTOON IL AIRPORT
                                          MONTH:    AUGUST
                                          YEAR:     2014
                                          LATITUDE:   39 28 N
                                          LONGITUDE:  88 17 W

[TEMPERATURE DATA]      [PRECIPITATION DATA]       SYMBOLS USED IN COLUMN 16

AVERAGE MONTHLY: 73.5   TOTAL FOR MONTH:   2.73    1 = FOG OR MIST
DPTR FM NORMAL:  -0.5   DPTR FM NORMAL:   -0.14    2 = FOG REDUCING VISIBILITY
HIGHEST:    91 ON 25    GRTST 24HR  0.61 ON  7- 8      TO 1/4 MILE OR LESS
LOWEST:     54 ON 15                               3 = THUNDER
                        SNOW, ICE PELLETS, HAIL    4 = ICE PELLETS
                        TOTAL MONTH:    M          5 = HAIL
                        GRTST 24HR    M  ON   M    6 = FREEZING RAIN OR DRIZZLE
                        GRTST DEPTH:  M  ON   M    7 = DUSTSTORM OR SANDSTORM:
                                                       VSBY 1/2 MILE OR LESS
                                                   8 = SMOKE OR HAZE
[NO. OF DAYS WITH]      [WEATHER - DAYS WITH]      9 = BLOWING SNOW
                                                   X = TORNADO
MAX 32 OR BELOW:   0    0.01 INCH OR MORE:  12
MAX 90 OR ABOVE:   3    0.10 INCH OR MORE:   9
MIN 32 OR BELOW:   0    0.50 INCH OR MORE:   0
MIN  0 OR BELOW:   0    1.00 INCH OR MORE:   0

[HDD (BASE 65) ]
TOTAL THIS MO.     1    CLEAR  (SCALE 0-3)  16
DPTR FM NORMAL     1    PTCLDY (SCALE 4-7)   9
TOTAL FM JUL 1     5    CLOUDY (SCALE 8-10)  4
DPTR FM NORMAL     4

[CDD (BASE 65) ]
TOTAL THIS MO.   252
DPTR FM NORMAL   -14    [PRESSURE DATA]
TOTAL FM JAN 1   810    HIGHEST SLP  0.00 ON 14
DPTR FM NORMAL   -97    LOWEST  SLP 29.77 ON 19

[REMARKS]




U.S. Dept. of Commerce
NOAA National Weather Service
1325 East West Highway
Silver Spring, MD 20910
E-mail: w-nws.webmaster@noaa.gov
Page last modified: May 16, 2007
NATIONAL WEATHER SERVICE: for Safety, for Work, for Fun - FOR LIFE