475
CXUS55 KGJT 271000
CF6MTJ
PRELIMINARY LOCAL CLIMATOLOGICAL DATA (WS FORM: F-6)

                                          STATION:   MONTROSE CO
                                          MONTH:     JANUARY
                                          YEAR:      2015
                                          LATITUDE:   38 30 N
                                          LONGITUDE: 107 53 W

  TEMPERATURE IN F:       :PCPN:    SNOW:  WIND      :SUNSHINE: SKY     :PK WND
================================================================================
1   2   3   4   5  6A  6B    7    8   9   10  11  12  13   14  15   16   17  18
                                     12Z  AVG MX 2MIN
DY MAX MIN AVG DEP HDD CDD  WTR  SNW DPTH SPD SPD DIR MIN PSBL S-S WX    SPD DR
================================================================================

 1  20   0  10 -15  55   0 0.01    M    M  3.3 13 360   M    M   7 1      16 360
 2  26   2  14 -11  51   0    T    M    M  3.9 12 140   M    M   2 1      12 150
 3  25   3  14 -11  51   0 0.00    M    M  4.2 12 140   M    M   7 1      12 140
 4  31   2  17  -8  48   0 0.00    M    M  5.0 10 160   M    M   5 1      11 160
 5  35   8  22  -3  43   0 0.00    M    M  4.6 10 150   M    M   2 1      12 150
 6  43  15  29   4  36   0 0.00    M    M  3.2 10 170   M    M   1 1      11 170
 7  47  18  33   8  32   0 0.00    M    M  4.4  9 130   M    M   0        10 170
 8  46  19  33   8  32   0 0.00    M    M  5.5 10 150   M    M   0        20 110
 9  45  19  32   7  33   0 0.00    M    M  6.2 10 140   M    M   0        12 160
10  45  21  33   7  32   0 0.00    M    M  5.8 10 340   M    M   2        12 340
11  36  31  34   8  31   0 0.02    M    M  1.4  9 320   M    M  10 12     10 320
12  42  28  35   9  30   0    T    M    M  3.5  9 140   M    M   7 1      11 160
13  39  32  36  10  29   0    T    M    M  2.4  7 360   M    M   9 12      9  10
14  40  31  36  10  29   0 0.00    M    M  1.3  8 320   M    M  10 12     10 330
15  45  25  35   9  30   0 0.00    M    M  4.0 13 120   M    M   2        16 120
16  44  19  32   6  33   0 0.00    M    M  4.9 16  90   M    M   2        20  90
17  46  23  35   9  30   0 0.00    M    M  5.6 13 150   M    M   0        14 140
18  47  21  34   8  31   0 0.00    M    M  5.4 10 340   M    M   0        13 340
19  47  21  34   7  31   0 0.00    M    M  5.9 15 130   M    M   2        25 140
20  47  22  35   8  30   0 0.00    M    M  5.1 10 320   M    M   2        13 340
21  39  20  30   3  35   0 0.00    M    M  7.3 26 300   M    M   5        32 300
22  35  12  24  -3  41   0 0.00    M    M  4.8 12 140   M    M   1        13 320
23  39  13  26  -1  39   0 0.00    M    M  6.3 12 140   M    M   0        13 140
24  40  17  29   2  36   0 0.00    M    M  4.8 14 140   M    M   0        16 140
25  50  16  33   5  32   0 0.00    M    M  6.2 10 150   M    M   0        12 350
26  57  21  39  11  26   0 0.00    M    M  5.2 13 170   M    M   0        14 170
================================================================================
SM 1056  459       926   0  0.03    M    120.2          M       76
================================================================================
AV 40.6 17.7                               4.6 FASTST   M    M   3    MAX(MPH)
                                 MISC ---->  # 26 300               # 32  300
================================================================================
NOTES:
# LAST OF SEVERAL OCCURRENCES

COLUMN 17 PEAK WIND IN M.P.H.

PRELIMINARY LOCAL CLIMATOLOGICAL DATA (WS FORM: F-6) , PAGE 2

                                          STATION:  MONTROSE CO
                                          MONTH:    JANUARY
                                          YEAR:     2015
                                          LATITUDE:   38 30 N
                                          LONGITUDE: 107 53 W

[TEMPERATURE DATA]      [PRECIPITATION DATA]       SYMBOLS USED IN COLUMN 16

AVERAGE MONTHLY: 29.1   TOTAL FOR MONTH:   0.03    1 = FOG OR MIST
DPTR FM NORMAL:   3.1   DPTR FM NORMAL:   -0.53    2 = FOG REDUCING VISIBILITY
HIGHEST:    57 ON 26    GRTST 24HR  0.02 ON 11-11      TO 1/4 MILE OR LESS
LOWEST:      0 ON  1                               3 = THUNDER
                        SNOW, ICE PELLETS, HAIL    4 = ICE PELLETS
                        TOTAL MONTH:    M          5 = HAIL
                        GRTST 24HR    M  ON   M    6 = FREEZING RAIN OR DRIZZLE
                        GRTST DEPTH:  M  ON   M    7 = DUSTSTORM OR SANDSTORM:
                                                       VSBY 1/2 MILE OR LESS
                                                   8 = SMOKE OR HAZE
[NO. OF DAYS WITH]      [WEATHER - DAYS WITH]      9 = BLOWING SNOW
                                                   X = TORNADO
MAX 32 OR BELOW:   4    0.01 INCH OR MORE:   2
MAX 90 OR ABOVE:   0    0.10 INCH OR MORE:   0
MIN 32 OR BELOW:  26    0.50 INCH OR MORE:   0
MIN  0 OR BELOW:   1    1.00 INCH OR MORE:   0

[HDD (BASE 65) ]
TOTAL THIS MO.   926    CLEAR  (SCALE 0-3)  18
DPTR FM NORMAL   -88    PTCLDY (SCALE 4-7)   5
TOTAL FM JUL 1  3183    CLOUDY (SCALE 8-10)  3
DPTR FM NORMAL  -439

[CDD (BASE 65) ]
TOTAL THIS MO.     0
DPTR FM NORMAL     0    [PRESSURE DATA]
TOTAL FM JAN 1     0    HIGHEST SLP M ON M
DPTR FM NORMAL     0    LOWEST  SLP 29.92 ON M

[REMARKS]




U.S. Dept. of Commerce
NOAA National Weather Service
1325 East West Highway
Silver Spring, MD 20910
E-mail: w-nws.webmaster@noaa.gov
Page last modified: May 16, 2007
NATIONAL WEATHER SERVICE: for Safety, for Work, for Fun - FOR LIFE