435
CXUS55 KGJT 301000
CF6MTJ
PRELIMINARY LOCAL CLIMATOLOGICAL DATA (WS FORM: F-6)

                                          STATION:   MONTROSE CO
                                          MONTH:     SEPTEMBER
                                          YEAR:      2014
                                          LATITUDE:   38 30 N
                                          LONGITUDE: 107 53 W

  TEMPERATURE IN F:       :PCPN:    SNOW:  WIND      :SUNSHINE: SKY     :PK WND
================================================================================
1   2   3   4   5  6A  6B    7    8   9   10  11  12  13   14  15   16   17  18
                                     12Z  AVG MX 2MIN
DY MAX MIN AVG DEP HDD CDD  WTR  SNW DPTH SPD SPD DIR MIN PSBL S-S WX    SPD DR
================================================================================

 1  85  50  68   1   0   3 0.00    M    M  7.5 14 130   M    M   0        17 170
 2  90  50  70   3   0   5 0.00    M    M  6.7 14  30   M    M   0        19  10
 3  92  55  74   7   0   9 0.00    M    M  9.4 20 260   M    M   0        27 260
 4  75  54  65  -1   0   0    T    M    M  8.1 24 280   M    M   2        34 270
 5  83  49  66   0   0   1 0.00    M    M  6.9 16 330   M    M   1        20 330
 6  85  57  71   5   0   6 0.00    M    M  6.3 15 310   M    M   1        18 310
 7  83  51  67   2   0   2 0.00    M    M  9.7 31 190   M    M   1 38     38 200
 8  72  61  67   2   0   2 0.04    M    M  9.2 21 150   M    M   7        25 150
 9  72  52  62  -3   3   0 0.75    M    M  8.7 29 320   M    M   8 1      38 320
10  74  52  63  -1   2   0 0.00    M    M  3.7 12 140   M    M   3 1      15 140
11  81  47  64   0   1   0 0.00    M    M  5.4 12 130   M    M   1        14 350
12  75  44  60  -4   5   0 0.00    M    M  5.8 16 140   M    M   0        19 140
13  82  44  63   0   2   0 0.00    M    M  6.7 14 130   M    M   0        17 140
14  85  52  69   6   0   4    T    M    M  6.0 14 120   M    M   0        26  60
15  87  50  69   6   0   4 0.00    M    M  6.9 14 330   M    M   0        17 340
16  87  52  70   8   0   5 0.00    M    M  6.8 13 130   M    M   1        17 290
17  86  53  70   8   0   5 0.00    M    M  6.5 13 130   M    M   0        16 340
18  87  52  70   9   0   5 0.00    M    M  6.8 13 290   M    M   0        18 280
19  87  55  71  10   0   6 0.00    M    M  6.6 15 140   M    M   0        18 340
20  86  52  69   8   0   4 0.00    M    M  8.0 36 160   M    M   0 38     45 150
21  81  58  70  10   0   5 0.42    M    M  6.7 20 310   M    M   5 3      26 310
22  76  57  67   7   0   2 0.04    M    M  4.6 16 330   M    M   3 123    19 340
23  79  52  66   7   0   1 0.00    M    M  6.3 13 130   M    M   2        16 130
24  84  50  67   8   0   2 0.00    M    M  6.6 14 150   M    M   0        15 150
25  87  51  69  10   0   4 0.00    M    M  6.9 13 130   M    M   0        15 140
26  86  53  70  12   0   5    T    M    M  8.2 23 160   M    M   2        31 160
27  83  54  69  11   0   4 0.04    M    M  7.6 22 160   M    M   1 3      26 150
28  67  50  59   2   6   0 0.66    M    M  6.5 17 300   M    M   8 1      22 280
29  58  40  49  -8  16   0 0.12    M    M  4.3 29 250   M    M   4 13     41 240
================================================================================
SM 2355 1497        35  84  2.07    M    199.4          M       50
================================================================================
AV 81.2 51.6                               6.9 FASTST   M    M   2    MAX(MPH)
                                 MISC ---->  # 36 160               # 45  150
================================================================================
NOTES:
# LAST OF SEVERAL OCCURRENCES

COLUMN 17 PEAK WIND IN M.P.H.

PRELIMINARY LOCAL CLIMATOLOGICAL DATA (WS FORM: F-6) , PAGE 2

                                          STATION:  MONTROSE CO
                                          MONTH:    SEPTEMBER
                                          YEAR:     2014
                                          LATITUDE:   38 30 N
                                          LONGITUDE: 107 53 W

[TEMPERATURE DATA]      [PRECIPITATION DATA]       SYMBOLS USED IN COLUMN 16

AVERAGE MONTHLY: 66.4   TOTAL FOR MONTH:   2.07    1 = FOG OR MIST
DPTR FM NORMAL:   4.0   DPTR FM NORMAL:    0.80    2 = FOG REDUCING VISIBILITY
HIGHEST:    92 ON  3    GRTST 24HR  0.79 ON  8- 9      TO 1/4 MILE OR LESS
LOWEST:     40 ON 29                               3 = THUNDER
                        SNOW, ICE PELLETS, HAIL    4 = ICE PELLETS
                        TOTAL MONTH:    M          5 = HAIL
                        GRTST 24HR    M  ON   M    6 = FREEZING RAIN OR DRIZZLE
                        GRTST DEPTH:  M  ON   M    7 = DUSTSTORM OR SANDSTORM:
                                                       VSBY 1/2 MILE OR LESS
                                                   8 = SMOKE OR HAZE
[NO. OF DAYS WITH]      [WEATHER - DAYS WITH]      9 = BLOWING SNOW
                                                   X = TORNADO
MAX 32 OR BELOW:   0    0.01 INCH OR MORE:   7
MAX 90 OR ABOVE:   2    0.10 INCH OR MORE:   4
MIN 32 OR BELOW:   0    0.50 INCH OR MORE:   2
MIN  0 OR BELOW:   0    1.00 INCH OR MORE:   0

[HDD (BASE 65) ]
TOTAL THIS MO.    35    CLEAR  (SCALE 0-3)  23
DPTR FM NORMAL   -77    PTCLDY (SCALE 4-7)   5
TOTAL FM JUL 1    42    CLOUDY (SCALE 8-10)  1
DPTR FM NORMAL   -75

[CDD (BASE 65) ]
TOTAL THIS MO.    84
DPTR FM NORMAL    47    [PRESSURE DATA]
TOTAL FM JAN 1   782    HIGHEST SLP M ON M
DPTR FM NORMAL   140    LOWEST  SLP 29.61 ON 27

[REMARKS]




U.S. Dept. of Commerce
NOAA National Weather Service
1325 East West Highway
Silver Spring, MD 20910
E-mail: w-nws.webmaster@noaa.gov
Page last modified: May 16, 2007
NATIONAL WEATHER SERVICE: for Safety, for Work, for Fun - FOR LIFE