204
CXUS55 KGJT 231000
CF6MTJ
PRELIMINARY LOCAL CLIMATOLOGICAL DATA (WS FORM: F-6)

                                          STATION:   MONTROSE CO
                                          MONTH:     APRIL
                                          YEAR:      2014
                                          LATITUDE:   38 30 N
                                          LONGITUDE: 107 53 W

  TEMPERATURE IN F:       :PCPN:    SNOW:  WIND      :SUNSHINE: SKY     :PK WND
================================================================================
1   2   3   4   5  6A  6B    7    8   9   10  11  12  13   14  15   16   17  18
                                     12Z  AVG MX 2MIN
DY MAX MIN AVG DEP HDD CDD  WTR  SNW DPTH SPD SPD DIR MIN PSBL S-S WX    SPD DR
================================================================================

 1  62  38  50   5  15   0 0.00    M    M 16.1 38 240   M    M   4        53 220
 2  49  33  41  -5  24   0 0.01    M    M 10.0 30 240   M    M   7 1      37 220
 3  51  33  42  -4  23   0    T    M    M  9.5 25 310   M    M   6        31 310
 4  53  27  40  -6  25   0 0.00    M    M  7.1 18 240   M    M   4        24 180
 5  56  34  45  -1  20   0    T    M    M  7.5 23 240   M    M   4        29 240
 6  54  33  44  -2  21   0 0.01    M    M 11.3 28 330   M    M   7        36 300
 7  56  36  46  -1  19   0 0.03    M    M  6.0 18 320   M    M   5        24 310
 8  67  31  49   2  16   0 0.00    M    M  6.0 15 130   M    M   0        18 120
 9  74  35  55   8  10   0 0.00    M    M  8.1 23 230   M    M   0        29 240
10  76  41  59  12   6   0 0.00    M    M  9.8 28 300   M    M   0        35 290
11  77  41  59  11   6   0 0.00    M    M  8.1 25 290   M    M   0        32 250
12  68  42  55   7  10   0 0.01    M    M 10.2 32 140   M    M   4 38     49 170
13  48  30  39  -9  26   0 0.36    M    M 10.6 26 320   M    M   8 1      34 320
14  45  25  35 -13  30   0 0.00    M    M  5.6 16 310   M    M   3        21 290
15  63  26  45  -4  20   0 0.00    M    M  6.5 16 240   M    M   0        22 350
16  57  38  48  -1  17   0 0.00    M    M  6.3 15 360   M    M   4        20 350
17  68  31  50   1  15   0 0.00    M    M  6.2 14 130   M    M   0        20 310
18  75  37  56   6   9   0 0.00    M    M  7.4 26 220   M    M   2 8      33 220
19  64  46  55   5  10   0 0.02    M    M  5.8 14 270   M    M   8 3      17 260
20  72  40  56   6   9   0 0.00    M    M  6.8 23 290   M    M   2        29 280
21  74  40  57   7   8   0 0.00    M    M  5.8 15 320   M    M   0        20 330
22  76  45  61  10   4   0    T    M    M 12.6 32 220   M    M   2 8      43 230
================================================================================
SM 1385  782       343   0  0.44    M    183.3          M       70
================================================================================
AV 63.0 35.5                               8.3 FASTST   M    M   3    MAX(MPH)
                                 MISC ---->  # 38 240               # 53  220
================================================================================
NOTES:
# LAST OF SEVERAL OCCURRENCES

COLUMN 17 PEAK WIND IN M.P.H.

PRELIMINARY LOCAL CLIMATOLOGICAL DATA (WS FORM: F-6) , PAGE 2

                                          STATION:  MONTROSE CO
                                          MONTH:    APRIL
                                          YEAR:     2014
                                          LATITUDE:   38 30 N
                                          LONGITUDE: 107 53 W

[TEMPERATURE DATA]      [PRECIPITATION DATA]       SYMBOLS USED IN COLUMN 16

AVERAGE MONTHLY: 49.2   TOTAL FOR MONTH:   0.44    1 = FOG OR MIST
DPTR FM NORMAL:   1.4   DPTR FM NORMAL:   -0.28    2 = FOG REDUCING VISIBILITY
HIGHEST:    77 ON 11    GRTST 24HR  0.36 ON 13-13      TO 1/4 MILE OR LESS
LOWEST:     25 ON 14                               3 = THUNDER
                        SNOW, ICE PELLETS, HAIL    4 = ICE PELLETS
                        TOTAL MONTH:    M          5 = HAIL
                        GRTST 24HR    M  ON   M    6 = FREEZING RAIN OR DRIZZLE
                        GRTST DEPTH:  M  ON   M    7 = DUSTSTORM OR SANDSTORM:
                                                       VSBY 1/2 MILE OR LESS
                                                   8 = SMOKE OR HAZE
[NO. OF DAYS WITH]      [WEATHER - DAYS WITH]      9 = BLOWING SNOW
                                                   X = TORNADO
MAX 32 OR BELOW:   0    0.01 INCH OR MORE:   6
MAX 90 OR ABOVE:   0    0.10 INCH OR MORE:   1
MIN 32 OR BELOW:   6    0.50 INCH OR MORE:   0
MIN  0 OR BELOW:   0    1.00 INCH OR MORE:   0

[HDD (BASE 65) ]
TOTAL THIS MO.   343    CLEAR  (SCALE 0-3)  10
DPTR FM NORMAL   -35    PTCLDY (SCALE 4-7)  11
TOTAL FM JUL 1  5745    CLOUDY (SCALE 8-10)  1
DPTR FM NORMAL   -89

[CDD (BASE 65) ]
TOTAL THIS MO.     0
DPTR FM NORMAL     0    [PRESSURE DATA]
TOTAL FM JAN 1     0    HIGHEST SLP M ON M
DPTR FM NORMAL     0    LOWEST  SLP 29.45 ON 22

[REMARKS]




U.S. Dept. of Commerce
NOAA National Weather Service
1325 East West Highway
Silver Spring, MD 20910
E-mail: w-nws.webmaster@noaa.gov
Page last modified: May 16, 2007
NATIONAL WEATHER SERVICE: for Safety, for Work, for Fun - FOR LIFE