207
CXUS52 KEYW 290800
CF6MTH
PRELIMINARY LOCAL CLIMATOLOGICAL DATA (WS FORM: F-6)

                                          STATION:   MARATHON
                                          MONTH:     AUGUST
                                          YEAR:      2014
                                          LATITUDE:   24 43 N
                                          LONGITUDE:  81  5 W

  TEMPERATURE IN F:       :PCPN:    SNOW:  WIND      :SUNSHINE: SKY     :PK WND
================================================================================
1   2   3   4   5  6A  6B    7    8   9   10  11  12  13   14  15   16   17  18
                                     12Z  AVG MX 2MIN
DY MAX MIN AVG DEP HDD CDD  WTR  SNW DPTH SPD SPD DIR MIN PSBL S-S WX    SPD DR
================================================================================

 1  94  80  87   1   0  22 0.02  0.0    0  4.7 15  30   M    M   3        21  40
 2  91  82  87   1   0  22 0.01  0.0    0  4.0 17  20   M    M   3 3      25  20
 3  83  74  79  -7   0  14 3.84  0.0    0  3.3 17  20   M    M   5 13     23  20
 4  85  76  81  -5   0  16 0.71    M    0  5.3 16 160   M    M   6 138    25 180
 5  92  78  85  -1   0  20 0.06  0.0    0  4.0 12 180   M    M   2 18     19 190
 6  92  78  85  -1   0  20 0.00  0.0    0  1.0  7  40   M    M   3        10  10
 7  91  80  86   0   0  21 0.00  0.0    0  2.7 12 350   M    M   1 3      17 130
 8  91  84  88   2   0  23 0.00  0.0    0  5.8 10 160   M    M   1        17 140
 9  92  83  88   2   0  23 0.00  0.0    0  4.6  8 190   M    M   1 8      13 210
10  92  83  88   2   0  23 0.00  0.0    0  5.2  9 120   M    M   1        13 140
11  92  83  88   2   0  23 0.00  0.0    0  4.6  9 140   M    M   1        12 130
12  92  84  88   2   0  23 0.00  0.0    0  5.3 12 160   M    M   1        17 170
13  93  84  89   3   0  24 0.00  0.0    0  4.4  9 190   M    M   1        14 140
14  95  83  89   3   0  24 0.00  0.0    0  4.3 10 280   M    M   0 38     15 290
15  95  74  85  -1   0  20 0.50  0.0    0  3.8 17 230   M    M   2 13     25 250
16  93  82  88   3   0  23    T  0.0    0  5.3 14  50   M    M   1        20 140
17  92  85  89   4   0  24 0.00  0.0    0  7.7 13  80   M    M   1        19  70
18  93  83  88   3   0  23 0.00  0.0    0  5.7 10 120   M    M   1        17 130
19  94  82  88   3   0  23 0.00  0.0    0  4.1 14 170   M    M   0 3      19 180
20  94  83  89   4   0  24 0.00  0.0    0  4.0 15 350   M    M   1        20 350
21  94  84  89   4   0  24 0.00  0.0    0  5.8 15 130   M    M   1        20 140
22  93  82  88   3   0  23    T  0.0    0  6.6 12  80   M    M   1 3      17 140
23  92  75  84  -1   0  19 0.55  0.0    0  6.2 22  20   M    M   2 3      27  30
24  92  76  84  -1   0  19 0.40  0.0    0  3.6 16 190   M    M   1 3      23 170
25  93  79  86   1   0  21 0.28  0.0    0  6.5 24  30   M    M   1 138    32  40
26  91  79  85   0   0  20    T  0.0    0 12.1 23  50   M    M   6 8      29  40
27  92  82  87   2   0  22 0.00  0.0    0  9.7 15 170   M    M   4        22 160
28  92  78  85   0   0  20 0.12  0.0    0  7.1 14 190   M    M   2 1      22 190
================================================================================
SM 2575 2256         0 603  6.49     0.0 147.4          M       53
================================================================================
AV 92.0 80.6                               5.3 FASTST   M    M   2    MAX(MPH)
                                 MISC ---->  # 24  30               # 32   40
================================================================================
NOTES:
# LAST OF SEVERAL OCCURRENCES

COLUMN 17 PEAK WIND IN M.P.H.

PRELIMINARY LOCAL CLIMATOLOGICAL DATA (WS FORM: F-6) , PAGE 2

                                          STATION:  MARATHON
                                          MONTH:    AUGUST
                                          YEAR:     2014
                                          LATITUDE:   24 43 N
                                          LONGITUDE:  81  5 W

[TEMPERATURE DATA]      [PRECIPITATION DATA]       SYMBOLS USED IN COLUMN 16

AVERAGE MONTHLY: 86.3   TOTAL FOR MONTH:   6.49    1 = FOG OR MIST
DPTR FM NORMAL:   0.7   DPTR FM NORMAL:    0.35    2 = FOG REDUCING VISIBILITY
HIGHEST:    95 ON 15,14 GRTST 24HR  3.84 ON  3- 3      TO 1/4 MILE OR LESS
LOWEST:     74 ON 15, 3                            3 = THUNDER
                        SNOW, ICE PELLETS, HAIL    4 = ICE PELLETS
                        TOTAL MONTH:   0.0 INCH    5 = HAIL
                        GRTST 24HR     0.0         6 = FREEZING RAIN OR DRIZZLE
                        GRTST DEPTH:   0           7 = DUSTSTORM OR SANDSTORM:
                                                       VSBY 1/2 MILE OR LESS
                                                   8 = SMOKE OR HAZE
[NO. OF DAYS WITH]      [WEATHER - DAYS WITH]      9 = BLOWING SNOW
                                                   X = TORNADO
MAX 32 OR BELOW:   0    0.01 INCH OR MORE:  10
MAX 90 OR ABOVE:  26    0.10 INCH OR MORE:   7
MIN 32 OR BELOW:   0    0.50 INCH OR MORE:   4
MIN  0 OR BELOW:   0    1.00 INCH OR MORE:   1

[HDD (BASE 65) ]
TOTAL THIS MO.     0    CLEAR  (SCALE 0-3)  23
DPTR FM NORMAL     0    PTCLDY (SCALE 4-7)   5
TOTAL FM JUL 1     0    CLOUDY (SCALE 8-10)  0
DPTR FM NORMAL     0

[CDD (BASE 65) ]
TOTAL THIS MO.   603
DPTR FM NORMAL    31    [PRESSURE DATA]
TOTAL FM JAN 1  3622    HIGHEST SLP M ON M
DPTR FM NORMAL   293    LOWEST  SLP 29.71 ON 25

[REMARKS]




U.S. Dept. of Commerce
NOAA National Weather Service
1325 East West Highway
Silver Spring, MD 20910
E-mail: w-nws.webmaster@noaa.gov
Page last modified: May 16, 2007
NATIONAL WEATHER SERVICE: for Safety, for Work, for Fun - FOR LIFE