228
CXUS52 KEYW 010800
CF6MTH
PRELIMINARY LOCAL CLIMATOLOGICAL DATA (WS FORM: F-6)

                                          STATION:   MARATHON
                                          MONTH:     SEPTEMBER
                                          YEAR:      2014
                                          LATITUDE:   24 43 N
                                          LONGITUDE:  81  5 W

  TEMPERATURE IN F:       :PCPN:    SNOW:  WIND      :SUNSHINE: SKY     :PK WND
================================================================================
1   2   3   4   5  6A  6B    7    8   9   10  11  12  13   14  15   16   17  18
                                     12Z  AVG MX 2MIN
DY MAX MIN AVG DEP HDD CDD  WTR  SNW DPTH SPD SPD DIR MIN PSBL S-S WX    SPD DR
================================================================================

 1  91  79  85   0   0  20 0.06  0.0    0  7.7 14  70   M    M   1 18     22 140
 2  91  78  85   0   0  20 0.11  0.0    0  7.3 16 130   M    M   2 13     24 130
 3  89  79  84   0   0  19 0.01  0.0    0  6.4 16 170   M    M   2        25 170
 4  91  76  84   0   0  19 0.08  0.0    0  5.1 12 210   M    M   3 13     19 200
 5  92  83  88   4   0  23 0.00  0.0    0  6.9 12  80   M    M   1        17 120
 6  91  80  86   2   0  21    T  0.0    0  7.1 14 140   M    M   1 3      22 140
 7  90  77  84   0   0  19 0.18  0.0    0  7.7 20 130   M    M   1 13     28 130
 8  91  78  85   1   0  20 0.03  0.0    0  7.8 17 130   M    M   1        23 130
 9  90  75  83  -1   0  18 0.37  0.0    0  8.4 21  80   M    M   2 138    26  80
10  88  78  83  -1   0  18 0.09  0.0    0  5.8 13  60   M    M   3 138    20 120
11  89  77  83  -1   0  18    T  0.0    0  2.4  9  30   M    M   2 3      14 140
12  82  74  78  -6   0  13 0.37  0.0    0  3.8 24 160   M    M   4 13     37 150
13  88  74  81  -3   0  16 1.84  0.0    0  7.6 22 150   M    M   3 138    32 150
14  89  77  83  -1   0  18 0.08  0.0    0  5.1 12  90   M    M   3 13     16 160
15  90  80  85   1   0  20 0.00  0.0    0  7.0 13  80   M    M   0        17  80
16  90  79  85   1   0  20 0.00  0.0    0  5.7 13 350   M    M   0        17 350
17  89  75  82  -2   0  17 0.29  0.0    0  2.0 14 290   M    M   1 1      21 290
18  89  75  82  -2   0  17 0.06  0.0    0  2.1 13 200   M    M   1 138    22 200
19  87  77  82  -2   0  17 0.00  0.0    0  2.4  7  40   M    M   1        12 180
20  89  78  84   0   0  19 0.00  0.0    0  5.2 13 350   M    M   2 3      18 320
21  90  79  85   1   0  20    T  0.0    0  2.6  8 150   M    M   0        13 140
22  86  78  82  -2   0  17    T  0.0    0  6.0 20 130   M    M   1 13     30 130
23  85  73  79  -5   0  14 0.75  0.0    0  6.0 18  60   M    M   4 13     28 160
24  88  76  82  -2   0  17 0.13  0.0    0  8.7 16 130   M    M   0 13     24 110
25  88  77  83  -1   0  18 0.74  0.0    0  8.6 15 130   M    M   1 13     23 120
26  89  81  85   2   0  20    T  0.0    0  6.9 13  70   M    M   2        20 100
27  90  80  85   2   0  20 0.00  0.0    0  7.8 13 100   M    M   1        18 100
28  89  82  86   3   0  21 0.00  0.0    0  6.4 12 100   M    M   1        17 110
29  90  81  86   3   0  21 0.00  0.0    0  4.4  8 190   M    M   1        12 130
30  91  79  85   2   0  20 0.00  0.0    0  3.8 12 310   M    M   2        19 240
================================================================================
SM 2672 2335         0 560  5.19     0.0 174.7          M       47
================================================================================
AV 89.1 77.8                               5.8 FASTST   M    M   2    MAX(MPH)
                                 MISC ---->  # 24 160               # 37  150
================================================================================
NOTES:
# LAST OF SEVERAL OCCURRENCES

COLUMN 17 PEAK WIND IN M.P.H.

PRELIMINARY LOCAL CLIMATOLOGICAL DATA (WS FORM: F-6) , PAGE 2

                                          STATION:  MARATHON
                                          MONTH:    SEPTEMBER
                                          YEAR:     2014
                                          LATITUDE:   24 43 N
                                          LONGITUDE:  81  5 W

[TEMPERATURE DATA]      [PRECIPITATION DATA]       SYMBOLS USED IN COLUMN 16

AVERAGE MONTHLY: 83.4   TOTAL FOR MONTH:   5.19    1 = FOG OR MIST
DPTR FM NORMAL:  -0.5   DPTR FM NORMAL:   -2.54    2 = FOG REDUCING VISIBILITY
HIGHEST:    92 ON  5    GRTST 24HR  2.04 ON 12-13      TO 1/4 MILE OR LESS
LOWEST:     73 ON 23                               3 = THUNDER
                        SNOW, ICE PELLETS, HAIL    4 = ICE PELLETS
                        TOTAL MONTH:   0.0 INCH    5 = HAIL
                        GRTST 24HR     0.0         6 = FREEZING RAIN OR DRIZZLE
                        GRTST DEPTH:   0           7 = DUSTSTORM OR SANDSTORM:
                                                       VSBY 1/2 MILE OR LESS
                                                   8 = SMOKE OR HAZE
[NO. OF DAYS WITH]      [WEATHER - DAYS WITH]      9 = BLOWING SNOW
                                                   X = TORNADO
MAX 32 OR BELOW:   0    0.01 INCH OR MORE:  16
MAX 90 OR ABOVE:  14    0.10 INCH OR MORE:   9
MIN 32 OR BELOW:   0    0.50 INCH OR MORE:   3
MIN  0 OR BELOW:   0    1.00 INCH OR MORE:   1

[HDD (BASE 65) ]
TOTAL THIS MO.     0    CLEAR  (SCALE 0-3)  27
DPTR FM NORMAL     0    PTCLDY (SCALE 4-7)   3
TOTAL FM JUL 1     0    CLOUDY (SCALE 8-10)  0
DPTR FM NORMAL     0

[CDD (BASE 65) ]
TOTAL THIS MO.   560
DPTR FM NORMAL    -8    [PRESSURE DATA]
TOTAL FM JAN 1  4244    HIGHEST SLP 30.14 ON 15
DPTR FM NORMAL   290    LOWEST  SLP 29.84 ON 30

[REMARKS]
#FINAL-09-14#




U.S. Dept. of Commerce
NOAA National Weather Service
1325 East West Highway
Silver Spring, MD 20910
E-mail: w-nws.webmaster@noaa.gov
Page last modified: May 16, 2007
NATIONAL WEATHER SERVICE: for Safety, for Work, for Fun - FOR LIFE