858
CXUS55 KLIX 260830
CF6MSY
PRELIMINARY LOCAL CLIMATOLOGICAL DATA (WS FORM: F-6)

                                          STATION:   NEW ORLEANS
                                          MONTH:     JULY
                                          YEAR:      2014
                                          LATITUDE:   29 58 N
                                          LONGITUDE:  90 15 W

  TEMPERATURE IN F:       :PCPN:    SNOW:  WIND      :SUNSHINE: SKY     :PK WND
================================================================================
1   2   3   4   5  6A  6B    7    8   9   10  11  12  13   14  15   16   17  18
                                     12Z  AVG MX 2MIN
DY MAX MIN AVG DEP HDD CDD  WTR  SNW DPTH SPD SPD DIR MIN PSBL S-S WX    SPD DR
================================================================================

 1  92  76  84   1   0  19 0.00  0.0    0  6.2 13 260   M    M   3 18     19  40
 2  95  78  87   4   0  22 0.00  0.0    0  7.3 32 340   M    M   6        46 340
 3  91  72  82  -1   0  17 0.00  0.0    0  6.7 16  30   M    M   7        20 330
 4  89  78  84   1   0  19 0.00  0.0    0  9.2 18  40   M    M   5        23  30
 5  88  76  82  -1   0  17 0.00  0.0    0  7.1 14  50   M    M   4        16  80
 6  90  70  80  -3   0  15 0.00  0.0    0  3.6 12 360   M    M   2        16 350
 7  91  72  82  -1   0  17 0.00  0.0    0  5.5 13 200   M    M   5        16 170
 8  87  74  81  -2   0  16 0.01  0.0    0  6.2 21 180   M    M   6 38     24 190
 9  90  73  82  -1   0  17 0.25  0.0    0  5.3 23 320   M    M   8 13     27 320
10  90  74  82  -1   0  17 0.57  0.0    0  3.7 35 300   M    M   6 138    51 300
11  93  75  84   1   0  19    T  0.0    0  3.7 32  40   M    M   6 3      39  40
12  92  75  84   1   0  19 0.00  0.0    0  4.4 15  30   M    M   6        18  30
13  88  76  82  -1   0  17 0.05  0.0    0  4.3 21 210   M    M   5 138    26 210
14  88  77  83   0   0  18 0.27  0.0    0  6.7 15 230   M    M   7 138    18 210
15  91  75  83   0   0  18 0.82  0.0    0  6.8 26 290   M    M   7 13     35 290
16  88  75  82  -1   0  17 0.00  0.0    0  8.6 15  40   M    M   5        21 320
17  89  73  81  -2   0  16 0.00  0.0    0  6.0 14  50   M    M   8        18  50
18  82  73  78  -5   0  13 1.26  0.0    0  7.2 25 230   M    M   9 13     36 230
19  91  74  83   0   0  18 0.60  0.0    0  6.4 23 240   M    M   7 13     28 250
20  87  76  82  -1   0  17 0.55  0.0    0  5.8 22 180   M    M   6 138    26 150
21  90  76  83   0   0  18 0.00  0.0    0  5.5 14 330   M    M   4 128    18  10
22  89  76  83   0   0  18 0.04  0.0    0  4.1 21 200   M    M   7 138    28 190
23  85  74  80  -3   0  15 0.07  0.0    0  4.4 14 130   M    M   8 13     19 130
24  89  73  81  -2   0  16 0.00  0.0    0  4.1 10 220   M    M   5 18     13 190
25  94  77  86   3   0  21 0.00  0.0    0  5.8 17 210   M    M   6 138    20 200
================================================================================
SM 2239 1868         0 436  4.49     0.0 144.6          M      148
================================================================================
AV 89.6 74.7                               5.8 FASTST   M    M   6    MAX(MPH)
                                 MISC ---->  # 35 300               # 51  300
================================================================================
NOTES:
# LAST OF SEVERAL OCCURRENCES

COLUMN 17 PEAK WIND IN M.P.H.

PRELIMINARY LOCAL CLIMATOLOGICAL DATA (WS FORM: F-6) , PAGE 2

                                          STATION:  NEW ORLEANS
                                          MONTH:    JULY
                                          YEAR:     2014
                                          LATITUDE:   29 58 N
                                          LONGITUDE:  90 15 W

[TEMPERATURE DATA]      [PRECIPITATION DATA]       SYMBOLS USED IN COLUMN 16

AVERAGE MONTHLY: 82.1   TOTAL FOR MONTH:   4.49    1 = FOG OR MIST
DPTR FM NORMAL:  -0.9   DPTR FM NORMAL:   -0.36    2 = FOG REDUCING VISIBILITY
HIGHEST:    95 ON  2    GRTST 24HR  1.77 ON 18-19      TO 1/4 MILE OR LESS
LOWEST:     70 ON  6                               3 = THUNDER
                        SNOW, ICE PELLETS, HAIL    4 = ICE PELLETS
                        TOTAL MONTH:   0.0 INCH    5 = HAIL
                        GRTST 24HR     0.0         6 = FREEZING RAIN OR DRIZZLE
                        GRTST DEPTH:   0           7 = DUSTSTORM OR SANDSTORM:
                                                       VSBY 1/2 MILE OR LESS
                                                   8 = SMOKE OR HAZE
[NO. OF DAYS WITH]      [WEATHER - DAYS WITH]      9 = BLOWING SNOW
                                                   X = TORNADO
MAX 32 OR BELOW:   0    0.01 INCH OR MORE:  11
MAX 90 OR ABOVE:  13    0.10 INCH OR MORE:   7
MIN 32 OR BELOW:   0    0.50 INCH OR MORE:   5
MIN  0 OR BELOW:   0    1.00 INCH OR MORE:   1

[HDD (BASE 65) ]
TOTAL THIS MO.     0    CLEAR  (SCALE 0-3)   1
DPTR FM NORMAL     0    PTCLDY (SCALE 4-7)  23
TOTAL FM JUL 1     0    CLOUDY (SCALE 8-10)  1
DPTR FM NORMAL     0

[CDD (BASE 65) ]
TOTAL THIS MO.   436
DPTR FM NORMAL   -14    [PRESSURE DATA]
TOTAL FM JAN 1  1463    HIGHEST SLP M ON M
DPTR FM NORMAL  -101    LOWEST  SLP 29.89 ON 18

[REMARKS]




U.S. Dept. of Commerce
NOAA National Weather Service
1325 East West Highway
Silver Spring, MD 20910
E-mail: w-nws.webmaster@noaa.gov
Page last modified: May 16, 2007
NATIONAL WEATHER SERVICE: for Safety, for Work, for Fun - FOR LIFE