618
CXUS55 KLIX 010830
CF6MSY
PRELIMINARY LOCAL CLIMATOLOGICAL DATA (WS FORM: F-6)

                                          STATION:   NEW ORLEANS
                                          MONTH:     NOVEMBER
                                          YEAR:      2014
                                          LATITUDE:   29 58 N
                                          LONGITUDE:  90 15 W

  TEMPERATURE IN F:       :PCPN:    SNOW:  WIND      :SUNSHINE: SKY     :PK WND
================================================================================
1   2   3   4   5  6A  6B    7    8   9   10  11  12  13   14  15   16   17  18
                                     12Z  AVG MX 2MIN
DY MAX MIN AVG DEP HDD CDD  WTR  SNW DPTH SPD SPD DIR MIN PSBL S-S WX    SPD DR
================================================================================

 1  61  46  54 -13  11   0 0.00  0.0    M 16.3 30  10   M    M   1        37  10
 2  64  47  56 -10   9   0 0.00  0.0    0  6.6 21  40   M    M   3        25  40
 3  73  44  59  -7   6   0 0.00  0.0    0  4.6 13 130   M    M   7        23 150
 4  79  58  69   3   0   4 0.00  0.0    0  9.3 17 160   M    M   5        23 140
 5  81  68  75   9   0  10 0.00  0.0    0  8.5 18 160   M    M   8        23 160
 6  76  61  69   4   0   4 0.01  0.0    0  8.4 18 360   M    M  10 18     31 290
 7  65  52  59  -6   6   0 0.00  0.0    0 12.7 24  30   M    M   5        28  30
 8  66  53  60  -5   5   0 0.00  0.0    0  5.5 16 360   M    M   8        19 350
 9  68  51  60  -4   5   0 0.00  0.0    0  6.3 14  40   M    M   2        18  10
10  74  45  60  -4   5   0 0.00  0.0    0  6.1 15 170   M    M   2 1      19 150
11  80  59  70   6   0   5 0.00  0.0    0  5.3 12 160   M    M   8 1      15 160
12  67  48  58  -6   7   0    T  0.0    0 13.2 21  20   M    M  10        26  10
13  48  39  44 -19  21   0 0.71  0.0    0 16.8 24  10   M    M   9        32 350
14  50  35  43 -20  22   0 0.00  0.0    0 13.7 23  30   M    M   1        29  30
15  58  39  49 -14  16   0 0.00  0.0    0  7.3 14  80   M    M   3        18 110
16  77  56  67   5   0   2    T  0.0    0 14.7 26 170   M    M   6 3      33 150
17  72  41  57  -5   8   0 1.04  0.0    0 18.1 31 250   M    M   6 13     40 240
18  50  34  42 -20  23   0 0.00  0.0    0 10.6 22 360   M    M   3        29 360
19  60  31  46 -16  19   0 0.00  0.0    0  6.0 14 180   M    M   1        16 170
20  71  44  58  -3   7   0 0.00  0.0    0  6.6 15 180   M    M   3        18 180
21  71  46  59  -2   6   0 0.00  0.0    0  8.0 18 120   M    M   2        27 120
22  69  54  62   1   3   0    T  0.0    0  9.7 18  90   M    M   6 1      24  70
23  76  62  69   8   0   4 0.38  0.0    0 12.4 24 220   M    M   7 123    33 230
24  70  56  63   3   2   0 0.00  0.0    0 10.9 20  10   M    M   7 12     26  10
25  58  47  53  -7  12   0    T  0.0    0 11.6 18 340   M    M   7        24 330
26  69  38  54  -6  11   0 0.00  0.0    0  8.1 22 260   M    M   1 1      27 260
27  61  48  55  -5  10   0 0.00  0.0    0 11.2 22  10   M    M   1        26  10
28  62  43  53  -6  12   0 0.00  0.0    0  7.0 13  50   M    M   1        16  50
29  76  49  63   4   2   0 0.00  0.0    0  9.6 20 180   M    M   2 1      25 180
30  80  54  67   8   0   2 0.00  0.0    0  7.7 21 160   M    M   2 1      25 160
================================================================================
SM 2032 1448       228  31  2.14     0.0 292.8          M      137
================================================================================
AV 67.7 48.3                               9.8 FASTST   M    M   5    MAX(MPH)
                                 MISC ---->  # 31 250               # 40  240
================================================================================
NOTES:
# LAST OF SEVERAL OCCURRENCES

COLUMN 17 PEAK WIND IN M.P.H.

PRELIMINARY LOCAL CLIMATOLOGICAL DATA (WS FORM: F-6) , PAGE 2

                                          STATION:  NEW ORLEANS
                                          MONTH:    NOVEMBER
                                          YEAR:     2014
                                          LATITUDE:   29 58 N
                                          LONGITUDE:  90 15 W

[TEMPERATURE DATA]      [PRECIPITATION DATA]       SYMBOLS USED IN COLUMN 16

AVERAGE MONTHLY: 58.0   TOTAL FOR MONTH:   2.14    1 = FOG OR MIST
DPTR FM NORMAL:  -4.7   DPTR FM NORMAL:   -2.35    2 = FOG REDUCING VISIBILITY
HIGHEST:    81 ON  5    GRTST 24HR  1.04 ON 17-17      TO 1/4 MILE OR LESS
LOWEST:     31 ON 19                               3 = THUNDER
                        SNOW, ICE PELLETS, HAIL    4 = ICE PELLETS
                        TOTAL MONTH:   0.0 INCH    5 = HAIL
                        GRTST 24HR     0.0         6 = FREEZING RAIN OR DRIZZLE
                        GRTST DEPTH:   0           7 = DUSTSTORM OR SANDSTORM:
                                                       VSBY 1/2 MILE OR LESS
                                                   8 = SMOKE OR HAZE
[NO. OF DAYS WITH]      [WEATHER - DAYS WITH]      9 = BLOWING SNOW
                                                   X = TORNADO
MAX 32 OR BELOW:   0    0.01 INCH OR MORE:   4
MAX 90 OR ABOVE:   0    0.10 INCH OR MORE:   3
MIN 32 OR BELOW:   1    0.50 INCH OR MORE:   2
MIN  0 OR BELOW:   0    1.00 INCH OR MORE:   1

[HDD (BASE 65) ]
TOTAL THIS MO.   228    CLEAR  (SCALE 0-3)  14
DPTR FM NORMAL    89    PTCLDY (SCALE 4-7)  13
TOTAL FM JUL 1   230    CLOUDY (SCALE 8-10)  3
DPTR FM NORMAL    66

[CDD (BASE 65) ]
TOTAL THIS MO.    31
DPTR FM NORMAL   -38    [PRESSURE DATA]
TOTAL FM JAN 1  2966    HIGHEST SLP 30.52 ON 18
DPTR FM NORMAL   -12    LOWEST  SLP 29.65 ON 23

[REMARKS]
#FINAL-11-14#




U.S. Dept. of Commerce
NOAA National Weather Service
1325 East West Highway
Silver Spring, MD 20910
E-mail: w-nws.webmaster@noaa.gov
Page last modified: May 16, 2007
NATIONAL WEATHER SERVICE: for Safety, for Work, for Fun - FOR LIFE