715
CXUS55 KLIX 310830
CF6MSY
PRELIMINARY LOCAL CLIMATOLOGICAL DATA (WS FORM: F-6)

                                          STATION:   NEW ORLEANS
                                          MONTH:     AUGUST
                                          YEAR:      2014
                                          LATITUDE:   29 58 N
                                          LONGITUDE:  90 15 W

  TEMPERATURE IN F:       :PCPN:    SNOW:  WIND      :SUNSHINE: SKY     :PK WND
================================================================================
1   2   3   4   5  6A  6B    7    8   9   10  11  12  13   14  15   16   17  18
                                     12Z  AVG MX 2MIN
DY MAX MIN AVG DEP HDD CDD  WTR  SNW DPTH SPD SPD DIR MIN PSBL S-S WX    SPD DR
================================================================================

 1  89  77  83   0   0  18 0.00  0.0    0  4.4 10 180   M    M   8 8      13 150
 2  92  77  85   2   0  20 0.03  0.0    0  5.0  8 150   M    M   8 38      M  M
 3  95  76  86   3   0  21    T  0.0    0  5.8 22  50   M    M   8 8      30  50
 4  92  76  84   1   0  19 0.00  0.0    0  5.0 16 180   M    M   6 38     20 170
 5  94  76  85   2   0  20 0.00  0.0    0  5.2 13 200   M    M   6 18     15 180
 6  94  77  86   3   0  21 0.00  0.0    0  5.9 16 240   M    M   5 8      20 220
 7  94  78  86   3   0  21 0.00  0.0    0  6.2 15 180   M    M   6 3      20 190
 8  94  78  86   3   0  21 0.97  0.0    0  7.3 25 280   M    M   5 38     30 270
 9  94  76  85   2   0  20 0.59  0.0    0  5.6 18  40   M    M   6 138    23  30
10  89  76  83   0   0  18 0.10  0.0    0  5.5 24 240   M    M   6 13     32 260
11  91  75  83   0   0  18 0.67  0.0    0  5.4 16  50   M    M   6 13     22  50
12  91  74  83   0   0  18 0.00  0.0    0  6.0 14 350   M    M   7        20 350
13  92  79  86   3   0  21 0.00  0.0    0  9.3 16  30   M    M   7        21  30
14  90  76  83   0   0  18 0.00  0.0    0  6.3 13  50   M    M   7        15  10
15  92  72  82  -1   0  17 0.00  0.0    0  4.6 14 330   M    M   4        16 340
16  94  78  86   3   0  21    T  0.0    0  7.3 18 330   M    M   5 38     22 190
17  92  74  83   0   0  18 0.81  0.0    0  6.9 30 230   M    M   5 13     36 250
18  92  79  86   3   0  21    T  0.0    0  7.9 16 230   M    M   6 3      20 260
19  94  77  86   3   0  21 0.14  0.0    0  5.0 22 290   M    M   5 13     26 290
20  92  77  85   2   0  20    T  0.0    0  3.4 15  40   M    M   6 3      18  70
21  94  77  86   3   0  21 0.11  0.0    0  3.9 29 130   M    M   7 3      38 130
22  95  75  85   2   0  20 0.00  0.0    0  4.5 12 360   M    M   3        14  40
23  96  79  88   5   0  23 0.00  0.0    0  5.5 12  30   M    M   2 1      16 350
24  95  79  87   4   0  22 0.00  0.0    0  7.4 14  30   M    M   5 18     21 360
25  90  76  83   0   0  18 0.49  0.0    0  9.7 18  90   M    M   6 13     27  50
26  89  76  83   0   0  18 0.03  0.0    0  8.2 20  40   M    M   6 13     24  40
27  91  80  86   3   0  21 0.00  0.0    0  8.0 16 120   M    M   6        20  80
28  93  79  86   3   0  21 0.00  0.0    0  6.6 15 150   M    M   7        19 170
29  88  76  82  -1   0  17 0.05  0.0    0  6.0 31 190   M    M   7 3      39 190
30  87  74  81  -2   0  16 1.51  0.0    0  6.0 28 190   M    M   9 138    33 210
================================================================================
SM 2765 2299         0 589  5.50     0.0 183.8          M      180
================================================================================
AV 92.2 76.6                               6.1 FASTST   M    M   6    MAX(MPH)
                                 MISC ---->  # 31 190               # 39  190
================================================================================
NOTES:
# LAST OF SEVERAL OCCURRENCES

COLUMN 17 PEAK WIND IN M.P.H.

PRELIMINARY LOCAL CLIMATOLOGICAL DATA (WS FORM: F-6) , PAGE 2

                                          STATION:  NEW ORLEANS
                                          MONTH:    AUGUST
                                          YEAR:     2014
                                          LATITUDE:   29 58 N
                                          LONGITUDE:  90 15 W

[TEMPERATURE DATA]      [PRECIPITATION DATA]       SYMBOLS USED IN COLUMN 16

AVERAGE MONTHLY: 84.4   TOTAL FOR MONTH:   5.50    1 = FOG OR MIST
DPTR FM NORMAL:   1.4   DPTR FM NORMAL:   -0.28    2 = FOG REDUCING VISIBILITY
HIGHEST:    96 ON 23    GRTST 24HR  1.51 ON 30-30      TO 1/4 MILE OR LESS
LOWEST:     72 ON 15                               3 = THUNDER
                        SNOW, ICE PELLETS, HAIL    4 = ICE PELLETS
                        TOTAL MONTH:   0.0 INCH    5 = HAIL
                        GRTST 24HR     0.0         6 = FREEZING RAIN OR DRIZZLE
                        GRTST DEPTH:   0           7 = DUSTSTORM OR SANDSTORM:
                                                       VSBY 1/2 MILE OR LESS
                                                   8 = SMOKE OR HAZE
[NO. OF DAYS WITH]      [WEATHER - DAYS WITH]      9 = BLOWING SNOW
                                                   X = TORNADO
MAX 32 OR BELOW:   0    0.01 INCH OR MORE:  12
MAX 90 OR ABOVE:  25    0.10 INCH OR MORE:   9
MIN 32 OR BELOW:   0    0.50 INCH OR MORE:   5
MIN  0 OR BELOW:   0    1.00 INCH OR MORE:   1

[HDD (BASE 65) ]
TOTAL THIS MO.     0    CLEAR  (SCALE 0-3)   2
DPTR FM NORMAL     0    PTCLDY (SCALE 4-7)  26
TOTAL FM JUL 1     0    CLOUDY (SCALE 8-10)  2
DPTR FM NORMAL     0

[CDD (BASE 65) ]
TOTAL THIS MO.   589
DPTR FM NORMAL    49    [PRESSURE DATA]
TOTAL FM JAN 1  2166    HIGHEST SLP M ON M
DPTR FM NORMAL   -54    LOWEST  SLP 29.86 ON M

[REMARKS]




U.S. Dept. of Commerce
NOAA National Weather Service
1325 East West Highway
Silver Spring, MD 20910
E-mail: w-nws.webmaster@noaa.gov
Page last modified: May 16, 2007
NATIONAL WEATHER SERVICE: for Safety, for Work, for Fun - FOR LIFE