942
CXUS51 KBTV 230700
CF6MSS
PRELIMINARY LOCAL CLIMATOLOGICAL DATA (WS FORM: F-6)

                                          STATION:   MASSENA NY
                                          MONTH:     APRIL
                                          YEAR:      2014
                                          LATITUDE:   44 55 N
                                          LONGITUDE:  74 51 W

  TEMPERATURE IN F:       :PCPN:    SNOW:  WIND      :SUNSHINE: SKY     :PK WND
================================================================================
1   2   3   4   5  6A  6B    7    8   9   10  11  12  13   14  15   16   17  18
                                     12Z  AVG MX 2MIN
DY MAX MIN AVG DEP HDD CDD  WTR  SNW DPTH SPD SPD DIR MIN PSBL S-S WX    SPD DR
================================================================================

 1  39  22  31  -5  34   0 0.00  0.0    0 11.2 23  60   M    M   0        28  50
 2  43  29  36  -1  29   0 0.00  0.0    0 15.0 30 220   M    M   5        37 220
 3  37  23  30  -7  35   0 0.00  0.0    0  4.8 14 330   M    M   2        17 310
 4  42  23  33  -5  32   0 0.51    M    0 12.3 23  60   M    M   5 1      29  50
 5  43  33  38   0  27   0    T    M    0 18.1 31 220   M    M  10        44 220
 6  44  30  37  -2  28   0 0.00  0.0    0 12.0 22 220   M    M   3        28 220
 7  50  27  39   0  26   0 0.34    M    0  4.1 17  60   M    M   3 1      24  60
 8  40  36  38  -2  27   0 0.53    M    0  9.9 25  60   M    M   9 1      30  60
 9  40  28  34  -6  31   0 0.00  0.0    0  9.4 21 290   M    M   2        31 280
10  62  30  46   5  19   0 0.13    M    0 15.9 32 210   M    M   3 1      44 210
11  55  30  43   2  22   0    T    M    0  8.3 18 250   M    M   0 8      24 230
12  59  29  44   2  21   0    T    M    0  7.1 17 270   M    M   4        22 230
13  55  38  47   5  18   0 0.03    M    0 10.8 21  60   M    M   8 13     26  60
14  82  37  60  17   5   0 0.32    M    0 11.1 29 210   M    M   6 12     41 270
15  59  24  42  -1  23   0 0.44    M    0 12.2 29 280   M    M  10 12     39 290
16  34  19  27 -17  38   0    T    M    0  9.7 20 290   M    M   3        26 300
17  48  20  34 -10  31   0 0.00  0.0    0  6.6 21  60   M    M   0        24  60
18  55  32  44  -1  21   0 0.11    M    0  5.9 14 290   M    M   3 1      18 290
19  50  28  39  -6  26   0 0.02    M    0  7.4 20 300   M    M   5 1      22 310
20  63  25  44  -2  21   0 0.00  0.0    0  2.6 10  40   M    M   0        15 180
21  67  41  54   8  11   0 0.01    M    0  7.7 21 230   M    M   9        26 220
22  56  45  51   4  14   0 0.23    M    0  4.7 13 240   M    M   8 1      18 240
================================================================================
SM 1123  649       539   0  2.67     0.0 206.8          M       98
================================================================================
AV 51.0 29.5                               9.4 FASTST   M    M   4    MAX(MPH)
                                 MISC ---->  # 32 210               # 44  220
================================================================================
NOTES:
# LAST OF SEVERAL OCCURRENCES

COLUMN 17 PEAK WIND IN M.P.H.

PRELIMINARY LOCAL CLIMATOLOGICAL DATA (WS FORM: F-6) , PAGE 2

                                          STATION:  MASSENA NY
                                          MONTH:    APRIL
                                          YEAR:     2014
                                          LATITUDE:   44 55 N
                                          LONGITUDE:  74 51 W

[TEMPERATURE DATA]      [PRECIPITATION DATA]       SYMBOLS USED IN COLUMN 16

AVERAGE MONTHLY: 40.3   TOTAL FOR MONTH:   2.67    1 = FOG OR MIST
DPTR FM NORMAL:  -1.2   DPTR FM NORMAL:    0.61    2 = FOG REDUCING VISIBILITY
HIGHEST:    82 ON 14    GRTST 24HR  0.87 ON  7- 8      TO 1/4 MILE OR LESS
LOWEST:     19 ON 16                               3 = THUNDER
                        SNOW, ICE PELLETS, HAIL    4 = ICE PELLETS
                        TOTAL MONTH:   0.0 INCH    5 = HAIL
                        GRTST 24HR     0.0         6 = FREEZING RAIN OR DRIZZLE
                        GRTST DEPTH:   0           7 = DUSTSTORM OR SANDSTORM:
                                                       VSBY 1/2 MILE OR LESS
                                                   8 = SMOKE OR HAZE
[NO. OF DAYS WITH]      [WEATHER - DAYS WITH]      9 = BLOWING SNOW
                                                   X = TORNADO
MAX 32 OR BELOW:   0    0.01 INCH OR MORE:  11
MAX 90 OR ABOVE:   0    0.10 INCH OR MORE:   8
MIN 32 OR BELOW:  16    0.50 INCH OR MORE:   2
MIN  0 OR BELOW:   0    1.00 INCH OR MORE:   0

[HDD (BASE 65) ]
TOTAL THIS MO.   539    CLEAR  (SCALE 0-3)   9
DPTR FM NORMAL    22    PTCLDY (SCALE 4-7)   9
TOTAL FM JUL 1  8136    CLOUDY (SCALE 8-10)  4
DPTR FM NORMAL   488

[CDD (BASE 65) ]
TOTAL THIS MO.     0
DPTR FM NORMAL     0    [PRESSURE DATA]
TOTAL FM JAN 1     0    HIGHEST SLP M ON M
DPTR FM NORMAL     0    LOWEST  SLP 29.30 ON  8

[REMARKS]




U.S. Dept. of Commerce
NOAA National Weather Service
1325 East West Highway
Silver Spring, MD 20910
E-mail: w-nws.webmaster@noaa.gov
Page last modified: May 16, 2007
NATIONAL WEATHER SERVICE: for Safety, for Work, for Fun - FOR LIFE