812
CXUS53 KMPX 281000
CF6MSP
PRELIMINARY LOCAL CLIMATOLOGICAL DATA (WS FORM: F-6)

                                          STATION:   TWIN CITIES MN
                                          MONTH:     JULY
                                          YEAR:      2014
                                          LATITUDE:   44 52 N
                                          LONGITUDE:  93 13 W

  TEMPERATURE IN F:       :PCPN:    SNOW:  WIND      :SUNSHINE: SKY     :PK WND
================================================================================
1   2   3   4   5  6A  6B    7    8   9   10  11  12  13   14  15   16   17  18
                                     12Z  AVG MX 2MIN
DY MAX MIN AVG DEP HDD CDD  WTR  SNW DPTH SPD SPD DIR MIN PSBL S-S WX    SPD DR
================================================================================

 1  75  55  65  -8   0   0 0.15  0.0    0 13.6 26 290   M    M   8 1      34 290
 2  74  54  64  -9   1   0 0.01  0.0    0 10.4 20 360   M    M   6 18     27 350
 3  78  58  68  -5   0   3 0.00  0.0    0  3.5 14 320   M    M   6        17 350
 4  78  60  69  -5   0   4 0.00  0.0    0  8.8 20 160   M    M   5        24 170
 5  84  65  75   1   0  10 0.00  0.0    0 12.2 21 210   M    M   4        27 200
 6  90  69  80   6   0  15 0.13  0.0    0 11.7 24 280   M    M   6 18     29 280
 7  87  65  76   2   0  11 0.37  0.0    0  8.9 26 320   M    M   4 13     40 320
 8  77  62  70  -4   0   5 0.00  0.0    0 13.6 24 320   M    M   4        32 290
 9  79  58  69  -5   0   4 0.00  0.0    0  4.6 13 330   M    M   4        19 350
10  85  61  73  -1   0   8 0.00  0.0    0  9.4 16 170   M    M   4        22 180
11  81  65  73  -1   0   8 1.03  0.0    0  9.7 25  20   M    M   8 13     31 170
12  80  68  74   0   0   9 0.06  0.0    0  4.9 20 220   M    M   8 138    24 210
13  78  63  71  -3   0   6 0.00  0.0    0  8.4 21 280   M    M   2        31 270
14  65  56  61 -13   4   0 0.07  0.0    0 14.0 26 310   M    M   7 1      35 280
15  72  54  63 -11   2   0    T  0.0    0 10.4 20 350   M    M   6        25 350
16  77  55  66  -8   0   1 0.00  0.0    0  2.5 13 360   M    M   4        19  20
17  79  59  69  -5   0   4 0.00  0.0    0  5.9 16 230   M    M   4        20 200
18  79  60  70  -4   0   5 0.00  0.0    0 10.6 23 170   M    M   5        29 160
19  79  67  73  -1   0   8 0.00  0.0    0 11.1 18 170   M    M   8        25 220
20  87  70  79   5   0  14 0.00  0.0    0 12.7 24 160   M    M   8        33 170
21  92  74  83   9   0  18 0.00  0.0    0 11.4 20 170   M    M   7        27 160
22  86  70  78   4   0  13 0.00  0.0    0 12.7 23 340   M    M   4        32  10
23  84  61  73  -1   0   8 0.00  0.0    0  6.1 15 310   M    M   2        22 350
24  82  63  73  -1   0   8 0.00  0.0    0  8.3 37 160   M    M   5        47 160
25  81  64  73  -1   0   8 0.42  0.0    0  9.3 20 170   M    M   9 13     26 180
26  86  71  79   5   0  14 0.00  0.0    0  6.9 21 260   M    M   6 1      27 270
27  78  65  72  -2   0   7 0.03  0.0    0 14.3 25 290   M    M   6        35 290
================================================================================
SM 2173 1692         7 191  2.27     0.0 255.9          M      150
================================================================================
AV 80.5 62.7                               9.5 FASTST   M    M   6    MAX(MPH)
                                 MISC ---->  # 37 160               # 47  160
================================================================================
NOTES:
# LAST OF SEVERAL OCCURRENCES

COLUMN 17 PEAK WIND IN M.P.H.

PRELIMINARY LOCAL CLIMATOLOGICAL DATA (WS FORM: F-6) , PAGE 2

                                          STATION:  TWIN CITIES MN
                                          MONTH:    JULY
                                          YEAR:     2014
                                          LATITUDE:   44 52 N
                                          LONGITUDE:  93 13 W

[TEMPERATURE DATA]      [PRECIPITATION DATA]       SYMBOLS USED IN COLUMN 16

AVERAGE MONTHLY: 71.6   TOTAL FOR MONTH:   2.27    1 = FOG OR MIST
DPTR FM NORMAL:  -2.3   DPTR FM NORMAL:   -1.22    2 = FOG REDUCING VISIBILITY
HIGHEST:    92 ON 21    GRTST 24HR  1.03 ON 11-11      TO 1/4 MILE OR LESS
LOWEST:     54 ON 15, 2                            3 = THUNDER
                        SNOW, ICE PELLETS, HAIL    4 = ICE PELLETS
                        TOTAL MONTH:   0.0 INCH    5 = HAIL
                        GRTST 24HR     0.0         6 = FREEZING RAIN OR DRIZZLE
                        GRTST DEPTH:   0           7 = DUSTSTORM OR SANDSTORM:
                                                       VSBY 1/2 MILE OR LESS
                                                   8 = SMOKE OR HAZE
[NO. OF DAYS WITH]      [WEATHER - DAYS WITH]      9 = BLOWING SNOW
                                                   X = TORNADO
MAX 32 OR BELOW:   0    0.01 INCH OR MORE:   9
MAX 90 OR ABOVE:   2    0.10 INCH OR MORE:   5
MIN 32 OR BELOW:   0    0.50 INCH OR MORE:   1
MIN  0 OR BELOW:   0    1.00 INCH OR MORE:   1

[HDD (BASE 65) ]
TOTAL THIS MO.     7    CLEAR  (SCALE 0-3)   2
DPTR FM NORMAL     7    PTCLDY (SCALE 4-7)  22
TOTAL FM JUL 1     7    CLOUDY (SCALE 8-10)  3
DPTR FM NORMAL     7

[CDD (BASE 65) ]
TOTAL THIS MO.   191
DPTR FM NORMAL   -50    [PRESSURE DATA]
TOTAL FM JAN 1   405    HIGHEST SLP M ON M
DPTR FM NORMAL   -36    LOWEST  SLP 29.56 ON  1

[REMARKS]




U.S. Dept. of Commerce
NOAA National Weather Service
1325 East West Highway
Silver Spring, MD 20910
E-mail: w-nws.webmaster@noaa.gov
Page last modified: May 16, 2007
NATIONAL WEATHER SERVICE: for Safety, for Work, for Fun - FOR LIFE