227
CXUS55 KMSO 010800
CF6MSO
PRELIMINARY LOCAL CLIMATOLOGICAL DATA (WS FORM: F-6)

                                          STATION:   MISSOULA MT
                                          MONTH:     JANUARY
                                          YEAR:      2015
                                          LATITUDE:   46 55 N
                                          LONGITUDE: 114  5 W

  TEMPERATURE IN F:       :PCPN:    SNOW:  WIND      :SUNSHINE: SKY     :PK WND
================================================================================
1   2   3   4   5  6A  6B    7    8   9   10  11  12  13   14  15   16   17  18
                                     12Z  AVG MX 2MIN
DY MAX MIN AVG DEP HDD CDD  WTR  SNW DPTH SPD SPD DIR MIN PSBL S-S WX    SPD DR
================================================================================

 1  11  -6   3 -21  62   0 0.00  0.0    3  1.0  6 330   M    M   0         6 330
 2  17   0   9 -15  56   0 0.08  1.1    4  0.7  6 130   M    M   9 18      6 140
 3  27  17  22  -2  43   0 0.03  0.4    4  1.9  9 120   M    M   6 18     10 120
 4  21  19  20  -4  45   0 0.30  4.9    8  4.1 12 130   M    M  10 1      14 120
 5  35  20  28   4  37   0 0.47  0.6    6  2.0  9 180   M    M  10 16     13 190
 6  37  28  33   9  32   0    T  0.0    5  2.2  9 210   M    M   4 12     11 210
 7  31  17  24   0  41   0 0.00  0.0    5  4.6 14 110   M    M   3 12     16 110
 8  31  12  22  -3  43   0    T    T    5  6.9 30 120   M    M   7 12     36 120
 9  22  15  19  -6  46   0 0.00  0.0    4  5.7 20 110   M    M   6        24  90
10  26  14  20  -5  45   0 0.01    T    4  0.8  5 220   M    M   8 18      6 290
11  30  24  27   2  38   0 0.07  1.5    6  0.9  6  40   M    M  10 1       7  30
12  35  28  32   7  33   0    T    T    6  1.4 12 300   M    M  10 1      15  10
13  34  26  30   5  35   0    T    T    6  2.0  9 330   M    M  10        12 340
14  31  13  22  -4  43   0 0.00  0.0    6  1.9  9 140   M    M   4 12     10 130
15  22   7  15 -11  50   0    T    T    5  1.7  8 160   M    M   6 128     8 140
16  42  17  30   4  35   0    T    T    5  3.8 24 280   M    M   9 18     29 280
17  32  17  25  -1  40   0 0.07  0.8    5  2.4  9 220   M    M   4 16     11 220
18  43  29  36  10  29   0 0.15    T    6  6.9 25 270   M    M   8 126    32 260
19  39  30  35   9  30   0 0.01    T    4  4.5 12 340   M    M  10        15 320
20  36  24  30   4  35   0    T  0.1    3  1.2 13 230   M    M   9 1      13 230
21  29  11  20  -6  45   0 0.00  0.0    3  1.2  7 120   M    M   1 1       8 120
22  30  12  21  -6  44   0 0.00  0.0    3  0.6  6  70   M    M   6 1       7 260
23  39  25  32   5  33   0    T    T    3  2.2 10 270   M    M   9        12 270
24  41  32  37  10  28   0 0.03  0.0    3  2.8  9 210   M    M  10 1      10 240
25  48  31  40  13  25   0 0.00  0.0    2  1.8  9 250   M    M   5 12     13 260
26  43  24  34   7  31   0 0.00  0.0    2  1.5  9  90   M    M   0 18     11 250
27  37  21  29   2  36   0 0.00  0.0    1  0.9  6 290   M    M   1 18      7 300
28  47  24  36   9  29   0 0.00  0.0    1  1.8 10  10   M    M   3 1      15  10
29  36  17  27   0  38   0 0.00  0.0    1  1.0  5  90   M    M   1 12      6 260
30  36  14  25  -3  40   0 0.00  0.0    T  1.2  8 320   M    M   1 12      9 320
31  41  20  31   3  34   0 0.00  0.0    T  6.0 20  20   M    M   5 1      25  30
================================================================================
SM 1029  582      1201   0  1.22     9.4  77.6          M      185
================================================================================
AV 33.2 18.8                               2.5 FASTST   M    M   6    MAX(MPH)
                                 MISC ---->  # 30 120               # 36  120
================================================================================
NOTES:
# LAST OF SEVERAL OCCURRENCES

COLUMN 17 PEAK WIND IN M.P.H.

PRELIMINARY LOCAL CLIMATOLOGICAL DATA (WS FORM: F-6) , PAGE 2

                                          STATION:  MISSOULA MT
                                          MONTH:    JANUARY
                                          YEAR:     2015
                                          LATITUDE:   46 55 N
                                          LONGITUDE: 114  5 W

[TEMPERATURE DATA]      [PRECIPITATION DATA]       SYMBOLS USED IN COLUMN 16

AVERAGE MONTHLY: 26.0   TOTAL FOR MONTH:   1.22    1 = FOG OR MIST
DPTR FM NORMAL:   0.2   DPTR FM NORMAL:    0.37    2 = FOG REDUCING VISIBILITY
HIGHEST:    48 ON 25    GRTST 24HR  0.62 ON  4- 5      TO 1/4 MILE OR LESS
LOWEST:     -6 ON  1                               3 = THUNDER
                        SNOW, ICE PELLETS, HAIL    4 = ICE PELLETS
                        TOTAL MONTH:   9.4 INCHES  5 = HAIL
                        GRTST 24HR   4.9 ON   M    6 = FREEZING RAIN OR DRIZZLE
                        GRTST DEPTH:   8 ON  4     7 = DUSTSTORM OR SANDSTORM:
                                                       VSBY 1/2 MILE OR LESS
                                                   8 = SMOKE OR HAZE
[NO. OF DAYS WITH]      [WEATHER - DAYS WITH]      9 = BLOWING SNOW
                                                   X = TORNADO
MAX 32 OR BELOW:  14    0.01 INCH OR MORE:  10
MAX 90 OR ABOVE:   0    0.10 INCH OR MORE:   3
MIN 32 OR BELOW:  31    0.50 INCH OR MORE:   0
MIN  0 OR BELOW:   2    1.00 INCH OR MORE:   0

[HDD (BASE 65) ]
TOTAL THIS MO.  1201    CLEAR  (SCALE 0-3)   8
DPTR FM NORMAL   -16    PTCLDY (SCALE 4-7)  11
TOTAL FM JUL 1  4146    CLOUDY (SCALE 8-10) 12
DPTR FM NORMAL  -243

[CDD (BASE 65) ]
TOTAL THIS MO.     0
DPTR FM NORMAL     0    [PRESSURE DATA]
TOTAL FM JAN 1     0    HIGHEST SLP M ON M
DPTR FM NORMAL     0    LOWEST  SLP 29.96 ON 18

[REMARKS]
#FINAL-01-15#




U.S. Dept. of Commerce
NOAA National Weather Service
1325 East West Highway
Silver Spring, MD 20910
E-mail: w-nws.webmaster@noaa.gov
Page last modified: May 16, 2007
NATIONAL WEATHER SERVICE: for Safety, for Work, for Fun - FOR LIFE