654
CXUS55 KMSO 011534
CF6MSO
PRELIMINARY LOCAL CLIMATOLOGICAL DATA (WS FORM: F-6)

                                          STATION:   MISSOULA MT
                                          MONTH:     AUGUST
                                          YEAR:      2014
                                          LATITUDE:   46 55 N
                                          LONGITUDE: 114  5 W

  TEMPERATURE IN F:       :PCPN:    SNOW:  WIND      :SUNSHINE: SKY     :PK WND
================================================================================
1   2   3   4   5  6A  6B    7    8   9   10  11  12  13   14  15   16   17  18
                                     12Z  AVG MX 2MIN
DY MAX MIN AVG DEP HDD CDD  WTR  SNW DPTH SPD SPD DIR MIN PSBL S-S WX    SPD DR
================================================================================

 1  97  55  76   6   0  11 0.00  0.0    0  4.7 28 180   M    M   0        33 170
 2  89  57  73   3   0   8 0.01  0.0    0  5.9 20 160   M    M   1        23 150
 3  91  59  75   5   0  10 0.02  0.0    0  6.6 20  10   M    M   0 3      26  20
 4  90  57  74   4   0   9 0.00  0.0    0  8.6 24 120   M    M   1        29 120
 5  93  54  74   4   0   9 0.00  0.0    0  5.2 15 360   M    M   0        21 360
 6  95  55  75   5   0  10 0.00  0.0    0  4.4 15 360   M    M   1        19 360
 7  92  54  73   3   0   8 0.00  0.0    0  4.0 17 330   M    M   0        23 310
 8  88  51  70   0   0   5    T  0.0    0  6.3 22 170   M    M   2        28 170
 9  88  51  70   1   0   5 0.00  0.0    0  3.7 14  10   M    M   0        21  10
10  94  50  72   3   0   7 0.00  0.0    0  4.0 16  10   M    M   0        22  10
11  98  53  76   7   0  11 0.05  0.0    0  3.6 16  10   M    M   0        21  10
12  82  58  70   1   0   5    T  0.0    0  7.0 31 160   M    M   1        38 160
13  91  53  72   3   0   7 0.27  0.0    0  3.9 38 240   M    M   2 1      49 240
14  84  59  72   4   0   7 0.01  0.0    0  4.6 15 250   M    M   6        19 250
15  75  53  64  -4   1   0 0.08  0.0    0  4.5 17 270   M    M   3        24 250
16  76  52  64  -4   1   0 0.01  0.0    0  3.9 15 320   M    M   7        20 350
17  85  50  68   0   0   3 0.00  0.0    0  3.8 15  10   M    M   1        19  10
18  89  53  71   4   0   6 0.00  0.0    0  4.8 18 320   M    M   0        27 330
19  90  51  71   4   0   6 0.00  0.0    0  5.3 33 320   M    M   1        45 320
20  78  51  65  -2   0   0 0.08  0.0    0  6.4 16  30   M    M   4 13     22  20
21  77  50  64  -2   1   0 0.18  0.0    0  8.9 24  10   M    M   5 3      34  10
22  67  53  60  -6   5   0 0.18  0.0    0  8.1 21  10   M    M   9 1      26  10
23  59  52  56 -10   9   0 0.02  0.0    0  6.7 16 340   M    M  10        21 330
24  69  45  57  -9   8   0 0.00  0.0    0  4.6 18  80   M    M   6        25  70
25  76  42  59  -6   6   0 0.00  0.0    0  6.6 21 120   M    M   0        25 120
26  83  44  64  -1   1   0 0.00  0.0    0  3.5 14 330   M    M   0        20 290
27  85  47  66   1   0   1 0.00  0.0    0  2.5  9 170   M    M   0        12 210
28  89  49  69   5   0   4 0.00  0.0    0  5.8 25 280   M    M   0        33 280
29  87  48  68   4   0   3 0.00  0.0    0  4.7 22 290   M    M   0        26 290
30  76  59  68   4   0   3    T  0.0    0  9.8 24 280   M    M   6        31 280
31  71  50  61  -2   4   0 0.03  0.0    0  7.4 23 260   M    M   7 1      27 270
================================================================================
SM 2604 1615        36 138  0.94     0.0 169.8          M       73
================================================================================
AV 84.0 52.1                               5.5 FASTST   M    M   2    MAX(MPH)
                                 MISC ---->  # 38 240               # 49  240
================================================================================
NOTES:
# LAST OF SEVERAL OCCURRENCES

COLUMN 17 PEAK WIND IN M.P.H.

PRELIMINARY LOCAL CLIMATOLOGICAL DATA (WS FORM: F-6) , PAGE 2

                                          STATION:  MISSOULA MT
                                          MONTH:    AUGUST
                                          YEAR:     2014
                                          LATITUDE:   46 55 N
                                          LONGITUDE: 114  5 W

[TEMPERATURE DATA]      [PRECIPITATION DATA]       SYMBOLS USED IN COLUMN 16

AVERAGE MONTHLY: 68.0   TOTAL FOR MONTH:   0.94    1 = FOG OR MIST
DPTR FM NORMAL:   0.5   DPTR FM NORMAL:   -0.25    2 = FOG REDUCING VISIBILITY
HIGHEST:    98 ON 11    GRTST 24HR  0.32 ON 21-22      TO 1/4 MILE OR LESS
LOWEST:     42 ON 25                               3 = THUNDER
                        SNOW, ICE PELLETS, HAIL    4 = ICE PELLETS
                        TOTAL MONTH:   0.0 INCH    5 = HAIL
                        GRTST 24HR     0.0         6 = FREEZING RAIN OR DRIZZLE
                        GRTST DEPTH:   0           7 = DUSTSTORM OR SANDSTORM:
                                                       VSBY 1/2 MILE OR LESS
                                                   8 = SMOKE OR HAZE
[NO. OF DAYS WITH]      [WEATHER - DAYS WITH]      9 = BLOWING SNOW
                                                   X = TORNADO
MAX 32 OR BELOW:   0    0.01 INCH OR MORE:  12
MAX 90 OR ABOVE:  10    0.10 INCH OR MORE:   3
MIN 32 OR BELOW:   0    0.50 INCH OR MORE:   0
MIN  0 OR BELOW:   0    1.00 INCH OR MORE:   0

[HDD (BASE 65) ]
TOTAL THIS MO.    36    CLEAR  (SCALE 0-3)  22
DPTR FM NORMAL   -10    PTCLDY (SCALE 4-7)   7
TOTAL FM JUL 1    42    CLOUDY (SCALE 8-10)  2
DPTR FM NORMAL   -42

[CDD (BASE 65) ]
TOTAL THIS MO.   138
DPTR FM NORMAL    15    [PRESSURE DATA]
TOTAL FM JAN 1   378    HIGHEST SLP 30.21 ON 10
DPTR FM NORMAL    61    LOWEST  SLP 29.63 ON 19

[REMARKS]
#FINAL-08-14#




U.S. Dept. of Commerce
NOAA National Weather Service
1325 East West Highway
Silver Spring, MD 20910
E-mail: w-nws.webmaster@noaa.gov
Page last modified: May 16, 2007
NATIONAL WEATHER SERVICE: for Safety, for Work, for Fun - FOR LIFE