032
CXUS55 KMSO 210800
CF6MSO
PRELIMINARY LOCAL CLIMATOLOGICAL DATA (WS FORM: F-6)

                                          STATION:   MISSOULA MT
                                          MONTH:     NOVEMBER
                                          YEAR:      2014
                                          LATITUDE:   46 55 N
                                          LONGITUDE: 114  5 W

  TEMPERATURE IN F:       :PCPN:    SNOW:  WIND      :SUNSHINE: SKY     :PK WND
================================================================================
1   2   3   4   5  6A  6B    7    8   9   10  11  12  13   14  15   16   17  18
                                     12Z  AVG MX 2MIN
DY MAX MIN AVG DEP HDD CDD  WTR  SNW DPTH SPD SPD DIR MIN PSBL S-S WX    SPD DR
================================================================================

 1  48  34  41   2  24   0 0.75  0.0    0  5.8 21 320   M    M   5 1      27 320
 2  46  35  41   2  24   0 0.31  0.0    0  4.6 22 270   M    M  10 1      27 270
 3  47  34  41   3  24   0 0.00  0.0    0  2.3  8 130   M    M  10        12 150
 4  50  39  45   7  20   0 0.01  0.0    0  4.3 18 160   M    M  10        22 160
 5  51  42  47   9  18   0    T  0.0    0  1.5  9 130   M    M  10        11 130
 6  63  38  51  14  14   0 0.06  0.0    0  4.1 39 280   M    M   5 1      46 270
 7  53  32  43   6  22   0 0.00  0.0    0  6.7 24 270   M    M   7        32 290
 8  47  24  36   0  29   0 0.00  0.0    0  0.7  6 270   M    M   3 12      7 360
 9  46  32  39   3  26   0 0.40    T    0  4.8 29  20   M    M   7 1      39  30
10  32  15  24 -12  41   0 0.25  4.0    4 13.3 25  30   M    M   9 128    33  30
11  15   5  10 -25  55   0 0.00  0.0    3 14.1 25 120   M    M   3        30 120
12  15   4  10 -25  55   0 0.00  0.0    3 13.8 23 120   M    M   0        28 110
13  17  -4   7 -27  58   0 0.00  0.0    2  2.7 20 130   M    M   0        23 130
14  20   6  13 -21  52   0    T  0.1    1  3.5 15 360   M    M   9 18     17 360
15  19   0  10 -24  55   0 0.00  0.0    1  3.1  9 120   M    M   1        12 120
16  24   4  14 -19  51   0 0.00  0.0    1  0.7  6 130   M    M   1         7 120
17  25   3  14 -19  51   0 0.00  0.0    1  0.3  5 160   M    M   0 1       6 140
18  24   9  17 -15  48   0 0.00  0.0    1  1.3  5 310   M    M   1         8 170
19  31   9  20 -12  45   0 0.00  0.0    1  0.1  5 260   M    M   2 1       6 270
20  31  16  24  -7  41   0 0.00  0.0    1  0.4  5 170   M    M   7         6 170
================================================================================
SM  704  377       753   0  1.78     4.1  88.1          M      100
================================================================================
AV 35.2 18.9                               4.4 FASTST   M    M   5    MAX(MPH)
                                 MISC ---->  # 39 280               # 46  270
================================================================================
NOTES:
# LAST OF SEVERAL OCCURRENCES

COLUMN 17 PEAK WIND IN M.P.H.

PRELIMINARY LOCAL CLIMATOLOGICAL DATA (WS FORM: F-6) , PAGE 2

                                          STATION:  MISSOULA MT
                                          MONTH:    NOVEMBER
                                          YEAR:     2014
                                          LATITUDE:   46 55 N
                                          LONGITUDE: 114  5 W

[TEMPERATURE DATA]      [PRECIPITATION DATA]       SYMBOLS USED IN COLUMN 16

AVERAGE MONTHLY: 27.0   TOTAL FOR MONTH:   1.78    1 = FOG OR MIST
DPTR FM NORMAL:  -8.3   DPTR FM NORMAL:    1.12    2 = FOG REDUCING VISIBILITY
HIGHEST:    63 ON  6    GRTST 24HR  1.06 ON  1- 2      TO 1/4 MILE OR LESS
LOWEST:     -4 ON 13                               3 = THUNDER
                        SNOW, ICE PELLETS, HAIL    4 = ICE PELLETS
                        TOTAL MONTH:   4.1 INCHES  5 = HAIL
                        GRTST 24HR   4.0 ON 10-10  6 = FREEZING RAIN OR DRIZZLE
                        GRTST DEPTH:   4 ON 10     7 = DUSTSTORM OR SANDSTORM:
                                                       VSBY 1/2 MILE OR LESS
                                                   8 = SMOKE OR HAZE
[NO. OF DAYS WITH]      [WEATHER - DAYS WITH]      9 = BLOWING SNOW
                                                   X = TORNADO
MAX 32 OR BELOW:  11    0.01 INCH OR MORE:   6
MAX 90 OR ABOVE:   0    0.10 INCH OR MORE:   4
MIN 32 OR BELOW:  14    0.50 INCH OR MORE:   1
MIN  0 OR BELOW:   2    1.00 INCH OR MORE:   0

[HDD (BASE 65) ]
TOTAL THIS MO.   753    CLEAR  (SCALE 0-3)   9
DPTR FM NORMAL   159    PTCLDY (SCALE 4-7)   5
TOTAL FM JUL 1  1447    CLOUDY (SCALE 8-10)  6
DPTR FM NORMAL   -89

[CDD (BASE 65) ]
TOTAL THIS MO.     0
DPTR FM NORMAL     0    [PRESSURE DATA]
TOTAL FM JAN 1   390    HIGHEST SLP M ON M
DPTR FM NORMAL    58    LOWEST  SLP 29.58 ON  1

[REMARKS]




U.S. Dept. of Commerce
NOAA National Weather Service
1325 East West Highway
Silver Spring, MD 20910
E-mail: w-nws.webmaster@noaa.gov
Page last modified: May 16, 2007
NATIONAL WEATHER SERVICE: for Safety, for Work, for Fun - FOR LIFE