896
CXUS55 KMSO 230800
CF6MSO
PRELIMINARY LOCAL CLIMATOLOGICAL DATA (WS FORM: F-6)

                                          STATION:   MISSOULA MT
                                          MONTH:     APRIL
                                          YEAR:      2014
                                          LATITUDE:   46 55 N
                                          LONGITUDE: 114  5 W

  TEMPERATURE IN F:       :PCPN:    SNOW:  WIND      :SUNSHINE: SKY     :PK WND
================================================================================
1   2   3   4   5  6A  6B    7    8   9   10  11  12  13   14  15   16   17  18
                                     12Z  AVG MX 2MIN
DY MAX MIN AVG DEP HDD CDD  WTR  SNW DPTH SPD SPD DIR MIN PSBL S-S WX    SPD DR
================================================================================

 1  56  25  41  -2  24   0 0.00  0.0    0  4.5 16 120   M    M   3        20  90
 2  53  29  41  -2  24   0    T  0.0    0  6.3 30 280   M    M   3        36 280
 3  57  28  43   0  22   0 0.00  0.0    0  3.5 14 210   M    M   3        22 250
 4  53  30  42  -2  23   0    T  0.0    0  6.7 23 280   M    M   6        29 300
 5  52  31  42  -2  23   0    T  0.0    0  6.0 22 270   M    M   8        27 260
 6  55  35  45   1  20   0 0.04  0.0    0  7.9 29 270   M    M   7        38 280
 7  64  32  48   4  17   0 0.00  0.0    0  3.7 18 220   M    M   6        22 250
 8  73  32  53   9  12   0 0.00  0.0    0  5.2 25 260   M    M   0        40 280
 9  58  35  47   3  18   0 0.03  0.0    0 10.3 24 250   M    M   5        35 240
10  61  31  46   2  19   0 0.00  0.0    0  5.1 17 300   M    M   1        22 300
11  64  28  46   1  19   0    T  0.0    0  7.9 26 260   M    M   5        36 290
12  55  31  43  -2  22   0 0.06    T    0  8.2 25 340   M    M   6 1      35 340
13  48  26  37  -8  28   0 0.00  0.0    0  8.4 18 110   M    M   3        22 120
14  61  20  41  -4  24   0 0.00  0.0    0  2.7 18 270   M    M   0        23 270
15  49  35  42  -3  23   0 0.01  0.0    0  8.3 25 320   M    M   8 1      30 290
16  50  26  38  -8  27   0    T  0.0    0  2.7 13 360   M    M   7 12     17 350
17  57  40  49   3  16   0 0.10  0.0    0  4.8 15 290   M    M  10 1      18 290
18  53  31  42  -4  23   0 0.03  0.0    0 10.5 35 280   M    M   6 1      43 270
19  69  24  47   1  18   0    T  0.0    0  5.3 33 310   M    M   2 8      43 320
20  59  36  48   2  17   0 0.00  0.0    0  8.8 22 290   M    M   3        26 250
21  73  28  51   4  14   0 0.00  0.0    0  4.6 20 170   M    M   0        24 170
22  59  39  49   2  16   0 0.08  0.0    0  8.7 23 290   M    M   7 1      28 300
================================================================================
SM 1279  672       449   0  0.35    T    140.1          M       99
================================================================================
AV 58.1 30.5                               6.4 FASTST   M    M   5    MAX(MPH)
                                 MISC ---->  # 35 280               # 43  270
================================================================================
NOTES:
# LAST OF SEVERAL OCCURRENCES

COLUMN 17 PEAK WIND IN M.P.H.

PRELIMINARY LOCAL CLIMATOLOGICAL DATA (WS FORM: F-6) , PAGE 2

                                          STATION:  MISSOULA MT
                                          MONTH:    APRIL
                                          YEAR:     2014
                                          LATITUDE:   46 55 N
                                          LONGITUDE: 114  5 W

[TEMPERATURE DATA]      [PRECIPITATION DATA]       SYMBOLS USED IN COLUMN 16

AVERAGE MONTHLY: 44.3   TOTAL FOR MONTH:   0.35    1 = FOG OR MIST
DPTR FM NORMAL:  -0.5   DPTR FM NORMAL:   -0.54    2 = FOG REDUCING VISIBILITY
HIGHEST:    73 ON 21, 8 GRTST 24HR  0.12 ON 17-18      TO 1/4 MILE OR LESS
LOWEST:     20 ON 14                               3 = THUNDER
                        SNOW, ICE PELLETS, HAIL    4 = ICE PELLETS
                        TOTAL MONTH:    T          5 = HAIL
                        GRTST 24HR    T  ON 12-12  6 = FREEZING RAIN OR DRIZZLE
                        GRTST DEPTH:   0           7 = DUSTSTORM OR SANDSTORM:
                                                       VSBY 1/2 MILE OR LESS
                                                   8 = SMOKE OR HAZE
[NO. OF DAYS WITH]      [WEATHER - DAYS WITH]      9 = BLOWING SNOW
                                                   X = TORNADO
MAX 32 OR BELOW:   0    0.01 INCH OR MORE:   7
MAX 90 OR ABOVE:   0    0.10 INCH OR MORE:   1
MIN 32 OR BELOW:  16    0.50 INCH OR MORE:   0
MIN  0 OR BELOW:   0    1.00 INCH OR MORE:   0

[HDD (BASE 65) ]
TOTAL THIS MO.   449    CLEAR  (SCALE 0-3)   7
DPTR FM NORMAL     4    PTCLDY (SCALE 4-7)  14
TOTAL FM JUL 1  6827    CLOUDY (SCALE 8-10)  1
DPTR FM NORMAL   199

[CDD (BASE 65) ]
TOTAL THIS MO.     0
DPTR FM NORMAL     0    [PRESSURE DATA]
TOTAL FM JAN 1     0    HIGHEST SLP M ON M
DPTR FM NORMAL     0    LOWEST  SLP 29.62 ON 22

[REMARKS]




U.S. Dept. of Commerce
NOAA National Weather Service
1325 East West Highway
Silver Spring, MD 20910
E-mail: w-nws.webmaster@noaa.gov
Page last modified: May 16, 2007
NATIONAL WEATHER SERVICE: for Safety, for Work, for Fun - FOR LIFE