259
CXUS55 KMSO 010800
CF6MSO
PRELIMINARY LOCAL CLIMATOLOGICAL DATA (WS FORM: F-6)

                                          STATION:   MISSOULA MT
                                          MONTH:     SEPTEMBER
                                          YEAR:      2014
                                          LATITUDE:   46 55 N
                                          LONGITUDE: 114  5 W

  TEMPERATURE IN F:       :PCPN:    SNOW:  WIND      :SUNSHINE: SKY     :PK WND
================================================================================
1   2   3   4   5  6A  6B    7    8   9   10  11  12  13   14  15   16   17  18
                                     12Z  AVG MX 2MIN
DY MAX MIN AVG DEP HDD CDD  WTR  SNW DPTH SPD SPD DIR MIN PSBL S-S WX    SPD DR
================================================================================

 1  73  41  57  -6   8   0 0.00  0.0    0  4.1 18 320   M    M   2        26 320
 2  81  41  61  -2   4   0 0.00  0.0    0  4.4 23 280   M    M   1        29 300
 3  64  44  54  -8  11   0    T  0.0    0  8.4 25 290   M    M   9        33 290
 4  71  36  54  -8  11   0 0.00  0.0    0  3.7 16  10   M    M   0        23  20
 5  77  37  57  -5   8   0 0.00  0.0    0  2.6 15 280   M    M   0        20  20
 6  82  36  59  -2   6   0 0.00  0.0    0  2.0  9 340   M    M   0        12 330
 7  87  40  64   3   1   0 0.00  0.0    0  2.6 21 290   M    M   0        24 290
 8  85  41  63   3   2   0 0.00  0.0    0  5.1 25 280   M    M   0        34 290
 9  72  45  59  -1   6   0 0.01  0.0    0  8.4 23  20   M    M   4        31  10
10  58  41  50 -10  15   0 0.03  0.0    0  8.5 35  10   M    M   7        45  10
11  58  31  45 -14  20   0 0.00  0.0    0  5.7 20 140   M    M   2        26 140
12  71  25  48 -11  17   0 0.00  0.0    0  4.8 21  20   M    M   0        26  20
13  71  34  53  -6  12   0 0.00  0.0    0  5.8 21 130   M    M   0        24 130
14  78  33  56  -2   9   0 0.00  0.0    0  3.3 18 360   M    M   0        23 350
15  81  36  59   1   6   0 0.00  0.0    0  1.7  9 360   M    M   0        13 360
16  78  40  59   2   6   0 0.00  0.0    0  1.6  9 320   M    M   0        11 330
17  83  46  65   8   0   0 0.00  0.0    0  1.6  9  90   M    M   0        12  80
18  81  53  67  10   0   2 0.03  0.0    0  5.7 21 270   M    M   4 8      26 240
19  73  52  63   7   2   0 0.00  0.0    0  7.1 20 240   M    M   7        27 230
20  82  42  62   6   3   0 0.00  0.0    0  3.0 14 340   M    M   0        19  10
21  88  41  65  10   0   0 0.00  0.0    0  2.3 10 170   M    M   0        13 180
22  88  46  67  12   0   2 0.00  0.0    0  2.4 15  10   M    M   0        19 320
23  82  49  66  12   0   1 0.00  0.0    0  4.6 15 310   M    M   3        19 310
24  92  50  71  17   0   6 0.00  0.0    0  6.4 18 350   M    M   0        27 360
25  85  47  66  12   0   1 0.00  0.0    0  9.3 31  10   M    M   0        39  10
26  71  50  61   8   4   0 0.05  0.0    0  8.9 25 310   M    M   5        32 310
27  60  50  55   2  10   0 0.01  0.0    0  4.2 15 130   M    M   9        17 120
28  62  54  58   6   7   0 0.00  0.0    0 12.9 23 130   M    M  10        29 120
29  59  49  54   2  11   0 0.06  0.0    0  6.4 17 120   M    M   9 1      21 130
30  60  45  53   1  12   0 0.09  0.0    0  6.7 22 270   M    M   9 1      29 270
================================================================================
SM 2253 1275       191  12  0.28     0.0 154.2          M       81
================================================================================
AV 75.1 42.5                               5.1 FASTST   M    M   3    MAX(MPH)
                                 MISC ---->  # 35  10               # 45   10
================================================================================
NOTES:
# LAST OF SEVERAL OCCURRENCES

COLUMN 17 PEAK WIND IN M.P.H.

PRELIMINARY LOCAL CLIMATOLOGICAL DATA (WS FORM: F-6) , PAGE 2

                                          STATION:  MISSOULA MT
                                          MONTH:    SEPTEMBER
                                          YEAR:     2014
                                          LATITUDE:   46 55 N
                                          LONGITUDE: 114  5 W

[TEMPERATURE DATA]      [PRECIPITATION DATA]       SYMBOLS USED IN COLUMN 16

AVERAGE MONTHLY: 58.8   TOTAL FOR MONTH:   0.28    1 = FOG OR MIST
DPTR FM NORMAL:   1.4   DPTR FM NORMAL:   -0.89    2 = FOG REDUCING VISIBILITY
HIGHEST:    92 ON 24    GRTST 24HR  0.15 ON 29-30      TO 1/4 MILE OR LESS
LOWEST:     25 ON 12                               3 = THUNDER
                        SNOW, ICE PELLETS, HAIL    4 = ICE PELLETS
                        TOTAL MONTH:   0.0 INCH    5 = HAIL
                        GRTST 24HR     0.0         6 = FREEZING RAIN OR DRIZZLE
                        GRTST DEPTH:   0           7 = DUSTSTORM OR SANDSTORM:
                                                       VSBY 1/2 MILE OR LESS
                                                   8 = SMOKE OR HAZE
[NO. OF DAYS WITH]      [WEATHER - DAYS WITH]      9 = BLOWING SNOW
                                                   X = TORNADO
MAX 32 OR BELOW:   0    0.01 INCH OR MORE:   7
MAX 90 OR ABOVE:   1    0.10 INCH OR MORE:   0
MIN 32 OR BELOW:   2    0.50 INCH OR MORE:   0
MIN  0 OR BELOW:   0    1.00 INCH OR MORE:   0

[HDD (BASE 65) ]
TOTAL THIS MO.   191    CLEAR  (SCALE 0-3)  20
DPTR FM NORMAL   -50    PTCLDY (SCALE 4-7)   5
TOTAL FM JUL 1   233    CLOUDY (SCALE 8-10)  5
DPTR FM NORMAL   -92

[CDD (BASE 65) ]
TOTAL THIS MO.    12
DPTR FM NORMAL    -3    [PRESSURE DATA]
TOTAL FM JAN 1   390    HIGHEST SLP M ON M
DPTR FM NORMAL    58    LOWEST  SLP 29.64 ON  3

[REMARKS]
#FINAL-09-14#




U.S. Dept. of Commerce
NOAA National Weather Service
1325 East West Highway
Silver Spring, MD 20910
E-mail: w-nws.webmaster@noaa.gov
Page last modified: May 16, 2007
NATIONAL WEATHER SERVICE: for Safety, for Work, for Fun - FOR LIFE