172
CXUS53 KMKX 010900
CF6MSN
PRELIMINARY LOCAL CLIMATOLOGICAL DATA (WS FORM: F-6)

                                          STATION:   MADISON WI
                                          MONTH:     SEPTEMBER
                                          YEAR:      2014
                                          LATITUDE:   43  7 N
                                          LONGITUDE:  89 20 W

  TEMPERATURE IN F:       :PCPN:    SNOW:  WIND      :SUNSHINE: SKY     :PK WND
================================================================================
1   2   3   4   5  6A  6B    7    8   9   10  11  12  13   14  15   16   17  18
                                     12Z  AVG MX 2MIN
DY MAX MIN AVG DEP HDD CDD  WTR  SNW DPTH SPD SPD DIR MIN PSBL S-S WX    SPD DR
================================================================================

 1  78  63  71   5   0   6 0.07  0.0    0  5.3 14 230   M    M   5 13     22 220
 2  79  56  68   2   0   3 0.00  0.0    0  2.2 10 310   M    M   3 1      20 310
 3  82  57  70   4   0   5 0.00  0.0    0  8.7 22 170   M    M   1 1      26 160
 4  84  68  76  10   0  11 0.80  0.0    0 12.4 24 180   M    M   8 13     32 170
 5  80  58  69   4   0   4    T  0.0    0  7.7 16 350   M    M   8        30 330
 6  75  52  64  -1   1   0 0.00  0.0    0  4.3 10 300   M    M   1        21  30
 7  79  50  65   0   0   0 0.00  0.0    0  1.5 10 170   M    M   2        13 190
 8  76  55  66   2   0   1 0.00  0.0    0  7.9 21 170   M    M   5        25 180
 9  79  59  69   5   0   4 0.07  0.0    0  7.0 15 150   M    M   5 1      19 160
10  75  49  62  -2   3   0 0.40  0.0    0 13.1 30 150   M    M   9 1      37 150
11  54  44  49 -14  16   0 0.00  0.0    0  7.9 16  20   M    M  10        23 350
12  47  38  43 -20  22   0 0.17  0.0    0  5.2 15  10   M    M   7 1      24 300
13  58  38  48 -14  17   0 0.00  0.0    0  3.6 12 360   M    M   4        18  10
14  66  40  53  -9  12   0 0.00  0.0    0  6.4 16 190   M    M   4        49  90
15  59  42  51 -10  14   0 0.17  0.0    0  3.1 13 360   M    M   6 1      20 330
16  66  37  52  -9  13   0 0.00  0.0    0  1.9 10 320   M    M   1 1      16 220
17  70  39  55  -5  10   0 0.00  0.0    0  1.4  8 230   M    M   3 1      15 230
18  67  46  57  -3   8   0 0.00  0.0    0  5.9 12  70   M    M   6 1      14 130
19  74  51  63   3   2   0 0.00  0.0    0 13.6 24 180   M    M   7 18     35 170
20  78  61  70  11   0   5 0.11  0.0    0  6.5 21 300   M    M   7 138    30 310
21  66  46  56  -3   9   0    T  0.0    0  9.2 21 350   M    M   5 8      28 330
22  70  38  54  -4  11   0 0.00  0.0    0  2.9 12 330   M    M   1 1      16 290
23  74  45  60   2   5   0 0.00  0.0    0  3.0 12 190   M    M   1 1      19 240
24  73  49  61   4   4   0 0.00  0.0    0  4.3 16 170   M    M   6        19 170
25  79  50  65   8   0   0 0.00  0.0    0  2.9 10 130   M    M   3 1       M  M
26  80  47  64   8   1   0 0.00  0.0    0  2.4 10 160   M    M   1 18     14 160
27  82  51  67  11   0   2 0.00  0.0    0  3.3 13 140   M    M   4 18     15 130
28  82  52  67  11   0   2 0.00  0.0    0  0.8  7 270   M    M   3 18      8 260
29  82  49  66  11   0   1 0.05  0.0    0  7.7 25  10   M    M   5 12     29  10
30  50  43  47  -8  18   0 0.00  0.0    0  7.8 16  30   M    M   9        22  10
================================================================================
SM 2164 1473       166  44  1.84     0.0 169.9          M      140
================================================================================
AV 72.1 49.1                               5.7 FASTST   M    M   5    MAX(MPH)
                                 MISC ---->  # 30 150               # 49   90
================================================================================
NOTES:
# LAST OF SEVERAL OCCURRENCES

COLUMN 17 PEAK WIND IN M.P.H.

PRELIMINARY LOCAL CLIMATOLOGICAL DATA (WS FORM: F-6) , PAGE 2

                                          STATION:  MADISON WI
                                          MONTH:    SEPTEMBER
                                          YEAR:     2014
                                          LATITUDE:   43  7 N
                                          LONGITUDE:  89 20 W

[TEMPERATURE DATA]      [PRECIPITATION DATA]       SYMBOLS USED IN COLUMN 16

AVERAGE MONTHLY: 60.6   TOTAL FOR MONTH:   1.84    1 = FOG OR MIST
DPTR FM NORMAL:  -0.4   DPTR FM NORMAL:   -1.29    2 = FOG REDUCING VISIBILITY
HIGHEST:    84 ON  4    GRTST 24HR  0.80 ON  4- 4      TO 1/4 MILE OR LESS
LOWEST:     37 ON 16                               3 = THUNDER
                        SNOW, ICE PELLETS, HAIL    4 = ICE PELLETS
                        TOTAL MONTH:   0.0 INCH    5 = HAIL
                        GRTST 24HR     0.0         6 = FREEZING RAIN OR DRIZZLE
                        GRTST DEPTH:   0           7 = DUSTSTORM OR SANDSTORM:
                                                       VSBY 1/2 MILE OR LESS
                                                   8 = SMOKE OR HAZE
[NO. OF DAYS WITH]      [WEATHER - DAYS WITH]      9 = BLOWING SNOW
                                                   X = TORNADO
MAX 32 OR BELOW:   0    0.01 INCH OR MORE:   8
MAX 90 OR ABOVE:   0    0.10 INCH OR MORE:   5
MIN 32 OR BELOW:   0    0.50 INCH OR MORE:   1
MIN  0 OR BELOW:   0    1.00 INCH OR MORE:   0

[HDD (BASE 65) ]
TOTAL THIS MO.   166    CLEAR  (SCALE 0-3)  10
DPTR FM NORMAL    -5    PTCLDY (SCALE 4-7)  16
TOTAL FM JUL 1   183    CLOUDY (SCALE 8-10)  4
DPTR FM NORMAL   -25

[CDD (BASE 65) ]
TOTAL THIS MO.    44
DPTR FM NORMAL    -7    [PRESSURE DATA]
TOTAL FM JAN 1   620    HIGHEST SLP 30.42 ON 12
DPTR FM NORMAL    56    LOWEST  SLP 29.47 ON 10

[REMARKS]
#FINAL-09-14#




U.S. Dept. of Commerce
NOAA National Weather Service
1325 East West Highway
Silver Spring, MD 20910
E-mail: w-nws.webmaster@noaa.gov
Page last modified: May 16, 2007
NATIONAL WEATHER SERVICE: for Safety, for Work, for Fun - FOR LIFE