114
CXUS53 KMKX 290900
CF6MSN
PRELIMINARY LOCAL CLIMATOLOGICAL DATA (WS FORM: F-6)

                                          STATION:   MADISON WI
                                          MONTH:     AUGUST
                                          YEAR:      2014
                                          LATITUDE:   43  7 N
                                          LONGITUDE:  89 20 W

  TEMPERATURE IN F:       :PCPN:    SNOW:  WIND      :SUNSHINE: SKY     :PK WND
================================================================================
1   2   3   4   5  6A  6B    7    8   9   10  11  12  13   14  15   16   17  18
                                     12Z  AVG MX 2MIN
DY MAX MIN AVG DEP HDD CDD  WTR  SNW DPTH SPD SPD DIR MIN PSBL S-S WX    SPD DR
================================================================================

 1  86  57  72   1   0   7 0.74  0.0    0  4.2 44  40   M    M   3 135    52  30
 2  85  55  70  -1   0   5 0.00  0.0    0  0.9  5  99   M    M   3 1       M  M
 3  85  60  73   3   0   8 0.00  0.0    0  2.7 13 120   M    M   4 13     17 280
 4  81  62  72   2   0   7 1.74  0.0    0  3.0 25 190   M    M   6 138    36 180
 5  80  62  71   1   0   6 0.00  0.0    0  3.8 10  40   M    M   7 128    13  30
 6  81  56  69  -1   0   4 0.00  0.0    0  1.6 13 120   M    M   7 12     18  30
 7  82  55  69  -1   0   4 0.00  0.0    0  6.3 16 100   M    M   3 1      23 120
 8  82  56  69  -1   0   4 0.00  0.0    0  6.5 17 130   M    M   4        22 190
 9  81  58  70   0   0   5 0.00  0.0    0  5.2 16 120   M    M   4 18     26 110
10  82  58  70   0   0   5 0.00  0.0    0  3.9 13 110   M    M   7 1      16 100
11  83  61  72   2   0   7 0.21  0.0    0  4.8 18 340   M    M   7 138    25 330
12  75  56  66  -4   0   1 0.00  0.0    0 10.9 20 350   M    M   7        31 320
13  82  55  69  -1   0   4 0.00  0.0    0  5.6 13 360   M    M   4        17 320
14  73  51  62  -8   3   0 0.00  0.0    0  3.0 10  80   M    M   4        17  80
15  79  48  64  -6   1   0 0.00  0.0    0  5.2 10 220   M    M   3        17 180
16  85  64  75   5   0  10    T  0.0    0  3.8 16  90   M    M   6 18     33 210
17  79  62  71   2   0   6    T  0.0    0  7.5 15  70   M    M   8 1      18  70
18  84  59  72   3   0   7 0.00  0.0    0  8.4 17 190   M    M   7 1      22 110
19  82  64  73   4   0   8 0.58  0.0    0  4.8 16 350   M    M   5 13     23 360
20  85  61  73   4   0   8 0.00  0.0    0  2.6 10 290   M    M   5 1      17 300
21  78  67  73   4   0   8 0.61  0.0    0  6.6 16 170   M    M   8 13     21 160
22  91  72  82  13   0  17 0.00  0.0    0  4.5 13 110   M    M   7 18     16 110
23  79  72  76   8   0  11 0.03  0.0    0  6.7 14 150   M    M  10 138    19 130
24  87  71  79  11   0  14 0.00  0.0    0  9.1 16 120   M    M   8 1      18 130
25  79  68  74   6   0   9 1.31  0.0    0  6.4 24 320   M    M   7 138    38 330
26  78  62  70   2   0   5    T  0.0    0  5.1 14 350   M    M   6        18 350
27  77  58  68   0   0   3    T  0.0    0  2.2  9  30   M    M   5        13  20
28  75  56  66  -2   0   1    T  0.0    0  7.9 18 120   M    M   6 12     23 150
================================================================================
SM 2276 1686         4 174  5.22     0.0 143.2          M      161
================================================================================
AV 81.3 60.2                               5.1 FASTST   M    M   6    MAX(MPH)
                                 MISC ---->  # 44  40               # 52   30
================================================================================
NOTES:
# LAST OF SEVERAL OCCURRENCES

COLUMN 17 PEAK WIND IN M.P.H.

PRELIMINARY LOCAL CLIMATOLOGICAL DATA (WS FORM: F-6) , PAGE 2

                                          STATION:  MADISON WI
                                          MONTH:    AUGUST
                                          YEAR:     2014
                                          LATITUDE:   43  7 N
                                          LONGITUDE:  89 20 W

[TEMPERATURE DATA]      [PRECIPITATION DATA]       SYMBOLS USED IN COLUMN 16

AVERAGE MONTHLY: 70.8   TOTAL FOR MONTH:   5.22    1 = FOG OR MIST
DPTR FM NORMAL:   1.3   DPTR FM NORMAL:    1.35    2 = FOG REDUCING VISIBILITY
HIGHEST:    91 ON 22    GRTST 24HR  1.74 ON  4- 4      TO 1/4 MILE OR LESS
LOWEST:     48 ON 15                               3 = THUNDER
                        SNOW, ICE PELLETS, HAIL    4 = ICE PELLETS
                        TOTAL MONTH:   0.0 INCH    5 = HAIL
                        GRTST 24HR     0.0         6 = FREEZING RAIN OR DRIZZLE
                        GRTST DEPTH:   0           7 = DUSTSTORM OR SANDSTORM:
                                                       VSBY 1/2 MILE OR LESS
                                                   8 = SMOKE OR HAZE
[NO. OF DAYS WITH]      [WEATHER - DAYS WITH]      9 = BLOWING SNOW
                                                   X = TORNADO
MAX 32 OR BELOW:   0    0.01 INCH OR MORE:   7
MAX 90 OR ABOVE:   1    0.10 INCH OR MORE:   6
MIN 32 OR BELOW:   0    0.50 INCH OR MORE:   5
MIN  0 OR BELOW:   0    1.00 INCH OR MORE:   2

[HDD (BASE 65) ]
TOTAL THIS MO.     4    CLEAR  (SCALE 0-3)   3
DPTR FM NORMAL   -21    PTCLDY (SCALE 4-7)  22
TOTAL FM JUL 1    17    CLOUDY (SCALE 8-10)  3
DPTR FM NORMAL   -18

[CDD (BASE 65) ]
TOTAL THIS MO.   174
DPTR FM NORMAL    27    [PRESSURE DATA]
TOTAL FM JAN 1   550    HIGHEST SLP M ON M
DPTR FM NORMAL    47    LOWEST  SLP 29.63 ON 19

[REMARKS]




U.S. Dept. of Commerce
NOAA National Weather Service
1325 East West Highway
Silver Spring, MD 20910
E-mail: w-nws.webmaster@noaa.gov
Page last modified: May 16, 2007
NATIONAL WEATHER SERVICE: for Safety, for Work, for Fun - FOR LIFE