215
CXUS53 KMKX 240900
CF6MSN
PRELIMINARY LOCAL CLIMATOLOGICAL DATA (WS FORM: F-6)

                                          STATION:   MADISON WI
                                          MONTH:     JULY
                                          YEAR:      2014
                                          LATITUDE:   43  7 N
                                          LONGITUDE:  89 20 W

  TEMPERATURE IN F:       :PCPN:    SNOW:  WIND      :SUNSHINE: SKY     :PK WND
================================================================================
1   2   3   4   5  6A  6B    7    8   9   10  11  12  13   14  15   16   17  18
                                     12Z  AVG MX 2MIN
DY MAX MIN AVG DEP HDD CDD  WTR  SNW DPTH SPD SPD DIR MIN PSBL S-S WX    SPD DR
================================================================================

 1  79  64  72   1   0   7    T  0.0    0  8.7 16 230   M    M   7        26 230
 2  69  57  63  -8   2   0 0.01  0.0    0  6.2 15 340   M    M   9 1      19 330
 3  76  51  64  -7   1   0 0.00  0.0    0  4.6 15  10   M    M   3        20  10
 4  80  55  68  -3   0   3 0.00  0.0    0  2.6 13 170   M    M   4        18 150
 5  77  59  68  -3   0   3 0.00  0.0    0  9.7 20 190   M    M   6        26 200
 6  82  65  74   3   0   9 0.00  0.0    0  7.4 18 190   M    M   9 3      24 180
 7  84  66  75   3   0  10 0.30  0.0    0  5.5 17 260   M    M   4 13     24 310
 8  79  60  70  -2   0   5 0.04  0.0    0  8.3 18 310   M    M   5 1      26 290
 9  76  56  66  -6   0   1 0.00  0.0    0  6.1 18 340   M    M   3        25 330
10  81  53  67  -5   0   2 0.00  0.0    0  6.1 15 170   M    M   4        29 200
11  77  63  70  -2   0   5    T  0.0    0  9.3 21 160   M    M   6        26 170
12  79  66  73   1   0   8 0.44  0.0    0  5.2 18  70   M    M  10 138    23 330
13  83  60  72   0   0   7 0.00  0.0    0  6.0 15 300   M    M   6        23 280
14  76  55  66  -6   0   1 0.07  0.0    0  5.1 24 340   M    M   5        31 340
15  67  53  60 -12   5   0 0.17  0.0    0  6.9 18 350   M    M   7 8      26  10
16  74  48  61 -11   4   0 0.00  0.0    0  3.3 12 360   M    M   3 12     18 340
17  78  49  64  -8   1   0 0.00  0.0    0  2.6 12 170   M    M   3 1      13 200
18  80  54  67  -5   0   2 0.00  0.0    0  5.9 15 140   M    M   4        21  30
19  80  59  70  -2   0   5 0.00  0.0    0  6.6 16 160   M    M   5        31 210
20  82  63  73   2   0   8 0.00  0.0    0  8.8 16 180   M    M   5        30 210
21  87  65  76   5   0  11 0.00  0.0    0 11.3 20 180   M    M   2        25 200
22  93  71  82  11   0  17 0.00  0.0    0 10.3 17 190   M    M   4        24 330
23  80  58  69  -2   0   4 0.00  0.0    0  9.4 17  20   M    M   4        23  30
================================================================================
SM 1819 1350        13 108  1.03     0.0 155.9          M      118
================================================================================
AV 79.1 58.7                               6.8 FASTST   M    M   5    MAX(MPH)
                                 MISC ---->  # 24 340               # 31  340
================================================================================
NOTES:
# LAST OF SEVERAL OCCURRENCES

COLUMN 17 PEAK WIND IN M.P.H.

PRELIMINARY LOCAL CLIMATOLOGICAL DATA (WS FORM: F-6) , PAGE 2

                                          STATION:  MADISON WI
                                          MONTH:    JULY
                                          YEAR:     2014
                                          LATITUDE:   43  7 N
                                          LONGITUDE:  89 20 W

[TEMPERATURE DATA]      [PRECIPITATION DATA]       SYMBOLS USED IN COLUMN 16

AVERAGE MONTHLY: 68.9   TOTAL FOR MONTH:   1.03    1 = FOG OR MIST
DPTR FM NORMAL:  -2.7   DPTR FM NORMAL:   -2.14    2 = FOG REDUCING VISIBILITY
HIGHEST:    93 ON 22    GRTST 24HR  1.35 ON 30- 1      TO 1/4 MILE OR LESS
LOWEST:     48 ON 16                               3 = THUNDER
                        SNOW, ICE PELLETS, HAIL    4 = ICE PELLETS
                        TOTAL MONTH:   0.0 INCH    5 = HAIL
                        GRTST 24HR     0.0         6 = FREEZING RAIN OR DRIZZLE
                        GRTST DEPTH:   0           7 = DUSTSTORM OR SANDSTORM:
                                                       VSBY 1/2 MILE OR LESS
                                                   8 = SMOKE OR HAZE
[NO. OF DAYS WITH]      [WEATHER - DAYS WITH]      9 = BLOWING SNOW
                                                   X = TORNADO
MAX 32 OR BELOW:   0    0.01 INCH OR MORE:   6
MAX 90 OR ABOVE:   1    0.10 INCH OR MORE:   3
MIN 32 OR BELOW:   0    0.50 INCH OR MORE:   0
MIN  0 OR BELOW:   0    1.00 INCH OR MORE:   0

[HDD (BASE 65) ]
TOTAL THIS MO.    13    CLEAR  (SCALE 0-3)   3
DPTR FM NORMAL    13    PTCLDY (SCALE 4-7)  17
TOTAL FM JUL 1    13    CLOUDY (SCALE 8-10)  3
DPTR FM NORMAL    13

[CDD (BASE 65) ]
TOTAL THIS MO.   108
DPTR FM NORMAL   -51    [PRESSURE DATA]
TOTAL FM JAN 1   341    HIGHEST SLP M ON M
DPTR FM NORMAL    32    LOWEST  SLP 29.58 ON  7

[REMARKS]




U.S. Dept. of Commerce
NOAA National Weather Service
1325 East West Highway
Silver Spring, MD 20910
E-mail: w-nws.webmaster@noaa.gov
Page last modified: May 16, 2007
NATIONAL WEATHER SERVICE: for Safety, for Work, for Fun - FOR LIFE