649
CXUS54 KHUN 211015
CF6MSL
PRELIMINARY LOCAL CLIMATOLOGICAL DATA (WS FORM: F-6)

                                          STATION:   MUSCLE SHOALS
                                          MONTH:     SEPTEMBER
                                          YEAR:      2014
                                          LATITUDE:   34 45 N
                                          LONGITUDE:  87 37 W

  TEMPERATURE IN F:       :PCPN:    SNOW:  WIND      :SUNSHINE: SKY     :PK WND
================================================================================
1   2   3   4   5  6A  6B    7    8   9   10  11  12  13   14  15   16   17  18
                                     12Z  AVG MX 2MIN
DY MAX MIN AVG DEP HDD CDD  WTR  SNW DPTH SPD SPD DIR MIN PSBL S-S WX    SPD DR
================================================================================

 1  92  71  82   4   0  17 0.00  0.0    0  3.7 13 210   M    M   1 1      17 240
 2  93  71  82   4   0  17 0.04  0.0    0  5.5 23 220   M    M   2 3      30 220
 3  89  72  81   4   0  16 0.33  0.0    0  2.6 15  90   M    M   6 1      17  90
 4  90  69  80   3   0  15 0.00  0.0    0  1.7  9 100   M    M   4 12     13 110
 5  91  70  81   4   0  16 0.00  0.0    0  2.1 12 280   M    M   1 1      14 270
 6  94  70  82   6   0  17 0.10  0.0    0  2.2 14 340   M    M   3 13     23 330
 7  88  70  79   3   0  14 0.00  0.0    0  4.6 12  10   M    M   4        16  10
 8  87  67  77   1   0  12 0.00  0.0    0  1.0  7 350   M    M   4 1       9 350
 9  94  66  80   4   0  15 0.00  0.0    0  2.8 10 160   M    M   3 12     15 160
10  93  72  83   8   0  18 0.00  0.0    0  8.1 17 200   M    M   2        22 190
11  92  72  82   7   0  17 1.47  0.0    0  5.4 20 250   M    M   4 13     25 270
12  80  69  75   0   0  10 0.76  0.0    0  4.8  9 340   M    M  10 18     13 340
13  69  61  65  -9   0   0 0.00  0.0    0  5.7 12  10   M    M   9        17  50
14  84  58  71  -3   0   6 0.00  0.0    0  2.3  9 310   M    M   0        13 310
15  86  63  75   1   0  10 0.00  0.0    0  1.6  9 250   M    M   2        10 310
16  88  65  77   4   0  12 0.00  0.0    0  2.4 12 360   M    M   2 123    16 360
17  81  60  71  -2   0   6 0.00  0.0    0  2.2 10 310   M    M   1        14 300
18  84  60  72   0   0   7 0.02  0.0    0  1.7 10 260   M    M   6        14 270
19  88  61  75   3   0  10 0.00  0.0    0  1.4  7 140   M    M   2 1       9 140
20  88  66  77   5   0  12 0.00  0.0    0  3.1 12 150   M    M   0        15 150
================================================================================
SM 1751 1333         0 247  2.72     0.0  64.9          M       66
================================================================================
AV 87.6 66.7                               3.2 FASTST   M    M   3    MAX(MPH)
                                 MISC ---->  # 23 220               # 30  220
================================================================================
NOTES:
# LAST OF SEVERAL OCCURRENCES

COLUMN 17 PEAK WIND IN M.P.H.

PRELIMINARY LOCAL CLIMATOLOGICAL DATA (WS FORM: F-6) , PAGE 2

                                          STATION:  MUSCLE SHOALS
                                          MONTH:    SEPTEMBER
                                          YEAR:     2014
                                          LATITUDE:   34 45 N
                                          LONGITUDE:  87 37 W

[TEMPERATURE DATA]      [PRECIPITATION DATA]       SYMBOLS USED IN COLUMN 16

AVERAGE MONTHLY: 77.1   TOTAL FOR MONTH:   2.72    1 = FOG OR MIST
DPTR FM NORMAL:   2.1   DPTR FM NORMAL:    0.27    2 = FOG REDUCING VISIBILITY
HIGHEST:    94 ON  9, 6 GRTST 24HR  2.23 ON 11-12      TO 1/4 MILE OR LESS
LOWEST:     58 ON 14                               3 = THUNDER
                        SNOW, ICE PELLETS, HAIL    4 = ICE PELLETS
                        TOTAL MONTH:   0.0 INCH    5 = HAIL
                        GRTST 24HR     0.0         6 = FREEZING RAIN OR DRIZZLE
                        GRTST DEPTH:   0           7 = DUSTSTORM OR SANDSTORM:
                                                       VSBY 1/2 MILE OR LESS
                                                   8 = SMOKE OR HAZE
[NO. OF DAYS WITH]      [WEATHER - DAYS WITH]      9 = BLOWING SNOW
                                                   X = TORNADO
MAX 32 OR BELOW:   0    0.01 INCH OR MORE:   6
MAX 90 OR ABOVE:   8    0.10 INCH OR MORE:   4
MIN 32 OR BELOW:   0    0.50 INCH OR MORE:   2
MIN  0 OR BELOW:   0    1.00 INCH OR MORE:   1

[HDD (BASE 65) ]
TOTAL THIS MO.     0    CLEAR  (SCALE 0-3)  12
DPTR FM NORMAL    -2    PTCLDY (SCALE 4-7)   6
TOTAL FM JUL 1     0    CLOUDY (SCALE 8-10)  2
DPTR FM NORMAL    -2

[CDD (BASE 65) ]
TOTAL THIS MO.   247
DPTR FM NORMAL    43    [PRESSURE DATA]
TOTAL FM JAN 1  1700    HIGHEST SLP M ON M
DPTR FM NORMAL   -47    LOWEST  SLP 29.89 ON M

[REMARKS]




U.S. Dept. of Commerce
NOAA National Weather Service
1325 East West Highway
Silver Spring, MD 20910
E-mail: w-nws.webmaster@noaa.gov
Page last modified: May 16, 2007
NATIONAL WEATHER SERVICE: for Safety, for Work, for Fun - FOR LIFE