690
CXUS54 KHUN 022041
CF6MSL
PRELIMINARY LOCAL CLIMATOLOGICAL DATA (WS FORM: F-6)

                                          STATION:   MUSCLE SHOALS
                                          MONTH:     NOVEMBER
                                          YEAR:      2014
                                          LATITUDE:   34 45 N
                                          LONGITUDE:  87 37 W

  TEMPERATURE IN F:       :PCPN:    SNOW:  WIND      :SUNSHINE: SKY     :PK WND
================================================================================
1   2   3   4   5  6A  6B    7    8   9   10  11  12  13   14  15   16   17  18
                                     12Z  AVG MX 2MIN
DY MAX MIN AVG DEP HDD CDD  WTR  SNW DPTH SPD SPD DIR MIN PSBL S-S WX    SPD DR
================================================================================

 1  55  34  45 -12  20   0 0.00  0.0    0  8.4 18 340   M    M   1        30 330
 2  58  26  42 -15  23   0 0.00  0.0    0  1.5 10 100   M    M   0        15  70
 3  68  33  51  -5  14   0 0.00  0.0    0  3.2 12 160   M    M   0        14 170
 4  72  46  59   3   6   0 0.00  0.0    0  6.8 17 220   M    M   1        23 220
 5  67  60  64   8   1   0 1.19  0.0    0  3.9 17 310   M    M  10 1      23 300
 6  67  45  56   1   9   0 0.07  0.0    0 11.0 24 310   M    M   3 1      32 300
 7  59  37  48  -7  17   0 0.00  0.0    0  3.7 13  50   M    M   0        18  60
 8  63  32  48  -7  17   0 0.00  0.0    0  3.9 13 290   M    M   0 1      16 300
 9  62  33  48  -6  17   0 0.00  0.0    0  1.4  9  40   M    M   1 12     12  80
10  69  33  51  -3  14   0 0.00  0.0    0  5.2 14 160   M    M   0 1      22 160
11  77  46  62   8   3   0 0.03  0.0    0  8.6 22 230   M    M   6        26 240
12  49  37  43 -10  22   0 0.00  0.0    0  8.2 14  10   M    M   7        20  20
13  42  28  35 -18  30   0    T    T    0  9.0 15 340   M    M   6 48     21 340
14  40  24  32 -21  33   0 0.00  0.0    0  6.8 13  30   M    M   0        20  80
15  50  27  39 -13  26   0 0.00  0.0    0  4.7 12 150   M    M   3        16 120
16  49  40  45  -7  20   0 1.97  0.0    0  4.7 15 110   M    M  10 1      20 110
17  46  25  36 -16  29   0 0.67  0.0    0 10.4 23 290   M    M   6 18     29 290
18  35  21  28 -23  37   0 0.00  0.0    0  7.8 18 280   M    M   0        26 290
19  54  20  37 -14  28   0 0.00  0.0    0  8.3 23 250   M    M   1        31 250
20  56  35  46  -5  19   0 0.00  0.0    0  4.8 15 300   M    M   3        23 310
21  60  38  49  -1  16   0 0.00  0.0    0  5.4 13  90   M    M   5        15  80
22  68  39  54   4  11   0 0.00  0.0    0  6.9 18 160   M    M   3        23 140
23  65  56  61  11   4   0 0.36  0.0    0 12.7 29 220   M    M  10 1      37 210
24  64  38  51   2  14   0 0.00  0.0    0 12.7 28 210   M    M   3        39 210
25  53  30  42  -7  23   0 0.00  0.0    0  4.1 12 290   M    M   0 1      14 290
26  54  27  41  -7  24   0 0.00  0.0    0  5.8 26 290   M    M   3        35 290
27  45  30  38 -10  27   0 0.00  0.0    0  7.9 16 340   M    M   5        23 350
28  53  23  38 -10  27   0 0.00  0.0    0  4.5 12 190   M    M   0        18 170
29  65  43  54   6  11   0 0.00  0.0    0 10.1 18 200   M    M   5        26 200
30  74  58  66  19   0   1 0.00  0.0    0 11.8 26 210   M    M   6        30 230
================================================================================
SM 1739 1064       542   1  4.29    T    204.2          M       98
================================================================================
AV 58.0 35.5                               6.8 FASTST   M    M   3    MAX(MPH)
                                 MISC ---->  # 29 220               # 39  210
================================================================================
NOTES:
# LAST OF SEVERAL OCCURRENCES

COLUMN 17 PEAK WIND IN M.P.H.

PRELIMINARY LOCAL CLIMATOLOGICAL DATA (WS FORM: F-6) , PAGE 2

                                          STATION:  MUSCLE SHOALS
                                          MONTH:    NOVEMBER
                                          YEAR:     2014
                                          LATITUDE:   34 45 N
                                          LONGITUDE:  87 37 W

[TEMPERATURE DATA]      [PRECIPITATION DATA]       SYMBOLS USED IN COLUMN 16

AVERAGE MONTHLY: 46.7   TOTAL FOR MONTH:   4.29    1 = FOG OR MIST
DPTR FM NORMAL:  -5.4   DPTR FM NORMAL:   -0.37    2 = FOG REDUCING VISIBILITY
HIGHEST:    77 ON 11    GRTST 24HR  2.64 ON 16-17      TO 1/4 MILE OR LESS
LOWEST:     20 ON 19                               3 = THUNDER
                        SNOW, ICE PELLETS, HAIL    4 = ICE PELLETS
                        TOTAL MONTH:    T          5 = HAIL
                        GRTST 24HR    T  ON 13-13  6 = FREEZING RAIN OR DRIZZLE
                        GRTST DEPTH:   0           7 = DUSTSTORM OR SANDSTORM:
                                                       VSBY 1/2 MILE OR LESS
                                                   8 = SMOKE OR HAZE
[NO. OF DAYS WITH]      [WEATHER - DAYS WITH]      9 = BLOWING SNOW
                                                   X = TORNADO
MAX 32 OR BELOW:   0    0.01 INCH OR MORE:   6
MAX 90 OR ABOVE:   0    0.10 INCH OR MORE:   4
MIN 32 OR BELOW:  12    0.50 INCH OR MORE:   3
MIN  0 OR BELOW:   0    1.00 INCH OR MORE:   2

[HDD (BASE 65) ]
TOTAL THIS MO.   542    CLEAR  (SCALE 0-3)  18
DPTR FM NORMAL   148    PTCLDY (SCALE 4-7)   9
TOTAL FM JUL 1   652    CLOUDY (SCALE 8-10)  3
DPTR FM NORMAL    90

[CDD (BASE 65) ]
TOTAL THIS MO.     1
DPTR FM NORMAL    -6    [PRESSURE DATA]
TOTAL FM JAN 1  1861    HIGHEST SLP 30.51 ON 27
DPTR FM NORMAL   -10    LOWEST  SLP 29.42 ON 23

[REMARKS]
#FINAL-11-14#




U.S. Dept. of Commerce
NOAA National Weather Service
1325 East West Highway
Silver Spring, MD 20910
E-mail: w-nws.webmaster@noaa.gov
Page last modified: May 16, 2007
NATIONAL WEATHER SERVICE: for Safety, for Work, for Fun - FOR LIFE