177
CXUS54 KHUN 292005
CF6MSL

PRELIMINARY LOCAL CLIMATOLOGICAL DATA (WS FORM: F-6)...CORRECTED

                                          STATION:   MUSCLE SHOALS
                                          MONTH:     JANUARY
                                          YEAR:      2015
                                          LATITUDE:   34 45 N
                                          LONGITUDE:  87 37 W

  TEMPERATURE IN F:       :PCPN:    SNOW:  WIND      :SUNSHINE: SKY     :PK WND
================================================================================
1   2   3   4   5  6A  6B    7    8   9   10  11  12  13   14  15   16   17  18
                                     12Z  AVG MX 2MIN
DY MAX MIN AVG DEP HDD CDD  WTR  SNW DPTH SPD SPD DIR MIN PSBL S-S WX    SPD DR
================================================================================

 1  45  33  39  -2  26   0 0.07  0.0    0  0.7  7 130   M    M   9         9 140
 2  48  41  45   4  20   0 0.46  0.0    0  5.0 12 110   M    M  10 13     15 110
 3  64  48  56  15   9   0 1.36  0.0    0  9.2 20 160   M    M  10 13     26 170
 4  64  34  49   8  16   0 0.09  0.0    0 13.1 25 280   M    M   9 18     33 290
 5  39  26  33  -8  32   0 0.00  0.0    0  4.5 13  10   M    M   4        20  20
 6  49  26  38  -3  27   0 0.00  0.0    0  6.8 18 290   M    M   0        22 290
 7  32  11  22 -19  43   0 0.00  0.0    0 11.4 22 360   M    M   2        31 340
 8  31   8  20 -21  45   0 0.00  0.0    0  5.6 15  50   M    M   0        24  20
 9  40  19  30 -11  35   0 0.00  0.0    0  5.6 14 290   M    M   0        17 280
10  39  18  29 -12  36   0 0.00  0.0    0  3.6 10 110   M    M   0        15  50
11  48  32  40  -1  25   0    T  0.0    0  4.7 12 110   M    M   7        15 120
12  51  39  45   4  20   0 1.58  0.0    0  5.9 15  10   M    M  10        24  20
13  39  32  36  -5  29   0 0.00  0.0    0  7.7 15  20   M    M   1        22  10
14  40  29  35  -6  30   0    T    T    0  2.7  7  10   M    M   0 1      12  50
15  36  27  32  -9  33   0 0.03    T    0  1.3  7 270   M    M   7 18      7 190
16  54  25  40  -1  25   0 0.00  0.0    0  1.0  6 200   M    M   1 128     7 280
17  60  26  43   2  22   0 0.00  0.0    0  5.3 17 210   M    M   0 18     22 220
18  60  35  48   7  17   0 0.00  0.0    0  8.5 18 280   M    M   1        23 280
19  67  33  50   9  15   0 0.00  0.0    0  6.4 20 260   M    M   0        24 240
20  63  39  51  10  14   0 0.00  0.0    0  4.2 10 260   M    M   0        13 270
21  61  32  47   6  18   0 0.00  0.0    0  1.7 10 300   M    M   0 1      15 330
22  46  33  40  -1  25   0    T  0.0    0  5.4 12  50   M    M   7        17  20
23  42  35  39  -2  26   0 0.40    T    0  7.2 17  60   M    M  10 1      22  80
24  51  31  41   0  24   0 0.02    T    0  7.7 17 260   M    M   5 18     21 240
25  58  33  46   5  19   0 0.15  0.0    0  8.6 39 280   M    M   4 1      51 280
26  47  37  42   1  23   0 0.00  0.0    0  9.0 20 300   M    M   9 18     25 310
27  54  32  43   1  22   0 0.00  0.0    0  6.7 15 310   M    M   1        23 310
28  54  29  42   0  23   0 0.00  0.0    0  5.2 14 120   M    M   0 8      16 140
================================================================================
SM 1382  843       699   0  4.16    T    164.7          M      107
================================================================================
AV 49.4 30.1                               5.9 FASTST   M    M   4    MAX(MPH)
                                 MISC ---->  # 39 280               # 51  280
================================================================================
NOTES:
# LAST OF SEVERAL OCCURRENCES

COLUMN 17 PEAK WIND IN M.P.H.

PRELIMINARY LOCAL CLIMATOLOGICAL DATA (WS FORM: F-6) , PAGE 2

                                          STATION:  MUSCLE SHOALS
                                          MONTH:    JANUARY
                                          YEAR:     2015
                                          LATITUDE:   34 45 N
                                          LONGITUDE:  87 37 W

[TEMPERATURE DATA]      [PRECIPITATION DATA]       SYMBOLS USED IN COLUMN 16

AVERAGE MONTHLY: 39.7   TOTAL FOR MONTH:   4.16    1 = FOG OR MIST
DPTR FM NORMAL:  -1.3   DPTR FM NORMAL:    0.03    2 = FOG REDUCING VISIBILITY
HIGHEST:    67 ON 19    GRTST 24HR  1.58 ON 12-12      TO 1/4 MILE OR LESS
LOWEST:      8 ON  8                               3 = THUNDER
                        SNOW, ICE PELLETS, HAIL    4 = ICE PELLETS
                        TOTAL MONTH:    T          5 = HAIL
                        GRTST 24HR    T  ON 24-24  6 = FREEZING RAIN OR DRIZZLE
                        GRTST DEPTH:   0           7 = DUSTSTORM OR SANDSTORM:
                                                       VSBY 1/2 MILE OR LESS
                                                   8 = SMOKE OR HAZE
[NO. OF DAYS WITH]      [WEATHER - DAYS WITH]      9 = BLOWING SNOW
                                                   X = TORNADO
MAX 32 OR BELOW:   2    0.01 INCH OR MORE:   9
MAX 90 OR ABOVE:   0    0.10 INCH OR MORE:   5
MIN 32 OR BELOW:  16    0.50 INCH OR MORE:   2
MIN  0 OR BELOW:   0    1.00 INCH OR MORE:   2

[HDD (BASE 65) ]
TOTAL THIS MO.   699    CLEAR  (SCALE 0-3)  15
DPTR FM NORMAL    29    PTCLDY (SCALE 4-7)   6
TOTAL FM JUL 1  1915    CLOUDY (SCALE 8-10)  7
DPTR FM NORMAL     9

[CDD (BASE 65) ]
TOTAL THIS MO.     0
DPTR FM NORMAL     0    [PRESSURE DATA]
TOTAL FM JAN 1     0    HIGHEST SLP M ON M
DPTR FM NORMAL     0    LOWEST  SLP 29.67 ON 25

[REMARKS]
PRECIPITATION DATA FOR JANUARY 12TH AND 13TH WERE TAKEN FROM THE
MUSCLE SHOALS AUTOMATED REGIONAL CLIMATE REFERENCE NETWORK SITE
(XMSA1, STATION ID=1366) AT TVA. THIS SITE IS LOCATED APPROXIMATELY
3.4 MILES NORTHWEST OF THE MUSCLE SHOALS ASOS (KMSL).




U.S. Dept. of Commerce
NOAA National Weather Service
1325 East West Highway
Silver Spring, MD 20910
E-mail: w-nws.webmaster@noaa.gov
Page last modified: May 16, 2007
NATIONAL WEATHER SERVICE: for Safety, for Work, for Fun - FOR LIFE