264
CXUS56 KMTR 311000
CF6MRY
PRELIMINARY LOCAL CLIMATOLOGICAL DATA (WS FORM: F-6)

                                          STATION:   MONTEREY AIRPORT
                                          MONTH:     JULY
                                          YEAR:      2014
                                          LATITUDE:   36 34 N
                                          LONGITUDE: 121 51 W

  TEMPERATURE IN F:       :PCPN:    SNOW:  WIND      :SUNSHINE: SKY     :PK WND
================================================================================
1   2   3   4   5  6A  6B    7    8   9   10  11  12  13   14  15   16   17  18
                                     12Z  AVG MX 2MIN
DY MAX MIN AVG DEP HDD CDD  WTR  SNW DPTH SPD SPD DIR MIN PSBL S-S WX    SPD DR
================================================================================

 1  69  56  63   3   2   0 0.00  0.0    0  5.8 20 220   M    M   8 1      24 230
 2  66  56  61   1   4   0 0.00  0.0    0  7.0 16 230   M    M  10 18     21 230
 3  68  55  62   2   3   0 0.00  0.0    0  7.1 14 280   M    M   5 18     18 280
 4  64  54  59  -1   6   0 0.00  0.0    0  5.6 16 280   M    M   6 18     20 290
 5  64  52  58  -2   7   0 0.00  0.0    0  4.1 12 310   M    M   5 1      15 310
 6  64  51  58  -2   7   0 0.00  0.0    0  5.4 12 300   M    M   6 12     15 290
 7  68  52  60   0   5   0 0.00  0.0    0  5.2 15 300   M    M   6 18     18 290
 8  66  54  60   0   5   0 0.00  0.0    0  7.0 20 210   M    M   8 18     24 230
 9  71  56  64   4   1   0 0.00  0.0    0  6.4 21 210   M    M   6 18     26 220
10  72  58  65   5   0   0 0.00  0.0    0  6.2 22 210   M    M   6 1      29 220
11  70  57  64   4   1   0 0.00  0.0    0  6.6 15 230   M    M   5 1      20 240
12  66  56  61   1   4   0 0.00  0.0    0  6.7 15 280   M    M   8        20 260
13  63  55  59  -1   6   0 0.00  0.0    0  6.2 16 300   M    M   6 1      20 300
14  66  56  61   1   4   0 0.00  0.0    0  4.3 14 240   M    M   5 18     16 190
15  78  56  67   7   0   2 0.00  0.0    0  3.9 15 100   M    M   5 18     18 100
16  74  59  67   7   0   2 0.01  0.0    0  5.7 21 220   M    M   5 1      28 220
17  71  56  64   4   1   0 0.00  0.0    0  6.9 20 230   M    M   5        25 220
18  71  60  66   6   0   1 0.00  0.0    0  6.6 17 240   M    M   6        22 240
19  72  60  66   6   0   1    T  0.0    0  4.8 18 220   M    M   5        24 220
20  74  61  68   8   0   3    T  0.0    0  6.2 21 220   M    M   5        28 220
21  68  61  65   5   0   0    T  0.0    0  4.5 16 230   M    M  10 1      21 240
22  73  58  66   6   0   1 0.00  0.0    0  6.7 20 220   M    M   4        26 230
23  75  56  66   6   0   1 0.00  0.0    0  6.2 16 280   M    M   1        21 260
24  73  59  66   6   0   1 0.00  0.0    0  6.2 14 300   M    M   3 1      17 270
25  81  58  70  10   0   5 0.00  0.0    0  3.9 15 240   M    M   4 1      18 240
26  74  57  66   6   0   1 0.00  0.0    M  4.7 14 210   M    M   4 1      18 260
27  75  59  67   7   0   2    T  0.0    0  4.9 15 290   M    M   5 18     18 300
28  75  59  67   6   0   2 0.00  0.0    0  4.5 15 240   M    M   5        18 230
29  74  59  67   6   0   2 0.00  0.0    0  4.9 16 300   M    M   4        20 300
30  74  58  66   5   0   1 0.00  0.0    0  4.7 13 290   M    M   6 1      17 290
================================================================================
SM 2119 1704        56  25  0.01     0.0 168.9          M      167
================================================================================
AV 70.6 56.8                               5.6 FASTST   M    M   6    MAX(MPH)
                                 MISC ---->  # 22 210               # 29  220
================================================================================
NOTES:
# LAST OF SEVERAL OCCURRENCES

COLUMN 17 PEAK WIND IN M.P.H.

PRELIMINARY LOCAL CLIMATOLOGICAL DATA (WS FORM: F-6) , PAGE 2

                                          STATION:  MONTEREY AIRPORT
                                          MONTH:    JULY
                                          YEAR:     2014
                                          LATITUDE:   36 34 N
                                          LONGITUDE: 121 51 W

[TEMPERATURE DATA]      [PRECIPITATION DATA]       SYMBOLS USED IN COLUMN 16

AVERAGE MONTHLY: 63.7   TOTAL FOR MONTH:   0.01    1 = FOG OR MIST
DPTR FM NORMAL:   3.6   DPTR FM NORMAL:    0.00    2 = FOG REDUCING VISIBILITY
HIGHEST:    81 ON 25    GRTST 24HR  0.01 ON 16-16      TO 1/4 MILE OR LESS
LOWEST:     51 ON  6                               3 = THUNDER
                        SNOW, ICE PELLETS, HAIL    4 = ICE PELLETS
                        TOTAL MONTH:   0.0 INCH    5 = HAIL
                        GRTST 24HR     0.0         6 = FREEZING RAIN OR DRIZZLE
                        GRTST DEPTH:   0           7 = DUSTSTORM OR SANDSTORM:
                                                       VSBY 1/2 MILE OR LESS
                                                   8 = SMOKE OR HAZE
[NO. OF DAYS WITH]      [WEATHER - DAYS WITH]      9 = BLOWING SNOW
                                                   X = TORNADO
MAX 32 OR BELOW:   0    0.01 INCH OR MORE:   1
MAX 90 OR ABOVE:   0    0.10 INCH OR MORE:   0
MIN 32 OR BELOW:   0    0.50 INCH OR MORE:   0
MIN  0 OR BELOW:   0    1.00 INCH OR MORE:   0

[HDD (BASE 65) ]
TOTAL THIS MO.    56    CLEAR  (SCALE 0-3)   2
DPTR FM NORMAL   -93    PTCLDY (SCALE 4-7)  25
TOTAL FM JUL 1    56    CLOUDY (SCALE 8-10)  3
DPTR FM NORMAL   -93

[CDD (BASE 65) ]
TOTAL THIS MO.    25
DPTR FM NORMAL    25    [PRESSURE DATA]
TOTAL FM JAN 1    68    HIGHEST SLP M ON M
DPTR FM NORMAL    62    LOWEST  SLP 29.80 ON  1

[REMARKS]




U.S. Dept. of Commerce
NOAA National Weather Service
1325 East West Highway
Silver Spring, MD 20910
E-mail: w-nws.webmaster@noaa.gov
Page last modified: May 16, 2007
NATIONAL WEATHER SERVICE: for Safety, for Work, for Fun - FOR LIFE