137
CXUS56 KMTR 281000
CF6MRY
PRELIMINARY LOCAL CLIMATOLOGICAL DATA (WS FORM: F-6)

                                          STATION:   MONTEREY AIRPORT
                                          MONTH:     NOVEMBER
                                          YEAR:      2014
                                          LATITUDE:   36 34 N
                                          LONGITUDE: 121 51 W

  TEMPERATURE IN F:       :PCPN:    SNOW:  WIND      :SUNSHINE: SKY     :PK WND
================================================================================
1   2   3   4   5  6A  6B    7    8   9   10  11  12  13   14  15   16   17  18
                                     12Z  AVG MX 2MIN
DY MAX MIN AVG DEP HDD CDD  WTR  SNW DPTH SPD SPD DIR MIN PSBL S-S WX    SPD DR
================================================================================

 1  61  52  57   0   8   0 0.73  0.0    0  4.1 10 270   M    M   7 1      14 270
 2  64  49  57   0   8   0 0.00  0.0    0  4.4 13 280   M    M   1        20 270
 3  66  47  57   0   8   0 0.00  0.0    0  4.1 12 280   M    M   0        16  80
 4  70  45  58   2   7   0 0.00  0.0    0  4.5 12  20   M    M   0        14 310
 5  77  52  65   9   0   0 0.00  0.0    0  4.5 12  90   M    M   0        14 280
 6  67  50  59   3   6   0 0.00  0.0    0  3.1 10 280   M    M   0 18     28 200
 7  65  49  57   1   8   0 0.00  0.0    0  2.8 12 270   M    M   5 12     14 270
 8  71  49  60   4   5   0 0.00  0.0    0  1.0  8 280   M    M   1 128     9 290
 9  67  50  59   3   6   0 0.00  0.0    0  2.7 12 280   M    M   5 128    16 300
10  66  49  58   2   7   0 0.00  0.0    0  3.7 14 200   M    M   7 12     29 200
11  61  57  59   4   6   0 0.00  0.0    0  2.8 12 230   M    M  10 18     21  90
12  64  56  60   5   5   0 0.00  0.0    0  4.2 10 280   M    M   6        15 270
13  67  54  61   6   4   0 0.13  0.0    0  2.9 12 220   M    M   8 18     24 130
14  63  51  57   2   8   0 0.00  0.0    0  4.5  9 300   M    M   3 18     12 290
15  63  49  56   1   9   0 0.00  0.0    0  3.8 10 260   M    M   1        14 260
16  66  47  57   2   8   0 0.00  0.0    0  3.6 10  90   M    M   1        14  50
17  68  44  56   2   9   0 0.00  0.0    0  2.4  9 210   M    M   0        14 210
18  70  48  59   5   6   0 0.00  0.0    0  3.0 10 100   M    M   0        12 100
19  67  54  61   7   4   0 0.08  0.0    0  1.4  9 100   M    M   9 18     10 240
20  62  53  58   4   7   0 0.15  0.0    0  2.3 16 100   M    M   9 18     20 100
21  63  50  57   3   8   0 0.00  0.0    0  2.3  8 300   M    M   4        10 290
22  64  50  57   3   8   0 0.10  0.0    0  5.7 16 220   M    M   6 1      22 210
23  69  46  58   4   7   0 0.00  0.0    0  4.7 10  40   M    M   0        14  90
24  68  44  56   3   9   0 0.00  0.0    0  5.8  8 360   M    M   0        10 330
25  72  44  58   5   7   0 0.00  0.0    0  2.8  9 100   M    M   0        10 100
26  76  47  62   9   3   0 0.00  0.0    0  2.2 10  90   M    M   0        12  90
27  68  46  57   4   8   0 0.00  0.0    0  3.0 12  90   M    M   1 128    14  90
================================================================================
SM 1805 1332       179   0  1.19     0.0  92.3          M       84
================================================================================
AV 66.9 49.3                               3.4 FASTST   M    M   3    MAX(MPH)
                                 MISC ---->  # 16 100               # 29  200
================================================================================
NOTES:
# LAST OF SEVERAL OCCURRENCES

COLUMN 17 PEAK WIND IN M.P.H.

PRELIMINARY LOCAL CLIMATOLOGICAL DATA (WS FORM: F-6) , PAGE 2

                                          STATION:  MONTEREY AIRPORT
                                          MONTH:    NOVEMBER
                                          YEAR:     2014
                                          LATITUDE:   36 34 N
                                          LONGITUDE: 121 51 W

[TEMPERATURE DATA]      [PRECIPITATION DATA]       SYMBOLS USED IN COLUMN 16

AVERAGE MONTHLY: 58.1   TOTAL FOR MONTH:   1.19    1 = FOG OR MIST
DPTR FM NORMAL:   3.2   DPTR FM NORMAL:   -0.49    2 = FOG REDUCING VISIBILITY
HIGHEST:    77 ON  5    GRTST 24HR  2.07 ON 31- 1      TO 1/4 MILE OR LESS
LOWEST:     44 ON 25,24                            3 = THUNDER
                        SNOW, ICE PELLETS, HAIL    4 = ICE PELLETS
                        TOTAL MONTH:   0.0 INCH    5 = HAIL
                        GRTST 24HR     0.0         6 = FREEZING RAIN OR DRIZZLE
                        GRTST DEPTH:   0           7 = DUSTSTORM OR SANDSTORM:
                                                       VSBY 1/2 MILE OR LESS
                                                   8 = SMOKE OR HAZE
[NO. OF DAYS WITH]      [WEATHER - DAYS WITH]      9 = BLOWING SNOW
                                                   X = TORNADO
MAX 32 OR BELOW:   0    0.01 INCH OR MORE:   5
MAX 90 OR ABOVE:   0    0.10 INCH OR MORE:   4
MIN 32 OR BELOW:   0    0.50 INCH OR MORE:   1
MIN  0 OR BELOW:   0    1.00 INCH OR MORE:   0

[HDD (BASE 65) ]
TOTAL THIS MO.   179    CLEAR  (SCALE 0-3)  15
DPTR FM NORMAL   -93    PTCLDY (SCALE 4-7)   9
TOTAL FM JUL 1   404    CLOUDY (SCALE 8-10)  3
DPTR FM NORMAL  -458

[CDD (BASE 65) ]
TOTAL THIS MO.     0
DPTR FM NORMAL     0    [PRESSURE DATA]
TOTAL FM JAN 1   142    HIGHEST SLP M ON M
DPTR FM NORMAL   106    LOWEST  SLP 29.75 ON  1

[REMARKS]




U.S. Dept. of Commerce
NOAA National Weather Service
1325 East West Highway
Silver Spring, MD 20910
E-mail: w-nws.webmaster@noaa.gov
Page last modified: May 16, 2007
NATIONAL WEATHER SERVICE: for Safety, for Work, for Fun - FOR LIFE