086
CXUS56 KMTR 011000
CF6MRY
PRELIMINARY LOCAL CLIMATOLOGICAL DATA (WS FORM: F-6)

                                          STATION:   MONTEREY AIRPORT
                                          MONTH:     JANUARY
                                          YEAR:      2015
                                          LATITUDE:   36 34 N
                                          LONGITUDE: 121 51 W

  TEMPERATURE IN F:       :PCPN:    SNOW:  WIND      :SUNSHINE: SKY     :PK WND
================================================================================
1   2   3   4   5  6A  6B    7    8   9   10  11  12  13   14  15   16   17  18
                                     12Z  AVG MX 2MIN
DY MAX MIN AVG DEP HDD CDD  WTR  SNW DPTH SPD SPD DIR MIN PSBL S-S WX    SPD DR
================================================================================

 1  58  37  48  -3  17   0 0.00  0.0    0  4.9 10 100   M    M   0        12 190
 2  57  40  49  -2  16   0 0.00  0.0    0  5.0 10  90   M    M   0        13  80
 3  57  36  47  -4  18   0 0.00  0.0    0  3.7 12 100   M    M   0        13 100
 4  60  40  50  -1  15   0 0.00  0.0    0  3.9  9 100   M    M   0        13  90
 5  69  38  54   3  11   0 0.00  0.0    0  2.5 13  60   M    M   0        22  40
 6  75  46  61  10   4   0 0.00  0.0    0  2.4 10  90   M    M   0        12  90
 7  78  49  64  13   1   0 0.00  0.0    0  2.8 16 180   M    M   0        30  40
 8  68  48  58   7   7   0 0.00  0.0    0  3.1 10  90   M    M   0        15 160
 9  64  50  57   6   8   0 0.00  0.0    0  2.9 12 230   M    M   1        15 220
10  65  47  56   5   9   0 0.00  0.0    0  3.1 10 280   M    M   0        17  60
11  58  47  53   2  12   0 0.00  0.0    0  3.8 10 280   M    M   4 128    17  80
12  59  45  52   1  13   0 0.00  0.0    M  3.8 14 180   M    M   3 8      28 100
13  67  44  56   5   9   0 0.00  0.0    0  3.9 10  90   M    M   2 12     13  20
14  65  45  55   4  10   0 0.00  0.0    0  3.4 12  90   M    M   0        28  90
15  68  44  56   5   9   0 0.00  0.0    0  3.5 12  90   M    M   1        13  90
16  66  46  56   5   9   0 0.00  0.0    0  2.6 12 200   M    M   1        23 330
17  67  48  58   7   7   0 0.00  0.0    0  3.1 10 100   M    M   0        12 300
18  65  50  58   7   7   0 0.00  0.0    0  4.1 12 100   M    M   1 18     13 100
19  65  50  58   7   7   0 0.00  0.0    0  3.4  9 100   M    M   2 12     12 300
20  62  46  54   3  11   0 0.00  0.0    0  3.1  8 270   M    M   1         M  M
21  66  41  54   3  11   0 0.01  0.0    0  4.8 12  20   M    M   0        16  20
22  66  40  53   2  12   0 0.00  0.0    0  3.9  9 110   M    M   0        12 290
23  71  40  56   5   9   0 0.00  0.0    0  3.3 10 100   M    M   0        13 100
24  76  43  60   9   5   0 0.00  0.0    0  5.4 14 100   M    M   0        18  80
25  81  51  66  15   0   1 0.00  0.0    0  3.8 12  90   M    M   0        21 140
26  68  50  59   8   6   0 0.00  0.0    0  2.1 10 100   M    M   0        10 110
27  67  49  58   7   7   0 0.00  0.0    0  2.3 12 250   M    M   7        14 240
28  69  45  57   5   8   0 0.00  0.0    0  4.2 10 320   M    M   0        14 330
29  66  43  55   3  10   0 0.00  0.0    0  3.4 10 290   M    M   0        14 270
30  62  46  54   2  11   0 0.00  0.0    0  4.7 13 280   M    M   5 128    20 240
31  73  45  59   7   6   0 0.00  0.0    0  4.6 13  60   M    M   2 12     18 110
================================================================================
SM 2058 1389       285   1  0.01     0.0 111.5          M       30
================================================================================
AV 66.4 44.8                               3.6 FASTST   M    M   1    MAX(MPH)
                                 MISC ---->  # 16 180               # 30   40
================================================================================
NOTES:
# LAST OF SEVERAL OCCURRENCES

COLUMN 17 PEAK WIND IN M.P.H.

PRELIMINARY LOCAL CLIMATOLOGICAL DATA (WS FORM: F-6) , PAGE 2

                                          STATION:  MONTEREY AIRPORT
                                          MONTH:    JANUARY
                                          YEAR:     2015
                                          LATITUDE:   36 34 N
                                          LONGITUDE: 121 51 W

[TEMPERATURE DATA]      [PRECIPITATION DATA]       SYMBOLS USED IN COLUMN 16

AVERAGE MONTHLY: 55.6   TOTAL FOR MONTH:   0.01    1 = FOG OR MIST
DPTR FM NORMAL:   4.6   DPTR FM NORMAL:   -3.16    2 = FOG REDUCING VISIBILITY
HIGHEST:    81 ON 25    GRTST 24HR  0.01 ON 21-21      TO 1/4 MILE OR LESS
LOWEST:     36 ON  3                               3 = THUNDER
                        SNOW, ICE PELLETS, HAIL    4 = ICE PELLETS
                        TOTAL MONTH:   0.0 INCH    5 = HAIL
                        GRTST 24HR     0.0         6 = FREEZING RAIN OR DRIZZLE
                        GRTST DEPTH:   0           7 = DUSTSTORM OR SANDSTORM:
                                                       VSBY 1/2 MILE OR LESS
                                                   8 = SMOKE OR HAZE
[NO. OF DAYS WITH]      [WEATHER - DAYS WITH]      9 = BLOWING SNOW
                                                   X = TORNADO
MAX 32 OR BELOW:   0    0.01 INCH OR MORE:   1
MAX 90 OR ABOVE:   0    0.10 INCH OR MORE:   0
MIN 32 OR BELOW:   0    0.50 INCH OR MORE:   0
MIN  0 OR BELOW:   0    1.00 INCH OR MORE:   0

[HDD (BASE 65) ]
TOTAL THIS MO.   285    CLEAR  (SCALE 0-3)  28
DPTR FM NORMAL  -149    PTCLDY (SCALE 4-7)   3
TOTAL FM JUL 1  1013    CLOUDY (SCALE 8-10)  0
DPTR FM NORMAL  -742

[CDD (BASE 65) ]
TOTAL THIS MO.     1
DPTR FM NORMAL     1    [PRESSURE DATA]
TOTAL FM JAN 1     1    HIGHEST SLP M ON M
DPTR FM NORMAL     1    LOWEST  SLP 29.90 ON 30

[REMARKS]
#FINAL-01-15#




U.S. Dept. of Commerce
NOAA National Weather Service
1325 East West Highway
Silver Spring, MD 20910
E-mail: w-nws.webmaster@noaa.gov
Page last modified: May 16, 2007
NATIONAL WEATHER SERVICE: for Safety, for Work, for Fun - FOR LIFE