756
CXUS54 KMAF 261100
CF6MRF
PRELIMINARY LOCAL CLIMATOLOGICAL DATA (WS FORM: F-6)

                                          STATION:   Marfa
                                          MONTH:     NOVEMBER
                                          YEAR:      2014
                                          LATITUDE:   30 22 N
                                          LONGITUDE: 104  1 W

  TEMPERATURE IN F:       :PCPN:    SNOW:  WIND      :SUNSHINE: SKY     :PK WND
================================================================================
1   2   3   4   5  6A  6B    7    8   9   10  11  12  13   14  15   16   17  18
                                     12Z  AVG MX 2MIN
DY MAX MIN AVG DEP HDD CDD  WTR  SNW DPTH SPD SPD DIR MIN PSBL S-S WX    SPD DR
================================================================================

 1  68  41  55   M  10   0 0.00  0.0    0  7.0 16 180   M    M   1        21 170
 2  66  43  55   M  10   0 0.00  0.0    0  5.9 14 160   M    M   1         M  M
 3  72  43  58   M   7   0 0.08    M    0  8.1 17 180   M    M   6        21 190
 4  57  41  49   M  16   0 1.27    M    0 12.2 25  10   M    M  10        29  10
 5  48  43  46   M  19   0 0.42    M    0 10.4 16  20   M    M  10        22  20
 6  48  43  46   M  19   0 0.04    M    0 10.6 18  20   M    M  10        23  20
 7  63  37  50   M  15   0 0.00  0.0    0  5.9 15 250   M    M   3        17 250
 8  61  36  49   M  16   0 0.00  0.0    0  9.6 25  20   M    M   3        35  20
 9  68  30  49   M  16   0 0.00  0.0    0  6.9 15 200   M    M   0        16 200
10  72  36  54   M  11   0 0.00  0.0    0 10.1 29 260   M    M   0        35 250
11  61  37  49   M  16   0 0.00  0.0    0  7.1 14  20   M    M   0        21  30
12  43  27  35   M  30   0 0.00  0.0    0 13.0 20  60   M    M   2        23  60
13  41  19  30   M  35   0 0.00  0.0    0  8.8 15  60   M    M   1        20  40
14  55  23  39   M  26   0 0.00  0.0    0  5.7 12 170   M    M   2         M  M
15  70  28  49   M  16   0 0.00  0.0    0  8.6 21 270   M    M   0        28 270
16  68  25  47   M  18   0 0.00  0.0    0 11.9 27 270   M    M   2        32 270
17  45  19  32   M  33   0 0.00  0.0    0  7.4 16  30   M    M   0         M  M
18  55  19  37   M  28   0 0.00  0.0    0  5.7 13 270   M    M   2        18 260
19  63  19  41   M  24   0 0.00  0.0    0  6.3 15 270   M    M   0        21  80
20  66  27  47   M  18   0 0.00  0.0    0  7.7 17 270   M    M   0        22 240
21  70  30  50   M  15   0 0.00  0.0    0  7.2 16 180   M    M   0        21 190
22  64  39  52   M  13   0 0.00  0.0    0  9.2 21 280   M    M   1        27 280
23  64  34  49   M  16   0 0.00  0.0    0 17.8 38 270   M    M   0        50 270
24  54  21  38   M  27   0 0.00  0.0    0  7.6 18 280   M    M   0        23 280
25  52  27  40   M  25   0 0.00  0.0    0 10.0 18 270   M    M   0        23 260
================================================================================
SM 1494  787       479   0  1.81     0.0 220.7          M       54
================================================================================
AV 59.8 31.5                               8.8 FASTST   M    M   2    MAX(MPH)
                                 MISC ---->  # 38 270               # 50  270
================================================================================
NOTES:
# LAST OF SEVERAL OCCURRENCES

COLUMN 17 PEAK WIND IN M.P.H.

PRELIMINARY LOCAL CLIMATOLOGICAL DATA (WS FORM: F-6) , PAGE 2

                                          STATION:  Marfa
                                          MONTH:    NOVEMBER
                                          YEAR:     2014
                                          LATITUDE:   30 22 N
                                          LONGITUDE: 104  1 W

[TEMPERATURE DATA]      [PRECIPITATION DATA]       SYMBOLS USED IN COLUMN 16

AVERAGE MONTHLY: 45.6   TOTAL FOR MONTH:   1.81    1 = FOG OR MIST
DPTR FM NORMAL:     M   DPTR FM NORMAL:       M    2 = FOG REDUCING VISIBILITY
HIGHEST:    72 ON 10, 3 GRTST 24HR  1.27 ON  4- 4      TO 1/4 MILE OR LESS
LOWEST:     19 ON 19,18                            3 = THUNDER
                        SNOW, ICE PELLETS, HAIL    4 = ICE PELLETS
                        TOTAL MONTH:   0.0 INCH    5 = HAIL
                        GRTST 24HR     0.0         6 = FREEZING RAIN OR DRIZZLE
                        GRTST DEPTH:   0           7 = DUSTSTORM OR SANDSTORM:
                                                       VSBY 1/2 MILE OR LESS
                                                   8 = SMOKE OR HAZE
[NO. OF DAYS WITH]      [WEATHER - DAYS WITH]      9 = BLOWING SNOW
                                                   X = TORNADO
MAX 32 OR BELOW:   0    0.01 INCH OR MORE:   4
MAX 90 OR ABOVE:   0    0.10 INCH OR MORE:   2
MIN 32 OR BELOW:  13    0.50 INCH OR MORE:   1
MIN  0 OR BELOW:   0    1.00 INCH OR MORE:   1

[HDD (BASE 65) ]
TOTAL THIS MO.   479    CLEAR  (SCALE 0-3)  20
DPTR FM NORMAL     M    PTCLDY (SCALE 4-7)   2
TOTAL FM JUL 1   591    CLOUDY (SCALE 8-10)  3
DPTR FM NORMAL     M

[CDD (BASE 65) ]
TOTAL THIS MO.     0
DPTR FM NORMAL     M    [PRESSURE DATA]
TOTAL FM JAN 1  1144    HIGHEST SLP M ON M
DPTR FM NORMAL     M    LOWEST  SLP M ON M

[REMARKS]




U.S. Dept. of Commerce
NOAA National Weather Service
1325 East West Highway
Silver Spring, MD 20910
E-mail: w-nws.webmaster@noaa.gov
Page last modified: May 16, 2007
NATIONAL WEATHER SERVICE: for Safety, for Work, for Fun - FOR LIFE