647
CXUS54 KMAF 311100
CF6MRF
PRELIMINARY LOCAL CLIMATOLOGICAL DATA (WS FORM: F-6)

                                          STATION:   Marfa
                                          MONTH:     JULY
                                          YEAR:      2014
                                          LATITUDE:   30 22 N
                                          LONGITUDE: 104  1 W

  TEMPERATURE IN F:       :PCPN:    SNOW:  WIND      :SUNSHINE: SKY     :PK WND
================================================================================
1   2   3   4   5  6A  6B    7    8   9   10  11  12  13   14  15   16   17  18
                                     12Z  AVG MX 2MIN
DY MAX MIN AVG DEP HDD CDD  WTR  SNW DPTH SPD SPD DIR MIN PSBL S-S WX    SPD DR
================================================================================

 1  91  57  74   M   0   9 0.06  0.0    0  7.3 16 130   M    M   2 3      22  40
 2  88  59  74   M   0   9 0.00  0.0    0  8.3 18  80   M    M   1        25  50
 3  86  59  73   M   0   8 0.00  0.0    0  9.3 16  90   M    M   2        22 110
 4  88  57  73   M   0   8 0.00  0.0    0  9.3 15 110   M    M   1        20 140
 5  88  55  72   M   0   7 0.00  0.0    0  6.4 14 110   M    M   1        20 170
 6  84  57  71   M   0   6 0.00  0.0    0  6.2 20  90   M    M   4 3      33  90
 7  81  63  72   M   0   7 0.33  0.0    0  7.4 12 180   M    M   5        16 190
 8  88  55  72   M   0   7 0.04  0.0    0  6.4 21 110   M    M   3        25 110
 9  84  57  71   M   0   6 0.06  0.0    0  5.4 10 140   M    M   2 3       M  M
10  86  57  72   M   0   7 0.00  0.0    0  6.0 17 120   M    M   2 3      18 110
11  84  55  70   M   0   5 0.00  0.0    0  7.8 22 130   M    M   2        25 130
12  84  64  74   M   0   9 0.01  0.0    0  9.0 13  90   M    M   3 3      17 160
13  88  57  73   M   0   8 0.00  0.0    0  6.4 14 150   M    M   2        20 150
14  88  59  74   M   0   9 0.07  0.0    0  4.3  9 170   M    M   0 3       M  M
15  84  59  72   M   0   7 0.00  0.0    0  8.3 17  30   M    M   2 3      22  30
16  90  63  77   M   0  12 0.00  0.0    0  7.3 15 260   M    M   4        30 200
17  84  64  74   M   0   9 0.60  0.0    0  9.0 21 290   M    M   5 3      30 290
18  86  63  75   M   0  10 0.00  0.0    0  4.7 13 100   M    M   2 3       M  M
19  90  61  76   M   0  11 0.00  0.0    0  6.0 28  70   M    M   1 3      35  70
20  91  63  77   M   0  12 0.02  0.0    0  4.9  9 140   M    M   2 3       M  M
21  93  66  80   M   0  15 0.00  0.0    0  4.9 15  90   M    M   1 3      21  90
22  91  63  77   M   0  12 0.00  0.0    0  5.9 15  90   M    M   3        18 140
23  90  61  76   M   0  11 0.00  0.0    0 11.3 20  70   M    M   1        25 100
24  90  61  76   M   0  11 0.00  0.0    0  7.0 22  30   M    M   1        31  30
25  91  57  74   M   0   9 0.00  0.0    0  7.0 13 110   M    M   0        17 160
26  91  61  76   M   0  11 0.00  0.0    0  5.9 12 150   M    M   1        22 160
27  95  63  79   M   0  14 0.00  0.0    0  7.3 21 110   M    M   1        28 120
28  90  64  77   M   0  12 0.25  0.0    0  7.2 14  50   M    M   4 3      18 360
29  90  57  74   M   0   9 0.00  0.0    0  6.5 14 100   M    M   1        21 110
30  93  61  77   M   0  12 0.02  0.0    0  7.3 25  20   M    M   2 3      37  20
================================================================================
SM 2647 1798         0 282  1.46     0.0 210.0          M       61
================================================================================
AV 88.2 59.9                               7.0 FASTST   M    M   2    MAX(MPH)
                                 MISC ---->    28   M                 37    M
================================================================================
NOTES:
# LAST OF SEVERAL OCCURRENCES

COLUMN 17 PEAK WIND IN M.P.H.

PRELIMINARY LOCAL CLIMATOLOGICAL DATA (WS FORM: F-6) , PAGE 2

                                          STATION:  Marfa
                                          MONTH:    JULY
                                          YEAR:     2014
                                          LATITUDE:   30 22 N
                                          LONGITUDE: 104  1 W

[TEMPERATURE DATA]      [PRECIPITATION DATA]       SYMBOLS USED IN COLUMN 16

AVERAGE MONTHLY: 74.1   TOTAL FOR MONTH:   1.46    1 = FOG OR MIST
DPTR FM NORMAL:     M   DPTR FM NORMAL:       M    2 = FOG REDUCING VISIBILITY
HIGHEST:    95 ON 27    GRTST 24HR  0.60 ON 17-17      TO 1/4 MILE OR LESS
LOWEST:     55 ON 11, 8                            3 = THUNDER
                        SNOW, ICE PELLETS, HAIL    4 = ICE PELLETS
                        TOTAL MONTH:   0.0 INCH    5 = HAIL
                        GRTST 24HR     0.0         6 = FREEZING RAIN OR DRIZZLE
                        GRTST DEPTH:   0           7 = DUSTSTORM OR SANDSTORM:
                                                       VSBY 1/2 MILE OR LESS
                                                   8 = SMOKE OR HAZE
[NO. OF DAYS WITH]      [WEATHER - DAYS WITH]      9 = BLOWING SNOW
                                                   X = TORNADO
MAX 32 OR BELOW:   0    0.01 INCH OR MORE:  10
MAX 90 OR ABOVE:  14    0.10 INCH OR MORE:   3
MIN 32 OR BELOW:   0    0.50 INCH OR MORE:   1
MIN  0 OR BELOW:   0    1.00 INCH OR MORE:   0

[HDD (BASE 65) ]
TOTAL THIS MO.     0    CLEAR  (SCALE 0-3)  25
DPTR FM NORMAL     M    PTCLDY (SCALE 4-7)   5
TOTAL FM JUL 1     0    CLOUDY (SCALE 8-10)  0
DPTR FM NORMAL     M

[CDD (BASE 65) ]
TOTAL THIS MO.   282
DPTR FM NORMAL     M    [PRESSURE DATA]
TOTAL FM JAN 1   723    HIGHEST SLP M ON M
DPTR FM NORMAL     M    LOWEST  SLP M ON M

[REMARKS]




U.S. Dept. of Commerce
NOAA National Weather Service
1325 East West Highway
Silver Spring, MD 20910
E-mail: w-nws.webmaster@noaa.gov
Page last modified: May 16, 2007
NATIONAL WEATHER SERVICE: for Safety, for Work, for Fun - FOR LIFE