285
CXUS51 KLWX 300620
CF6MRB
PRELIMINARY LOCAL CLIMATOLOGICAL DATA (WS FORM: F-6)

                                          STATION:   MARTINSBURG WV
                                          MONTH:     JANUARY
                                          YEAR:      2015
                                          LATITUDE:   39 24 N
                                          LONGITUDE:  77 59 W

  TEMPERATURE IN F:       :PCPN:    SNOW:  WIND      :SUNSHINE: SKY     :PK WND
================================================================================
1   2   3   4   5  6A  6B    7    8   9   10  11  12  13   14  15   16   17  18
                                     12Z  AVG MX 2MIN
DY MAX MIN AVG DEP HDD CDD  WTR  SNW DPTH SPD SPD DIR MIN PSBL S-S WX    SPD DR
================================================================================

 1  46  26  36   5  29   0 0.00    M    M 10.0 23 280   M    M   0        32 280
 2  46  26  36   5  29   0 0.00    M    M  7.4 23 280   M    M   0        33 280
 3  38  24  31   0  34   0 0.42    M    M  2.0  8 140   M    M   9 18     12 130
 4  66  37  52  21  13   0 0.11    M    M 12.2 40 290   M    M   6 12     51 280
 5  43  19  31   0  34   0 0.00    M    M 18.3 37 280   M    M   3        49 280
 6  29  19  24  -7  41   0 0.11    M    M  6.2 21 270   M    M   8 1      30 280
 7  26  10  18 -13  47   0    T    M    M 16.4 36 300   M    M   7 8      46 290
 8  22   6  14 -17  51   0 0.00    M    M  9.0 21 300   M    M   0        27 290
 9  35  20  28  -3  37   0 0.00    M    M 11.7 26 250   M    M   7        37 270
10  27   9  18 -13  47   0 0.00    M    M  7.1 23 270   M    M   0        30 280
11  38   8  23  -8  42   0 0.03    M    M  1.9  9 130   M    M   3 68     16 140
12  41  32  37   6  28   0 0.29    M    M  3.4 17 330   M    M   9 168    24 330
13  38  22  30  -1  35   0 0.00    M    M 10.1 18 330   M    M   4 8      25 330
14  30  22  26  -5  39   0 0.01    M    M  1.9  7 350   M    M   9 8       9  10
15  40  20  30  -1  35   0 0.00    M    M  3.0 15 290   M    M   4 18     18 310
16  42  27  35   4  30   0 0.00    M    M 11.8 24 270   M    M   3        33 280
17  41  19  30  -1  35   0 0.00    M    M  6.0 16 150   M    M   2        22 160
18  45  25  35   4  30   0    T    M    M  3.9 18 290   M    M   3 8      25 290
19  47  26  37   6  28   0 0.00    M    M  7.8 21 270   M    M   6        27 290
20  43  23  33   2  32   0 0.00    M    M  1.6  8 190   M    M   4 18     11 360
21  35  23  29  -2  36   0 0.09    M    M  0.5  5 130   M    M   8 128     6 210
22  43  32  38   7  27   0 0.01    M    M  8.1 21 270   M    M   9 128    27 290
23  41  22  32   1  33   0 0.39    M    M  3.2 12 160   M    M   5 18     15 160
24  42  34  38   7  27   0 0.44    M    M  9.3 26 280   M    M   8 16     33 290
25  47  37  42  11  23   0 0.02    M    M  5.5 20 270   M    M  10 18     25 280
26  37  26  32   1  33   0 0.02    M    M  8.3 15 360   M    M  10 18     19 360
27  33  25  29  -2  36   0 0.11    M    M 12.0 22 310   M    M   9 8      27 300
28  35  13  24  -7  41   0 0.00    M    M  7.7 21 320   M    M   0 8      29 330
29  36  10  23  -8  42   0    T    M    M  3.3 15 150   M    M   6        19 130
================================================================================
SM 1132  642       994   0  2.05    M    209.6          M      152
================================================================================
AV 39.0 22.1                               7.2 FASTST   M    M   5    MAX(MPH)
                                 MISC ---->  # 40 290               # 51  280
================================================================================
NOTES:
# LAST OF SEVERAL OCCURRENCES

COLUMN 17 PEAK WIND IN M.P.H.

PRELIMINARY LOCAL CLIMATOLOGICAL DATA (WS FORM: F-6) , PAGE 2

                                          STATION:  MARTINSBURG WV
                                          MONTH:    JANUARY
                                          YEAR:     2015
                                          LATITUDE:   39 24 N
                                          LONGITUDE:  77 59 W

[TEMPERATURE DATA]      [PRECIPITATION DATA]       SYMBOLS USED IN COLUMN 16

AVERAGE MONTHLY: 30.6   TOTAL FOR MONTH:   2.05    1 = FOG OR MIST
DPTR FM NORMAL:  -0.4   DPTR FM NORMAL:   -0.22    2 = FOG REDUCING VISIBILITY
HIGHEST:    66 ON  4    GRTST 24HR  0.83 ON 23-24      TO 1/4 MILE OR LESS
LOWEST:      6 ON  8                               3 = THUNDER
                        SNOW, ICE PELLETS, HAIL    4 = ICE PELLETS
                        TOTAL MONTH:    M          5 = HAIL
                        GRTST 24HR    M  ON   M    6 = FREEZING RAIN OR DRIZZLE
                        GRTST DEPTH:  M  ON   M    7 = DUSTSTORM OR SANDSTORM:
                                                       VSBY 1/2 MILE OR LESS
                                                   8 = SMOKE OR HAZE
[NO. OF DAYS WITH]      [WEATHER - DAYS WITH]      9 = BLOWING SNOW
                                                   X = TORNADO
MAX 32 OR BELOW:   5    0.01 INCH OR MORE:  13
MAX 90 OR ABOVE:   0    0.10 INCH OR MORE:   7
MIN 32 OR BELOW:  26    0.50 INCH OR MORE:   0
MIN  0 OR BELOW:   0    1.00 INCH OR MORE:   0

[HDD (BASE 65) ]
TOTAL THIS MO.   994    CLEAR  (SCALE 0-3)   9
DPTR FM NORMAL     8    PTCLDY (SCALE 4-7)  12
TOTAL FM JUL 1  2763    CLOUDY (SCALE 8-10)  8
DPTR FM NORMAL  -249

[CDD (BASE 65) ]
TOTAL THIS MO.     0
DPTR FM NORMAL     0    [PRESSURE DATA]
TOTAL FM JAN 1     0    HIGHEST SLP M ON M
DPTR FM NORMAL     0    LOWEST  SLP 29.46 ON 24

[REMARKS]




U.S. Dept. of Commerce
NOAA National Weather Service
1325 East West Highway
Silver Spring, MD 20910
E-mail: w-nws.webmaster@noaa.gov
Page last modified: May 16, 2007
NATIONAL WEATHER SERVICE: for Safety, for Work, for Fun - FOR LIFE