965
CXUS51 KLWX 290620
CF6MRB
PRELIMINARY LOCAL CLIMATOLOGICAL DATA (WS FORM: F-6)

                                          STATION:   MARTINSBURG WV
                                          MONTH:     AUGUST
                                          YEAR:      2014
                                          LATITUDE:   39 24 N
                                          LONGITUDE:  77 59 W

  TEMPERATURE IN F:       :PCPN:    SNOW:  WIND      :SUNSHINE: SKY     :PK WND
================================================================================
1   2   3   4   5  6A  6B    7    8   9   10  11  12  13   14  15   16   17  18
                                     12Z  AVG MX 2MIN
DY MAX MIN AVG DEP HDD CDD  WTR  SNW DPTH SPD SPD DIR MIN PSBL S-S WX    SPD DR
================================================================================

 1  78  62  70  -4   0   5    T    M    M  2.9 10 160   M    M   3 18     14 160
 2  81  60  71  -3   0   6 0.00    M    M  3.5 10  90   M    M   5 18     14 140
 3  85  64  75   1   0  10 0.50    M    M  2.0 26 270   M    M   7 18     31 260
 4  85  60  73  -1   0   8 0.00    M    M  2.6 10  30   M    M   1 128    14 360
 5  87  62  75   1   0  10 0.00    M    M  2.7 14 230   M    M   3 128    18 240
 6  83  61  72  -2   0   7 0.11    M    M  2.4  9 300   M    M   3 128    14 290
 7  83  60  72  -2   0   7 0.00    M    M  3.8 13  30   M    M   3 128    16  40
 8  82  56  69  -5   0   4 0.00    M    M  2.3  9 120   M    M   2 18     14 150
 9  85  62  74   0   0   9 0.00    M    M  2.8  9 130   M    M   3 18     13 100
10  84  60  72  -2   0   7 0.00    M    M  3.6 12 160   M    M   3 128    18 160
11  81  62  72  -2   0   7 0.57    M    M  4.2 16 140   M    M   6 18     22 140
12  78  66  72  -2   0   7 0.24    M    M  4.2 14 160   M    M  10 1      20 160
13  80  61  71  -2   0   6 0.06    M    M  8.9 21 280   M    M   5 18     29 290
14  81  55  68  -5   0   3 0.00    M    M  7.9 20 300   M    M   2        26 290
15  80  49  65  -8   0   0 0.00    M    M  5.7 15 300   M    M   0        21 320
16  82  48  65  -8   0   0 0.00    M    M  3.3 13 220   M    M   0 1      16 200
17  86  62  74   1   0   9 0.00    M    M  6.6 16 270   M    M   5        22 250
18  84  63  74   1   0   9 0.00    M    M  2.6 10 140   M    M   7        18 150
19  83  65  74   1   0   9 0.00    M    M  3.0 10 150   M    M   6 18     14 160
20  85  66  76   3   0  11 0.46    M    M  4.4 25 250   M    M   5 128    34 260
21  86  65  76   4   0  11 0.07    M    M  2.8 12 170   M    M   5 128    14 160
22  82  66  74   2   0   9    T    M    M  2.3  7 140   M    M   5 18     10 160
23  73  66  70  -2   0   5 0.16    M    M  4.0 12  60   M    M  10 18     14  30
24  78  61  70  -2   0   5 0.06    M    M  2.7  8  90   M    M   7 1      12  90
25  81  56  69  -3   0   4 0.00    M    M  1.5 10  70   M    M   3 128    13 150
26  84  54  69  -3   0   4 0.00    M    M  1.5  9 150   M    M   0 18     14 110
27  89  58  74   3   0   9 0.00    M    M  3.1 10 310   M    M   2 1      14 170
28  84  60  72   1   0   7 0.00    M    M  8.2 17 330   M    M   0        29 340
================================================================================
SM 2310 1690         0 188  2.23    M    105.5          M      111
================================================================================
AV 82.5 60.4                               3.8 FASTST   M    M   4    MAX(MPH)
                                 MISC ---->  # 26 270               # 34  260
================================================================================
NOTES:
# LAST OF SEVERAL OCCURRENCES

COLUMN 17 PEAK WIND IN M.P.H.

PRELIMINARY LOCAL CLIMATOLOGICAL DATA (WS FORM: F-6) , PAGE 2

                                          STATION:  MARTINSBURG WV
                                          MONTH:    AUGUST
                                          YEAR:     2014
                                          LATITUDE:   39 24 N
                                          LONGITUDE:  77 59 W

[TEMPERATURE DATA]      [PRECIPITATION DATA]       SYMBOLS USED IN COLUMN 16

AVERAGE MONTHLY: 71.4   TOTAL FOR MONTH:   2.23    1 = FOG OR MIST
DPTR FM NORMAL:  -1.6   DPTR FM NORMAL:   -0.56    2 = FOG REDUCING VISIBILITY
HIGHEST:    89 ON 27    GRTST 24HR  0.81 ON 11-12      TO 1/4 MILE OR LESS
LOWEST:     48 ON 16                               3 = THUNDER
                        SNOW, ICE PELLETS, HAIL    4 = ICE PELLETS
                        TOTAL MONTH:    M          5 = HAIL
                        GRTST 24HR    M  ON   M    6 = FREEZING RAIN OR DRIZZLE
                        GRTST DEPTH:  M  ON   M    7 = DUSTSTORM OR SANDSTORM:
                                                       VSBY 1/2 MILE OR LESS
                                                   8 = SMOKE OR HAZE
[NO. OF DAYS WITH]      [WEATHER - DAYS WITH]      9 = BLOWING SNOW
                                                   X = TORNADO
MAX 32 OR BELOW:   0    0.01 INCH OR MORE:   9
MAX 90 OR ABOVE:   0    0.10 INCH OR MORE:   6
MIN 32 OR BELOW:   0    0.50 INCH OR MORE:   2
MIN  0 OR BELOW:   0    1.00 INCH OR MORE:   0

[HDD (BASE 65) ]
TOTAL THIS MO.     0    CLEAR  (SCALE 0-3)  14
DPTR FM NORMAL     0    PTCLDY (SCALE 4-7)  12
TOTAL FM JUL 1     3    CLOUDY (SCALE 8-10)  2
DPTR FM NORMAL     2

[CDD (BASE 65) ]
TOTAL THIS MO.   188
DPTR FM NORMAL   -42    [PRESSURE DATA]
TOTAL FM JAN 1   806    HIGHEST SLP M ON M
DPTR FM NORMAL    33    LOWEST  SLP 29.74 ON 13

[REMARKS]




U.S. Dept. of Commerce
NOAA National Weather Service
1325 East West Highway
Silver Spring, MD 20910
E-mail: w-nws.webmaster@noaa.gov
Page last modified: May 16, 2007
NATIONAL WEATHER SERVICE: for Safety, for Work, for Fun - FOR LIFE