484
CXUS53 KMQT 281000
CF6MQT
PRELIMINARY LOCAL CLIMATOLOGICAL DATA (WS FORM: F-6)

                                          STATION:   MARQUETTE MI
                                          MONTH:     JANUARY
                                          YEAR:      2015
                                          LATITUDE:   46 31 N
                                          LONGITUDE:  87 33 W

  TEMPERATURE IN F:       :PCPN:    SNOW:  WIND      :SUNSHINE: SKY     :PK WND
================================================================================
1   2   3   4   5  6A  6B    7    8   9   10  11  12  13   14  15   16   17  18
                                     12Z  AVG MX 2MIN
DY MAX MIN AVG DEP HDD CDD  WTR  SNW DPTH SPD SPD DIR MIN PSBL S-S WX    SPD DR
================================================================================

 1  21   6  14  -1  51   0 0.04  1.6   20   M   M   M   M    M   M        28 270
 2  15  -8   4 -11  61   0    T  0.1   21   M   M   M   M    M   M        15 225
 3  26  15  21   6  44   0 0.01  0.4   20   M   M   M   M    M   M 16     28 360
 4  23  -7   8  -6  57   0 0.23  3.9   23   M   M   M   M    M   M 69     33 315
 5   0 -16  -8 -22  73   0    T    T   21   M   M   M   M    M   M        23 270
 6   7  -5   1 -13  64   0 0.11  2.2   21   M   M   M   M    M   M 9      31 270
 7  -1  -8  -4 -18  69   0 0.07  1.4   22   M   M   M   M    M   M 9      34 270
 8   9  -5   2 -12  63   0 0.16  1.6   21   M   M   M   M    M   M        25 270
 9   8  -4   2 -12  63   0 0.09  1.8   22   M   M   M   M    M   M 9      29 270
10  11  -9   1 -13  64   0    T    T   22   M   M   M   M    M   M        22 225
11  14  -2   6  -8  59   0    T  0.1   22   M   M   M   M    M   M        14 225
12   8   1   5  -9  60   0 0.05  1.5   22   M   M   M   M    M   M        26  45
13  13  -9   2 -12  63   0    T    T   23   M   M   M   M    M   M        27 225
14  18   5  12  -1  53   0 0.01  0.2   23   M   M   M   M    M   M        29 225
15  29  15  22   9  43   0    T    T   23   M   M   M   M    M   M 9      31 360
16  15   7  11  -2  54   0 0.02  0.9   24   M   M   M   M    M   M 9      21 360
17  31  13  22   9  43   0    T  0.1   24   M   M   M   M    M   M 16     26 180
18  29  17  23  10  42   0 0.04  1.1   23   M   M   M   M    M   M 6      25 315
19  18   1  10  -3  55   0 0.05  3.3   25   M   M   M   M    M   M        12 360
20  24  -2  11  -2  54   0    T  0.3   26   M   M   M   M    M   M         8  90
21  24  -1  12  -1  53   0    T    T   25   M   M   M   M    M   M         9 315
22  30  18  24  11  41   0    T    T   24   M   M   M   M    M   M 6      28 225
23  34  23  29  16  36   0 0.03    T   24   M   M   M   M    M   M 469    38 225
24  33  15  24  11  41   0 0.02  0.7   23   M   M   M   M    M   M 6      22 360
25  17  -7   5  -8  60   0 0.03  1.1   24   M   M   M   M    M   M        17  45
26  21  -7   7  -6  58   0 0.03  1.4   24   M   M   M   M    M   M        29 180
27  22   6  14   1  51   0    T  0.1   24   M   M   M   M    M   M        14 225
================================================================================
SM  499   52      1475   0  0.99    23.8     M          M        M
================================================================================
AV 18.5  1.9                                 M FASTST   M    M -nan   MAX(MPH)
                                 MISC ---->     M   M               # 38  225
================================================================================
NOTES:
# LAST OF SEVERAL OCCURRENCES

COLUMN 17 PEAK WIND IN M.P.H.

PRELIMINARY LOCAL CLIMATOLOGICAL DATA (WS FORM: F-6) , PAGE 2

                                          STATION:  MARQUETTE MI
                                          MONTH:    JANUARY
                                          YEAR:     2015
                                          LATITUDE:   46 31 N
                                          LONGITUDE:  87 33 W

[TEMPERATURE DATA]      [PRECIPITATION DATA]       SYMBOLS USED IN COLUMN 16

AVERAGE MONTHLY: 10.2   TOTAL FOR MONTH:   0.99    1 = FOG OR MIST
DPTR FM NORMAL:  -3.4   DPTR FM NORMAL:   -1.11    2 = FOG REDUCING VISIBILITY
HIGHEST:    34 ON 23    GRTST 24HR  0.23 ON  4- 4      TO 1/4 MILE OR LESS
LOWEST:    -16 ON  5                               3 = THUNDER
                        SNOW, ICE PELLETS, HAIL    4 = ICE PELLETS
                        TOTAL MONTH:  23.8 INCHES  5 = HAIL
                        GRTST 24HR   3.9 ON   M    6 = FREEZING RAIN OR DRIZZLE
                        GRTST DEPTH:  26 ON 20     7 = DUSTSTORM OR SANDSTORM:
                                                       VSBY 1/2 MILE OR LESS
                                                   8 = SMOKE OR HAZE
[NO. OF DAYS WITH]      [WEATHER - DAYS WITH]      9 = BLOWING SNOW
                                                   X = TORNADO
MAX 32 OR BELOW:  25    0.01 INCH OR MORE:  16
MAX 90 OR ABOVE:   0    0.10 INCH OR MORE:   3
MIN 32 OR BELOW:  27    0.50 INCH OR MORE:   0
MIN  0 OR BELOW:  14    1.00 INCH OR MORE:   0

[HDD (BASE 65) ]
TOTAL THIS MO.  1475    CLEAR  (SCALE 0-3)   0
DPTR FM NORMAL    88    PTCLDY (SCALE 4-7)   0
TOTAL FM JUL 1  5370    CLOUDY (SCALE 8-10)  0
DPTR FM NORMAL   341

[CDD (BASE 65) ]
TOTAL THIS MO.     0
DPTR FM NORMAL     0    [PRESSURE DATA]
TOTAL FM JAN 1     0    HIGHEST SLP M ON M
DPTR FM NORMAL     0    LOWEST  SLP M ON M

[REMARKS]




U.S. Dept. of Commerce
NOAA National Weather Service
1325 East West Highway
Silver Spring, MD 20910
E-mail: w-nws.webmaster@noaa.gov
Page last modified: May 16, 2007
NATIONAL WEATHER SERVICE: for Safety, for Work, for Fun - FOR LIFE