308
CXUS53 KMQT 010700
CF6MQT
PRELIMINARY LOCAL CLIMATOLOGICAL DATA (WS FORM: F-6)

                                          STATION:   MARQUETTE MI
                                          MONTH:     SEPTEMBER
                                          YEAR:      2014
                                          LATITUDE:   46 31 N
                                          LONGITUDE:  87 33 W

  TEMPERATURE IN F:       :PCPN:    SNOW:  WIND      :SUNSHINE: SKY     :PK WND
================================================================================
1   2   3   4   5  6A  6B    7    8   9   10  11  12  13   14  15   16   17  18
                                     12Z  AVG MX 2MIN
DY MAX MIN AVG DEP HDD CDD  WTR  SNW DPTH SPD SPD DIR MIN PSBL S-S WX    SPD DR
================================================================================

 1  68  58  63   2   2   0 0.19  0.0    0   M   M   M   M    M   M        26 270
 2  73  51  62   1   3   0 0.00  0.0    0   M   M   M   M    M   M        19 270
 3  78  54  66   5   0   1 0.02  0.0    0   M   M   M   M    M   M 3      25 225
 4  70  59  65   5   0   0 0.35  0.0    0   M   M   M   M    M   M 13     32 225
 5  67  52  60   0   5   0    T  0.0    0   M   M   M   M    M   M        29 315
 6  66  47  57  -3   8   0 0.00  0.0    0   M   M   M   M    M   M        26 270
 7  77  48  63   4   2   0 0.00  0.0    0   M   M   M   M    M   M        21 270
 8  74  52  63   4   2   0 0.00  0.0    0   M   M   M   M    M   M        26 225
 9  77  55  66   7   0   1 0.00  0.0    0   M   M   M   M    M   M        17 180
10  62  39  51  -7  14   0 2.34  0.0    0   M   M   M   M    M   M 12     33 315
11  47  38  43 -15  22   0 0.13  0.0    0   M   M   M   M    M   M        29 360
12  49  33  41 -16  24   0 0.06  0.0    0   M   M   M   M    M   M        11  45
13  53  33  43 -14  22   0 0.06  0.0    0   M   M   M   M    M   M        11 135
14  62  40  51  -6  14   0    T  0.0    0   M   M   M   M    M   M        36 180
15  57  39  48  -8  17   0    T  0.0    0   M   M   M   M    M   M        17 270
16  66  37  52  -4  13   0 0.00  0.0    0   M   M   M   M    M   M        25 270
17  59  38  49  -6  16   0    T  0.0    0   M   M   M   M    M   M 1      17 360
18  55  39  47  -8  18   0 0.00  0.0    0   M   M   M   M    M   M        16 225
19  66  44  55   0  10   0    T  0.0    0   M   M   M   M    M   M        39 180
20  73  52  63   9   2   0 0.00  0.0    0   M   M   M   M    M   M 1      31 270
21  52  37  45  -9  20   0 0.45  0.0    0   M   M   M   M    M   M 12     26 360
22  66  33  50  -3  15   0 0.00  0.0    0   M   M   M   M    M   M        25 270
23  74  51  63  10   2   0 0.00  0.0    0   M   M   M   M    M   M        17 270
24  72  46  59   7   6   0 0.00  0.0    0   M   M   M   M    M   M        23 225
25  72  54  63  11   2   0 0.00  0.0    0   M   M   M   M    M   M        15 225
26  77  53  65  13   0   0 0.00  0.0    0   M   M   M   M    M   M        16 180
27  79  52  66  15   0   1 0.00  0.0    0   M   M   M   M    M   M        17 270
28  79  54  67  16   0   2    T  0.0    0   M   M   M   M    M   M 1      13 225
29  55  38  47  -3  18   0 0.50  0.0    0   M   M   M   M    M   M 1      22 360
30  46  38  42  -8  23   0    T  0.0    0   M   M   M   M    M   M        17  45
================================================================================
SM 1971 1364       280   5  4.10     0.0     M          M        M
================================================================================
AV 65.7 45.5                                 M FASTST   M    M   0    MAX(MPH)
                                 MISC ---->     M   M               # 39  180
================================================================================
NOTES:
# LAST OF SEVERAL OCCURRENCES

COLUMN 17 PEAK WIND IN M.P.H.

PRELIMINARY LOCAL CLIMATOLOGICAL DATA (WS FORM: F-6) , PAGE 2

                                          STATION:  MARQUETTE MI
                                          MONTH:    SEPTEMBER
                                          YEAR:     2014
                                          LATITUDE:   46 31 N
                                          LONGITUDE:  87 33 W

[TEMPERATURE DATA]      [PRECIPITATION DATA]       SYMBOLS USED IN COLUMN 16

AVERAGE MONTHLY: 55.6   TOTAL FOR MONTH:   4.10    1 = FOG OR MIST
DPTR FM NORMAL:  -0.2   DPTR FM NORMAL:    0.38    2 = FOG REDUCING VISIBILITY
HIGHEST:    79 ON 28,27 GRTST 24HR  2.34 ON 10-10      TO 1/4 MILE OR LESS
LOWEST:     33 ON 22,13                            3 = THUNDER
                        SNOW, ICE PELLETS, HAIL    4 = ICE PELLETS
                        TOTAL MONTH:   0.0 INCH    5 = HAIL
                        GRTST 24HR     0.0         6 = FREEZING RAIN OR DRIZZLE
                        GRTST DEPTH:   0           7 = DUSTSTORM OR SANDSTORM:
                                                       VSBY 1/2 MILE OR LESS
                                                   8 = SMOKE OR HAZE
[NO. OF DAYS WITH]      [WEATHER - DAYS WITH]      9 = BLOWING SNOW
                                                   X = TORNADO
MAX 32 OR BELOW:   0    0.01 INCH OR MORE:   9
MAX 90 OR ABOVE:   0    0.10 INCH OR MORE:   6
MIN 32 OR BELOW:   0    0.50 INCH OR MORE:   2
MIN  0 OR BELOW:   0    1.00 INCH OR MORE:   1

[HDD (BASE 65) ]
TOTAL THIS MO.   280    CLEAR  (SCALE 0-3)   0
DPTR FM NORMAL   -17    PTCLDY (SCALE 4-7)   0
TOTAL FM JUL 1   527    CLOUDY (SCALE 8-10)  0
DPTR FM NORMAL    45

[CDD (BASE 65) ]
TOTAL THIS MO.     5
DPTR FM NORMAL   -16    [PRESSURE DATA]
TOTAL FM JAN 1   152    HIGHEST SLP M ON M
DPTR FM NORMAL   -89    LOWEST  SLP M ON M

[REMARKS]
#FINAL-09-14#




U.S. Dept. of Commerce
NOAA National Weather Service
1325 East West Highway
Silver Spring, MD 20910
E-mail: w-nws.webmaster@noaa.gov
Page last modified: May 16, 2007
NATIONAL WEATHER SERVICE: for Safety, for Work, for Fun - FOR LIFE