114
CXUS53 KMQT 300900
CF6MQT
PRELIMINARY LOCAL CLIMATOLOGICAL DATA (WS FORM: F-6)

                                          STATION:   MARQUETTE MI
                                          MONTH:     JULY
                                          YEAR:      2014
                                          LATITUDE:   46 31 N
                                          LONGITUDE:  87 33 W

  TEMPERATURE IN F:       :PCPN:    SNOW:  WIND      :SUNSHINE: SKY     :PK WND
================================================================================
1   2   3   4   5  6A  6B    7    8   9   10  11  12  13   14  15   16   17  18
                                     12Z  AVG MX 2MIN
DY MAX MIN AVG DEP HDD CDD  WTR  SNW DPTH SPD SPD DIR MIN PSBL S-S WX    SPD DR
================================================================================

 1  75  54  65   1   0   0 0.04  0.0    0   M   M   M   M    M   M        28 225
 2  68  49  59  -6   6   0    T  0.0    0   M   M   M   M    M   M        22 315
 3  68  47  58  -7   7   0 0.00  0.0    0   M   M   M   M    M   M        19  90
 4  76  47  62  -3   3   0 0.00  0.0    0   M   M   M   M    M   M        15 270
 5  81  56  69   4   0   4 0.03  0.0    0   M   M   M   M    M   M        26 270
 6  77  63  70   5   0   5 1.59  0.0    0   M   M   M   M    M   M 3      42 315
 7  79  51  65   0   0   0 0.00  0.0    0   M   M   M   M    M   M        32 225
 8  57  47  52 -13  13   0 0.72  0.0    0   M   M   M   M    M   M 13     17 315
 9  66  47  57  -9   8   0    T  0.0    0   M   M   M   M    M   M        19 315
10  76  43  60  -6   5   0 0.00  0.0    0   M   M   M   M    M   M        17 225
11  76  56  66   0   0   1    T  0.0    0   M   M   M   M    M   M        30 180
12  78  60  69   3   0   4 0.55    T    0   M   M   M   M    M   M 135    28 315
13  70  55  63  -3   2   0    T  0.0    0   M   M   M   M    M   M 1      25 315
14  63  51  57  -9   8   0 0.14  0.0    0   M   M   M   M    M   M        17  45
15  53  49  51 -15  14   0 0.15  0.0    0   M   M   M   M    M   M 12     21 360
16  68  48  58  -8   7   0 0.00  0.0    0   M   M   M   M    M   M        25 270
17  75  45  60  -6   5   0 0.00  0.0    0   M   M   M   M    M   M        13 270
18  78  51  65  -1   0   0 0.00  0.0    0   M   M   M   M    M   M        22 225
19  77  57  67   1   0   2 0.01  0.0    0   M   M   M   M    M   M        24 225
20  81  64  73   7   0   8 0.00  0.0    0   M   M   M   M    M   M        24 180
21  86  65  76  10   0  11 0.00  0.0    0   M   M   M   M    M   M        19 225
22  78  57  68   2   0   3 0.23  0.0    0   M   M   M   M    M   M 1      38 270
23  66  50  58  -8   7   0 0.00  0.0    0   M   M   M   M    M   M        17 360
24  73  46  60  -6   5   0 0.00  0.0    0   M   M   M   M    M   M        13  90
25  76  51  64  -2   1   0 0.03  0.0    0   M   M   M   M    M   M        21 225
26  80  58  69   3   0   4 0.02  0.0    0   M   M   M   M    M   M 3      25 270
27  61  49  55 -11  10   0 0.64  0.0    0   M   M   M   M    M   M 13     21 360
28  70  45  58  -8   7   0 0.00  0.0    0   M   M   M   M    M   M        25 360
29  67  54  61  -4   4   0    T  0.0    0   M   M   M   M    M   M        18 315
================================================================================
SM 2099 1515       112  42  4.15    T        M          M        M
================================================================================
AV 72.4 52.2                                 M FASTST   M    M   0    MAX(MPH)
                                 MISC ---->     M   M               # 42  315
================================================================================
NOTES:
# LAST OF SEVERAL OCCURRENCES

COLUMN 17 PEAK WIND IN M.P.H.

PRELIMINARY LOCAL CLIMATOLOGICAL DATA (WS FORM: F-6) , PAGE 2

                                          STATION:  MARQUETTE MI
                                          MONTH:    JULY
                                          YEAR:     2014
                                          LATITUDE:   46 31 N
                                          LONGITUDE:  87 33 W

[TEMPERATURE DATA]      [PRECIPITATION DATA]       SYMBOLS USED IN COLUMN 16

AVERAGE MONTHLY: 62.3   TOTAL FOR MONTH:   4.15    1 = FOG OR MIST
DPTR FM NORMAL:  -3.3   DPTR FM NORMAL:    1.50    2 = FOG REDUCING VISIBILITY
HIGHEST:    86 ON 21    GRTST 24HR  1.59 ON  6- 6      TO 1/4 MILE OR LESS
LOWEST:     43 ON 10                               3 = THUNDER
                        SNOW, ICE PELLETS, HAIL    4 = ICE PELLETS
                        TOTAL MONTH:    T          5 = HAIL
                        GRTST 24HR    T  ON 12-12  6 = FREEZING RAIN OR DRIZZLE
                        GRTST DEPTH:   0           7 = DUSTSTORM OR SANDSTORM:
                                                       VSBY 1/2 MILE OR LESS
                                                   8 = SMOKE OR HAZE
[NO. OF DAYS WITH]      [WEATHER - DAYS WITH]      9 = BLOWING SNOW
                                                   X = TORNADO
MAX 32 OR BELOW:   0    0.01 INCH OR MORE:  12
MAX 90 OR ABOVE:   0    0.10 INCH OR MORE:   7
MIN 32 OR BELOW:   0    0.50 INCH OR MORE:   4
MIN  0 OR BELOW:   0    1.00 INCH OR MORE:   1

[HDD (BASE 65) ]
TOTAL THIS MO.   112    CLEAR  (SCALE 0-3)   0
DPTR FM NORMAL    39    PTCLDY (SCALE 4-7)   0
TOTAL FM JUL 1   112    CLOUDY (SCALE 8-10)  0
DPTR FM NORMAL    39

[CDD (BASE 65) ]
TOTAL THIS MO.    42
DPTR FM NORMAL   -45    [PRESSURE DATA]
TOTAL FM JAN 1   116    HIGHEST SLP M ON M
DPTR FM NORMAL   -31    LOWEST  SLP M ON M

[REMARKS]




U.S. Dept. of Commerce
NOAA National Weather Service
1325 East West Highway
Silver Spring, MD 20910
E-mail: w-nws.webmaster@noaa.gov
Page last modified: May 16, 2007
NATIONAL WEATHER SERVICE: for Safety, for Work, for Fun - FOR LIFE