048
CXUS53 KMQT 042112
CF6MQT
- - DDHHMM
LCDNOV

PRELIMINARY LOCAL CLIMATOLOGICAL DATA (WS FORM: F-6)

                                          STATION:   MARQUETTE MI
                                          MONTH:     NOVEMBER
                                          YEAR:      2014
                                          LATITUDE:   46 31 N
                                          LONGITUDE:  87 33 W

  TEMPERATURE IN F:       :PCPN:    SNOW:  WIND      :SUNSHINE: SKY     :PK WND
================================================================================
1   2   3   4   5  6A  6B    7    8   9   10  11  12  13   14  15   16   17  18
                                     12Z  AVG MX 2MIN
DY MAX MIN AVG DEP HDD CDD  WTR  SNW DPTH SPD SPD DIR MIN PSBL S-S WX    SPD DR
================================================================================

 1  39  24  32  -5  33   0 0.00  0.0    2   M   M   M   M    M   M        14 225
 2  48  31  40   4  25   0 0.00  0.0    1   M   M   M   M    M   M        26 270
 3  50  34  42   6  23   0 0.07  0.0    T   M   M   M   M    M   M        27 270
 4  44  34  39   3  26   0 0.22    T    0   M   M   M   M    M   M        26 270
 5  35  32  34  -1  31   0    T  0.1    0   M   M   M   M    M   M        24 270
 6  34  29  32  -3  33   0 0.11  1.7    1   M   M   M   M    M   M        22 360
 7  33  19  26  -8  39   0 0.21  2.1    1   M   M   M   M    M   M        26 180
 8  33  22  28  -6  37   0 0.11  1.2    3   M   M   M   M    M   M        33 315
 9  31  14  23 -10  42   0    T  0.2    3   M   M   M   M    M   M        24 270
10  30  13  22 -11  43   0 1.20 10.2    2   M   M   M   M    M   M 9      31  45
11  30  21  26  -6  39   0 1.89 16.0   12   M   M   M   M    M   M 69     34 360
12  24  15  20 -12  45   0 0.15  4.0   25   M   M   M   M    M   M        25 315
13  25  14  20 -12  45   0 0.04  2.2   23   M   M   M   M    M   M        12 270
14  21   9  15 -16  50   0 0.01  1.2   23   M   M   M   M    M   M        16 270
15  18   0   9 -22  56   0    T    T   21   M   M   M   M    M   M        22 270
16  21  11  16 -14  49   0 0.02  0.2   20   M   M   M   M    M   M        26 270
17  16   5  11 -19  54   0 0.06  2.3   19   M   M   M   M    M   M        24 270
18  17   5  11 -18  54   0 0.11  2.9   21   M   M   M   M    M   M 9      29 315
19  17   3  10 -19  55   0 0.03  0.5   19   M   M   M   M    M   M        25 270
20  14  -4   5 -23  60   0 0.06  1.3   19   M   M   M   M    M   M        21 315
21  23   2  13 -15  52   0    T  0.1   19   M   M   M   M    M   M        35 225
22  37  23  30   3  35   0 0.00  0.0   17   M   M   M   M    M   M        35 225
23  43  31  37  10  28   0 0.07  0.0   16   M   M   M   M    M   M 2      20 180
24  38  22  30   4  35   0 0.62  1.9   12   M   M   M   M    M   M 1      29 315
25  22  -2  10 -16  55   0 0.21  2.7   16   M   M   M   M    M   M        26 360
26  23  -4  10 -16  55   0 0.03  1.0   16   M   M   M   M    M   M        22 315
27  18  -4   7 -18  58   0    T  1.1   17   M   M   M   M    M   M        23 315
28  18  -3   8 -17  57   0    T    T   16   M   M   M   M    M   M        18 225
29  33  18  26   2  39   0    T    T   16   M   M   M   M    M   M 26     26 225
30  32   8  20  -4  45   0    T  0.1   15   M   M   M   M    M   M 26     24 315
================================================================================
SM  867  422      1298   0 5.22 53.0         M          M        M
================================================================================
AV 28.9 14.1                                 M FASTST   M    M   M      MAX(MPH)
                                 MISC ---->     M   M                   # 35 225
================================================================================
NOTES:
# LAST OF SEVERAL OCCURRENCES

COLUMN 17 PEAK WIND IN M.P.H.

PRELIMINARY LOCAL CLIMATOLOGICAL DATA (WS FORM: F-6) , PAGE 2

                                          STATION:  MARQUETTE MI
                                          MONTH:    NOVEMBER
                                          YEAR:     2014
                                          LATITUDE:   46 31 N
                                          LONGITUDE:  87 33 W

[TEMPERATURE DATA]      [PRECIPITATION DATA]       SYMBOLS USED IN COLUMN 16

AVERAGE MONTHLY: 21.5   TOTAL FOR MONTH:   5.22    1 = FOG OR MIST
DPTR FM NORMAL:  -8.8   DPTR FM NORMAL:    2.04    2 = FOG REDUCING VISIBILITY
HIGHEST:    50 ON  3    GRTST 24HR  2.51 ON 10-11      TO 1/4 MILE OR LESS
LOWEST:     -4 ON 27,26                            3 = THUNDER
                        SNOW, ICE PELLETS, HAIL    4 = ICE PELLETS
                        TOTAL MONTH:  53.0 INCHES  5 = HAIL
                        GRTST 24HR  21.1 ON 10-11  6 = FREEZING RAIN OR DRIZZLE
                        GRTST DEPTH:  25 ON 12     7 = DUSTSTORM OR SANDSTORM:
                                                       VSBY 1/2 MILE OR LESS
                                                   8 = SMOKE OR HAZE
[NO. OF DAYS WITH]      [WEATHER - DAYS WITH]      9 = BLOWING SNOW
                                                   X = TORNADO
MAX 32 OR BELOW:  18    0.01 INCH OR MORE:  19
MAX 90 OR ABOVE:   0    0.10 INCH OR MORE:  10
MIN 32 OR BELOW:  28    0.50 INCH OR MORE:   3
MIN  0 OR BELOW:   6    1.00 INCH OR MORE:   2

[HDD (BASE 65) ]
TOTAL THIS MO.  1298    CLEAR  (SCALE 0-3)   M
DPTR FM NORMAL   257    PTCLDY (SCALE 4-7)   M
TOTAL FM JUL 1  2530    CLOUDY (SCALE 8-10)  M
DPTR FM NORMAL   328

[CDD (BASE 65) ]
TOTAL THIS MO.     0
DPTR FM NORMAL     0    [PRESSURE DATA]
TOTAL FM JAN 1   152    HIGHEST SLP M ON M
DPTR FM NORMAL   -90    LOWEST  SLP M ON M

[REMARKS]
#FINAL-11-14#





U.S. Dept. of Commerce
NOAA National Weather Service
1325 East West Highway
Silver Spring, MD 20910
E-mail: w-nws.webmaster@noaa.gov
Page last modified: May 16, 2007
NATIONAL WEATHER SERVICE: for Safety, for Work, for Fun - FOR LIFE