909
CXUS51 KBTV 240700
CF6MPV
PRELIMINARY LOCAL CLIMATOLOGICAL DATA (WS FORM: F-6)

                                          STATION:   MONTPELIER VT
                                          MONTH:     APRIL
                                          YEAR:      2014
                                          LATITUDE:   44 12 N
                                          LONGITUDE:  72 34 W

  TEMPERATURE IN F:       :PCPN:    SNOW:  WIND      :SUNSHINE: SKY     :PK WND
================================================================================
1   2   3   4   5  6A  6B    7    8   9   10  11  12  13   14  15   16   17  18
                                     12Z  AVG MX 2MIN
DY MAX MIN AVG DEP HDD CDD  WTR  SNW DPTH SPD SPD DIR MIN PSBL S-S WX    SPD DR
================================================================================

 1  49  23  36   0  29   0 0.00  0.0    0  3.0 16 160   M    M   0        20 360
 2  51  29  40   4  25   0 0.00  0.0    0  7.3 16 190   M    M   0        20 180
 3  38  25  32  -5  33   0 0.00  0.0    0  7.3 20 300   M    M   2        24 300
 4  45  17  31  -6  34   0 0.15    M    0  9.2 25 160   M    M   4 16     33 160
 5  40  31  36  -2  29   0 0.01    M    0 10.7 21 260   M    M  10 1      32 250
 6  46  29  38   0  27   0    T    M    0  9.1 23 310   M    M   4        34 300
 7  53  24  39   0  26   0 0.11    M    0  7.8 30 160   M    M   2 1      41 160
 8  49  33  41   2  24   0 0.22    M    0  9.2 22 160   M    M  10 13     27 160
 9  40  25  33  -7  32   0    T    M    0 12.3 22 300   M    M   5 18     33 310
10  57  21  39  -1  26   0 0.00  0.0    0 10.2 24 180   M    M   2        33 190
11  59  30  45   5  20   0    T    M    0  7.1 17 300   M    M   3        24 310
12  60  27  44   3  21   0 0.00  0.0    0  4.4 20 280   M    M   3        27 280
13  53  36  45   4  20   0 0.38    M    0  7.4 21 160   M    M   6 1      28 140
14  77  34  56  14   9   0    T    M    0 10.0 26 190   M    M   1 1      38 190
15  63  25  44   2  21   0 0.47    M    0 13.8 28 180   M    M   9 1      38 150
16  29  18  24 -19  41   0    T    M    0  9.8 24 290   M    M   5 18     34 310
17  45  14  30 -13  35   0 0.00  0.0    0  6.3 18 170   M    M   0        25 160
18  49  23  36  -8  29   0 0.00  0.0    0  8.1 18 160   M    M   1        24 150
19  45  28  37  -7  28   0 0.01    M    0  7.3 18 300   M    M   7 1      26 300
20  60  21  41  -3  24   0 0.00  0.0    0  4.4 14 200   M    M   0        21 160
21  72  37  55  10  10   0 0.00  0.0    0  3.7 15 210   M    M   5        25 270
22  68  47  58  13   7   0 0.02    M    0  6.7 18 190   M    M   8        26 230
23  50  37  44  -2  21   0    T    M    0 12.7 20 340   M    M  10        32 310
================================================================================
SM 1198  634       571   0  1.37     0.0 187.8          M       97
================================================================================
AV 52.1 27.6                               8.2 FASTST   M    M   4    MAX(MPH)
                                 MISC ---->  # 30 160               # 41  160
================================================================================
NOTES:
# LAST OF SEVERAL OCCURRENCES

COLUMN 17 PEAK WIND IN M.P.H.

PRELIMINARY LOCAL CLIMATOLOGICAL DATA (WS FORM: F-6) , PAGE 2

                                          STATION:  MONTPELIER VT
                                          MONTH:    APRIL
                                          YEAR:     2014
                                          LATITUDE:   44 12 N
                                          LONGITUDE:  72 34 W

[TEMPERATURE DATA]      [PRECIPITATION DATA]       SYMBOLS USED IN COLUMN 16

AVERAGE MONTHLY: 39.8   TOTAL FOR MONTH:   1.37    1 = FOG OR MIST
DPTR FM NORMAL:  -1.0   DPTR FM NORMAL:   -0.64    2 = FOG REDUCING VISIBILITY
HIGHEST:    77 ON 14    GRTST 24HR  0.47 ON 15-15      TO 1/4 MILE OR LESS
LOWEST:     14 ON 17                               3 = THUNDER
                        SNOW, ICE PELLETS, HAIL    4 = ICE PELLETS
                        TOTAL MONTH:   0.0 INCH    5 = HAIL
                        GRTST 24HR     0.0         6 = FREEZING RAIN OR DRIZZLE
                        GRTST DEPTH:   0           7 = DUSTSTORM OR SANDSTORM:
                                                       VSBY 1/2 MILE OR LESS
                                                   8 = SMOKE OR HAZE
[NO. OF DAYS WITH]      [WEATHER - DAYS WITH]      9 = BLOWING SNOW
                                                   X = TORNADO
MAX 32 OR BELOW:   1    0.01 INCH OR MORE:   8
MAX 90 OR ABOVE:   0    0.10 INCH OR MORE:   5
MIN 32 OR BELOW:  17    0.50 INCH OR MORE:   0
MIN  0 OR BELOW:   0    1.00 INCH OR MORE:   0

[HDD (BASE 65) ]
TOTAL THIS MO.   571    CLEAR  (SCALE 0-3)  11
DPTR FM NORMAL    17    PTCLDY (SCALE 4-7)   8
TOTAL FM JUL 1  8185    CLOUDY (SCALE 8-10)  4
DPTR FM NORMAL   606

[CDD (BASE 65) ]
TOTAL THIS MO.     0
DPTR FM NORMAL     0    [PRESSURE DATA]
TOTAL FM JAN 1     0    HIGHEST SLP M ON M
DPTR FM NORMAL     0    LOWEST  SLP 29.30 ON  8

[REMARKS]




U.S. Dept. of Commerce
NOAA National Weather Service
1325 East West Highway
Silver Spring, MD 20910
E-mail: w-nws.webmaster@noaa.gov
Page last modified: May 16, 2007
NATIONAL WEATHER SERVICE: for Safety, for Work, for Fun - FOR LIFE