816
CXUS51 KBTV 010700
CF6MPV
PRELIMINARY LOCAL CLIMATOLOGICAL DATA (WS FORM: F-6)

                                          STATION:   MONTPELIER VT
                                          MONTH:     NOVEMBER
                                          YEAR:      2014
                                          LATITUDE:   44 12 N
                                          LONGITUDE:  72 34 W

  TEMPERATURE IN F:       :PCPN:    SNOW:  WIND      :SUNSHINE: SKY     :PK WND
================================================================================
1   2   3   4   5  6A  6B    7    8   9   10  11  12  13   14  15   16   17  18
                                     12Z  AVG MX 2MIN
DY MAX MIN AVG DEP HDD CDD  WTR  SNW DPTH SPD SPD DIR MIN PSBL S-S WX    SPD DR
================================================================================

 1  37  32  35  -5  30   0 0.06    M    0  5.3 13 360   M    M   8 1      18 360
 2  37  30  34  -6  31   0 0.00  0.0    0 14.3 24 340   M    M   5        35 350
 3  45  28  37  -3  28   0 0.00  0.0    0 11.8 25 290   M    M   3        36 300
 4  54  27  41   1  24   0    T    M    0  4.2 14 180   M    M   7        22 170
 5  59  40  50  11  15   0    T    M    0  8.8 20 290   M    M   7        31 270
 6  48  37  43   4  22   0 0.41    M    0  2.6  8 320   M    M   7 1      11 310
 7  37  30  34  -5  31   0 0.09    M    0  8.7 20 310   M    M  10 1      30 300
 8  38  28  33  -5  32   0 0.00  0.0    0  7.3 21 300   M    M   8        28 300
 9  43  26  35  -3  30   0    T    M    M  5.3 14 180   M    M   7        19 230
10  49  26  38   0  27   0 0.00  0.0    0  1.6  9 190   M    M   5        11 180
11  57  35  46   9  19   0 0.00  0.0    0  8.5 18 170   M    M   0        23 160
12  56  35  46   9  19   0 0.03    M    0  7.0 18 270   M    M   9 1      26 250
13  37  26  32  -4  33   0 0.07    M    0  2.0  9 290   M    M   8 1      12 290
14  31  21  26 -10  39   0 0.02    M    0  5.8 17 330   M    M   7 18     24 310
15  31  20  26 -10  39   0    T    M    0  7.0 16 300   M    M   6 18     24 300
16  34  23  29  -6  36   0 0.00  0.0    0  8.0 15 170   M    M  10        19 220
17  37  30  34  -1  31   0 0.32    M    0  3.9 13 170   M    M  10 16     20 160
18  36  19  28  -7  37   0 0.04    M    0 11.4 23 250   M    M   8 1      33 270
19  27  17  22 -12  43   0 0.03    M    0  7.4 18 250   M    M   7 18     30 290
20  31  19  25  -9  40   0    T    M    0  8.2 21 220   M    M   8 8      32 190
21  22  19  21 -12  44   0    T    M    0 10.3 21 290   M    M   6 18     31 290
22  42  14  28  -5  37   0 0.00  0.0    0  9.3 20 230   M    M   5        29 230
23  51  38  45  13  20   0 0.01    M    0  4.5 14 230   M    M   8 1      23 210
24  64  40  52  20  13   0    T    M    0 11.7 28 210   M    M   6 18     46 220
25  60  38  49  17  16   0    T    M    0  8.9 25 220   M    M   1        39 260
26  40  27  34   3  31   0 0.62    M    0  6.2 15 310   M    M   8 12     21 310
27  27  22  25  -6  40   0 0.04    M    0  4.9 13 350   M    M  10 1      17 360
28  23  13  18 -12  47   0 0.02    M    0  3.4 15 300   M    M   8 18     19 300
29  26   4  15 -15  50   0    T    M    M  4.9 15 160   M    M   5 1      18 160
30  42  24  33   3  32   0 0.01    M    0  7.3 16 180   M    M  10 1      21 180
================================================================================
SM 1221  788       936   0  1.77     0.0 210.5          M      207
================================================================================
AV 40.7 26.3                               7.0 FASTST   M    M   7    MAX(MPH)
                                 MISC ---->  # 28 210               # 46  220
================================================================================
NOTES:
# LAST OF SEVERAL OCCURRENCES

COLUMN 17 PEAK WIND IN M.P.H.

PRELIMINARY LOCAL CLIMATOLOGICAL DATA (WS FORM: F-6) , PAGE 2

                                          STATION:  MONTPELIER VT
                                          MONTH:    NOVEMBER
                                          YEAR:     2014
                                          LATITUDE:   44 12 N
                                          LONGITUDE:  72 34 W

[TEMPERATURE DATA]      [PRECIPITATION DATA]       SYMBOLS USED IN COLUMN 16

AVERAGE MONTHLY: 33.5   TOTAL FOR MONTH:   1.77    1 = FOG OR MIST
DPTR FM NORMAL:  -1.9   DPTR FM NORMAL:   -1.40    2 = FOG REDUCING VISIBILITY
HIGHEST:    64 ON 24    GRTST 24HR  0.66 ON 26-27      TO 1/4 MILE OR LESS
LOWEST:      4 ON 29                               3 = THUNDER
                        SNOW, ICE PELLETS, HAIL    4 = ICE PELLETS
                        TOTAL MONTH:   0.0 INCH    5 = HAIL
                        GRTST 24HR     0.0         6 = FREEZING RAIN OR DRIZZLE
                        GRTST DEPTH:   0           7 = DUSTSTORM OR SANDSTORM:
                                                       VSBY 1/2 MILE OR LESS
                                                   8 = SMOKE OR HAZE
[NO. OF DAYS WITH]      [WEATHER - DAYS WITH]      9 = BLOWING SNOW
                                                   X = TORNADO
MAX 32 OR BELOW:   8    0.01 INCH OR MORE:  14
MAX 90 OR ABOVE:   0    0.10 INCH OR MORE:   3
MIN 32 OR BELOW:  23    0.50 INCH OR MORE:   1
MIN  0 OR BELOW:   0    1.00 INCH OR MORE:   0

[HDD (BASE 65) ]
TOTAL THIS MO.   936    CLEAR  (SCALE 0-3)   3
DPTR FM NORMAL    46    PTCLDY (SCALE 4-7)  20
TOTAL FM JUL 1  1818    CLOUDY (SCALE 8-10)  7
DPTR FM NORMAL   -28

[CDD (BASE 65) ]
TOTAL THIS MO.     0
DPTR FM NORMAL     0    [PRESSURE DATA]
TOTAL FM JAN 1   188    HIGHEST SLP M ON M
DPTR FM NORMAL   -76    LOWEST  SLP 29.46 ON 17

[REMARKS]
#FINAL-11-14#




U.S. Dept. of Commerce
NOAA National Weather Service
1325 East West Highway
Silver Spring, MD 20910
E-mail: w-nws.webmaster@noaa.gov
Page last modified: May 16, 2007
NATIONAL WEATHER SERVICE: for Safety, for Work, for Fun - FOR LIFE