689
CXUS51 KBTV 300700
CF6MPV
PRELIMINARY LOCAL CLIMATOLOGICAL DATA (WS FORM: F-6)

                                          STATION:   MONTPELIER VT
                                          MONTH:     JANUARY
                                          YEAR:      2015
                                          LATITUDE:   44 12 N
                                          LONGITUDE:  72 34 W

  TEMPERATURE IN F:       :PCPN:    SNOW:  WIND      :SUNSHINE: SKY     :PK WND
================================================================================
1   2   3   4   5  6A  6B    7    8   9   10  11  12  13   14  15   16   17  18
                                     12Z  AVG MX 2MIN
DY MAX MIN AVG DEP HDD CDD  WTR  SNW DPTH SPD SPD DIR MIN PSBL S-S WX    SPD DR
================================================================================

 1  27  16  22   4  43   0 0.00  0.0    0 10.8 18 220   M    M   8        30 200
 2  27  11  19   1  46   0 0.03    M    0  8.8 20 300   M    M   9 18     29 300
 3  20   0  10  -8  55   0 0.43    M    0  3.2 15 170   M    M   5 1      19 180
 4  50  20  35  18  30   0 0.09    M    0  9.1 26 260   M    M   9 168    39 260
 5  39   2  21   4  44   0    T    M    0 16.3 30 300   M    M   9        49 290
 6  11   0   6 -11  59   0    T    M    0  6.2 15 150   M    M   8 8      21 300
 7  15 -13   1 -16  64   0    T    M    0 11.0 24 310   M    M   8 189    34 310
 8  12 -20  -4 -21  69   0    T    M    0  6.3 17 190   M    M   6 18     23 180
 9  22  10  16  -1  49   0 0.02    M    0  9.9 22 200   M    M   7 128    41 210
10  15   5  10  -7  55   0 0.01    M    0  8.5 24 290   M    M   5 189    34 290
11  23   2  13  -3  52   0 0.00  0.0    0  8.2 18 210   M    M   7        25 210
12  29  17  23   7  42   0 0.17    M    0  4.7 17 310   M    M  10 1      25 310
13  17 -12   3 -13  62   0    T    M    0  5.0 17 310   M    M   1 18     24 310
14  17 -17   0 -16  65   0 0.00  0.0    0  1.9 14 180   M    M   0 18     19 180
15  21  -7   7  -9  58   0 0.00  0.0    0  1.3 12 180   M    M   5 128    14 190
16  26   1  14  -2  51   0 0.01    M    0 12.2 25 320   M    M   8 1289   36 310
17  16 -11   3 -13  62   0    T    M    0  6.4 22 300   M    M   4 8      30 300
18  37  15  26  10  39   0 0.79    M    0  3.9 14 170   M    M   5 16     20 170
19  34  19  27  11  38   0 0.08    M    0  7.0 18 300   M    M  10 18     28 300
20  19   2  11  -5  54   0    T    M    0  6.6 21 300   M    M   2 1      31 300
21  18  -7   6 -10  59   0 0.00  0.0    0  1.1  6 170   M    M   0         6 160
22  27  -1  13  -3  52   0 0.00  0.0    0  2.6 10 300   M    M   3 18     14 310
23  26   2  14  -2  51   0 0.00  0.0    0  5.0 15 170   M    M   4 18     19 210
24  30   8  19   3  46   0    T    M    0  1.7 12 330   M    M   3 18     16 340
25  29  -2  14  -2  51   0    T    M    0 10.1 25 290   M    M   6 189    31 300
26  13 -12   1 -16  64   0 0.00  0.0    0  1.0  6 180   M    M   2 18     11 280
27   9   5   7 -10  58   0 0.12    M    0 11.5 23 360   M    M   9 12     29  10
28  14  -5   5 -12  60   0    T    M    0  7.2 15 300   M    M   5 8      20 310
29  28 -13   8  -9  57   0    T    M    0  6.5 26 170   M    M   3 18     34 160
================================================================================
SM  671   15      1535   0  1.75     0.0 194.0          M      161
================================================================================
AV 23.1  0.5                               6.7 FASTST   M    M   6    MAX(MPH)
                                 MISC ---->  # 30 300               # 49  290
================================================================================
NOTES:
# LAST OF SEVERAL OCCURRENCES

COLUMN 17 PEAK WIND IN M.P.H.

PRELIMINARY LOCAL CLIMATOLOGICAL DATA (WS FORM: F-6) , PAGE 2

                                          STATION:  MONTPELIER VT
                                          MONTH:    JANUARY
                                          YEAR:     2015
                                          LATITUDE:   44 12 N
                                          LONGITUDE:  72 34 W

[TEMPERATURE DATA]      [PRECIPITATION DATA]       SYMBOLS USED IN COLUMN 16

AVERAGE MONTHLY: 11.8   TOTAL FOR MONTH:   1.75    1 = FOG OR MIST
DPTR FM NORMAL:  -4.8   DPTR FM NORMAL:   -0.53    2 = FOG REDUCING VISIBILITY
HIGHEST:    50 ON  4    GRTST 24HR  0.86 ON 18-19      TO 1/4 MILE OR LESS
LOWEST:    -20 ON  8                               3 = THUNDER
                        SNOW, ICE PELLETS, HAIL    4 = ICE PELLETS
                        TOTAL MONTH:   0.0 INCH    5 = HAIL
                        GRTST 24HR     0.0         6 = FREEZING RAIN OR DRIZZLE
                        GRTST DEPTH:   0           7 = DUSTSTORM OR SANDSTORM:
                                                       VSBY 1/2 MILE OR LESS
                                                   8 = SMOKE OR HAZE
[NO. OF DAYS WITH]      [WEATHER - DAYS WITH]      9 = BLOWING SNOW
                                                   X = TORNADO
MAX 32 OR BELOW:  25    0.01 INCH OR MORE:  10
MAX 90 OR ABOVE:   0    0.10 INCH OR MORE:   4
MIN 32 OR BELOW:  29    0.50 INCH OR MORE:   1
MIN  0 OR BELOW:  14    1.00 INCH OR MORE:   0

[HDD (BASE 65) ]
TOTAL THIS MO.  1535    CLEAR  (SCALE 0-3)   8
DPTR FM NORMAL   131    PTCLDY (SCALE 4-7)  12
TOTAL FM JUL 1  4552    CLOUDY (SCALE 8-10)  9
DPTR FM NORMAL     0

[CDD (BASE 65) ]
TOTAL THIS MO.     0
DPTR FM NORMAL     0    [PRESSURE DATA]
TOTAL FM JAN 1     0    HIGHEST SLP M ON M
DPTR FM NORMAL     0    LOWEST  SLP 29.33 ON 24

[REMARKS]




U.S. Dept. of Commerce
NOAA National Weather Service
1325 East West Highway
Silver Spring, MD 20910
E-mail: w-nws.webmaster@noaa.gov
Page last modified: May 16, 2007
NATIONAL WEATHER SERVICE: for Safety, for Work, for Fun - FOR LIFE