518
CXUS51 KPHI 300800
CF6MPO
PRELIMINARY LOCAL CLIMATOLOGICAL DATA (WS FORM: F-6)

                                          STATION:   MOUNT POCONO PA
                                          MONTH:     JULY
                                          YEAR:      2014
                                          LATITUDE:   41  8 N
                                          LONGITUDE:  75 24 W

  TEMPERATURE IN F:       :PCPN:    SNOW:  WIND      :SUNSHINE: SKY     :PK WND
================================================================================
1   2   3   4   5  6A  6B    7    8   9   10  11  12  13   14  15   16   17  18
                                     12Z  AVG MX 2MIN
DY MAX MIN AVG DEP HDD CDD  WTR  SNW DPTH SPD SPD DIR MIN PSBL S-S WX    SPD DR
================================================================================

 1  84  66  75   8   0  10 0.00    M    M  8.7 21 210   M    M   2 1      27 210
 2  85  67  76   8   0  11 1.11    M    M  5.2 22 220   M    M   5 1238   34 130
 3  83  65  74   6   0   9 0.39    M    M  6.4 26 320   M    M   6 1238   38 310
 4  67  57  62  -6   3   0 0.07    M    M 12.0 24 330   M    M   6 1      35 330
 5  74  54  64  -4   1   0 0.00    M    M 10.9 21 310   M    M   0        31 330
 6  78  49  64  -4   1   0 0.00    M    M  8.1 18 210   M    M   1        24 220
 7  82  67  75   7   0  10 0.01    M    M 10.7 26 280   M    M   6 138    36 290
 8  82  65  74   6   0   9 0.50    M    M 11.7 28 270   M    M   3 138    42 270
 9  78  62  70   2   0   5 0.00    M    M  7.7 17 280   M    M   5 138    24 250
10  74  56  65  -3   0   0 0.22    M    M  4.2 12 130   M    M   3 1      15  30
11  76  57  67  -1   0   2 0.00    M    M  3.8 10  70   M    M   4        13  30
12  80  57  69   1   0   4 0.00    M    M  6.5 15 200   M    M   3 1      21 210
13  80  67  74   6   0   9 0.20    M    M 11.3 23 270   M    M   8 138    31 270
14  72  66  69   1   0   4 0.25    M    M  3.4 14 120   M    M   9 18     18 120
15  79  67  73   5   0   8 0.01    M    M  4.9 13 260   M    M   8 138    17 280
16  73  57  65  -3   0   0    T    M    M  6.4 15 310   M    M   4 1      20 340
17  72  54  63  -5   2   0 0.00    M    M  6.2 15 260   M    M   4        20 280
18  73  50  62  -6   3   0 0.00    M    M  3.7 10 240   M    M   0        17 320
19  74  56  65  -3   0   0 0.02    M    M  5.4 14 140   M    M   3        18 150
20  75  57  66  -2   0   1 0.05    M    M  5.0 13 150   M    M   8        19 150
21  78  56  67  -1   0   2    T    M    M  4.0 10 220   M    M   4 1      15 160
22  81  60  71   3   0   6 0.00    M    M  7.5 16 210   M    M   3 1      22 220
23  84  65  75   7   0  10 0.60    M    M  9.1 18 320   M    M   4 138    27 270
24  73  54  64  -4   1   0 0.00    M    M  8.7 17 340   M    M   5        24  10
25  75  52  64  -4   1   0 0.00    M    M  5.7 13  10   M    M   0        16  10
26  76  54  65  -3   0   0    T    M    M  5.5 14 250   M    M   4        19 230
27  81  63  72   4   0   7 0.04    M    M  8.7 20 270   M    M   4 18     26 280
28  73  57  65  -3   0   0 0.22    M    M 11.8 24 260   M    M   8 1      31 290
29  67  50  59  -9   6   0 0.00    M    M  8.2 16 280   M    M   7        23 350
================================================================================
SM 2229 1707        18 107  3.69    M    211.4          M      127
================================================================================
AV 76.9 58.9                               7.3 FASTST   M    M   4    MAX(MPH)
                                 MISC ---->  # 28 270               # 42  270
================================================================================
NOTES:
# LAST OF SEVERAL OCCURRENCES

COLUMN 17 PEAK WIND IN M.P.H.

PRELIMINARY LOCAL CLIMATOLOGICAL DATA (WS FORM: F-6) , PAGE 2

                                          STATION:  MOUNT POCONO PA
                                          MONTH:    JULY
                                          YEAR:     2014
                                          LATITUDE:   41  8 N
                                          LONGITUDE:  75 24 W

[TEMPERATURE DATA]      [PRECIPITATION DATA]       SYMBOLS USED IN COLUMN 16

AVERAGE MONTHLY: 67.9   TOTAL FOR MONTH:   3.69    1 = FOG OR MIST
DPTR FM NORMAL:  -0.1   DPTR FM NORMAL:   -0.54    2 = FOG REDUCING VISIBILITY
HIGHEST:    85 ON  2    GRTST 24HR  1.11 ON  2- 2      TO 1/4 MILE OR LESS
LOWEST:     49 ON  6                               3 = THUNDER
                        SNOW, ICE PELLETS, HAIL    4 = ICE PELLETS
                        TOTAL MONTH:    M          5 = HAIL
                        GRTST 24HR    M  ON   M    6 = FREEZING RAIN OR DRIZZLE
                        GRTST DEPTH:  M  ON   M    7 = DUSTSTORM OR SANDSTORM:
                                                       VSBY 1/2 MILE OR LESS
                                                   8 = SMOKE OR HAZE
[NO. OF DAYS WITH]      [WEATHER - DAYS WITH]      9 = BLOWING SNOW
                                                   X = TORNADO
MAX 32 OR BELOW:   0    0.01 INCH OR MORE:  14
MAX 90 OR ABOVE:   0    0.10 INCH OR MORE:   8
MIN 32 OR BELOW:   0    0.50 INCH OR MORE:   3
MIN  0 OR BELOW:   0    1.00 INCH OR MORE:   1

[HDD (BASE 65) ]
TOTAL THIS MO.    18    CLEAR  (SCALE 0-3)   9
DPTR FM NORMAL   -11    PTCLDY (SCALE 4-7)  18
TOTAL FM JUL 1    18    CLOUDY (SCALE 8-10)  2
DPTR FM NORMAL   -11

[CDD (BASE 65) ]
TOTAL THIS MO.   107
DPTR FM NORMAL    -8    [PRESSURE DATA]
TOTAL FM JAN 1   174    HIGHEST SLP M ON M
DPTR FM NORMAL   -22    LOWEST  SLP 29.56 ON 28

[REMARKS]




U.S. Dept. of Commerce
NOAA National Weather Service
1325 East West Highway
Silver Spring, MD 20910
E-mail: w-nws.webmaster@noaa.gov
Page last modified: May 16, 2007
NATIONAL WEATHER SERVICE: for Safety, for Work, for Fun - FOR LIFE