604
CXUS51 KPHI 170800
CF6MPO
PRELIMINARY LOCAL CLIMATOLOGICAL DATA (WS FORM: F-6)

                                          STATION:   MOUNT POCONO PA
                                          MONTH:     APRIL
                                          YEAR:      2014
                                          LATITUDE:   41  8 N
                                          LONGITUDE:  75 24 W

  TEMPERATURE IN F:       :PCPN:    SNOW:  WIND      :SUNSHINE: SKY     :PK WND
================================================================================
1   2   3   4   5  6A  6B    7    8   9   10  11  12  13   14  15   16   17  18
                                     12Z  AVG MX 2MIN
DY MAX MIN AVG DEP HDD CDD  WTR  SNW DPTH SPD SPD DIR MIN PSBL S-S WX    SPD DR
================================================================================

 1  57  28  43   4  22   0 0.00    M    M  6.0 15 340   M    M   1        20 330
 2  58  34  46   6  19   0 0.00    M    M  4.6 13 270   M    M   3        17 280
 3  58  35  47   7  18   0 0.08    M    M  6.9 16 340   M    M   4 1      20 340
 4  38  35  37  -4  28   0 0.18    M    M 13.9 25 130   M    M  10 12     32 130
 5  41  30  36  -5  29   0 0.00    M    M 15.0 28 280   M    M   8 12     39 290
 6  55  27  41  -1  24   0 0.00    M    M  8.4 22 310   M    M   0        34 310
 7  44  30  37  -5  28   0 0.33    M    M 11.1 22 110   M    M   6 12     31 110
 8  54  40  47   5  18   0 0.07    M    M 13.9 26 260   M    M   8 12     37 240
 9  51  33  42  -1  23   0 0.00    M    M 12.0 24 310   M    M   1 1      32 320
10  59  25  42  -1  23   0 0.00    M    M 11.6 24 210   M    M   0        32 210
11  64  42  53   9  12   0 0.40    M    M  9.2 22 280   M    M   7 1      30 270
12  64  39  52   8  13   0 0.00    M    M  8.1 16 290   M    M   3 12     20 290
13  74  50  62  18   3   0    T    M    M 10.9 24 210   M    M   3 18     32 190
14  69  56  63  18   2   0 0.00    M    M 13.3 28 190   M    M   5        36 190
15  62  27  45   0  20   0 1.72    M    M 16.6 31 200   M    M   9 12     41 210
16  38  19  29 -17  36   0    T    M    M 13.1 31 320   M    M   3 9      48 320
================================================================================
SM  886  550       318   0  2.78    M    174.6          M       71
================================================================================
AV 55.4 34.4                              10.9 FASTST   M    M   4    MAX(MPH)
                                 MISC ---->  # 31 200               # 48  320
================================================================================
NOTES:
# LAST OF SEVERAL OCCURRENCES

COLUMN 17 PEAK WIND IN M.P.H.

PRELIMINARY LOCAL CLIMATOLOGICAL DATA (WS FORM: F-6) , PAGE 2

                                          STATION:  MOUNT POCONO PA
                                          MONTH:    APRIL
                                          YEAR:     2014
                                          LATITUDE:   41  8 N
                                          LONGITUDE:  75 24 W

[TEMPERATURE DATA]      [PRECIPITATION DATA]       SYMBOLS USED IN COLUMN 16

AVERAGE MONTHLY: 44.9   TOTAL FOR MONTH:   2.78    1 = FOG OR MIST
DPTR FM NORMAL:   2.3   DPTR FM NORMAL:    0.31    2 = FOG REDUCING VISIBILITY
HIGHEST:    74 ON 13    GRTST 24HR  1.72 ON 15-15      TO 1/4 MILE OR LESS
LOWEST:     19 ON 16                               3 = THUNDER
                        SNOW, ICE PELLETS, HAIL    4 = ICE PELLETS
                        TOTAL MONTH:    M          5 = HAIL
                        GRTST 24HR    M  ON   M    6 = FREEZING RAIN OR DRIZZLE
                        GRTST DEPTH:  M  ON   M    7 = DUSTSTORM OR SANDSTORM:
                                                       VSBY 1/2 MILE OR LESS
                                                   8 = SMOKE OR HAZE
[NO. OF DAYS WITH]      [WEATHER - DAYS WITH]      9 = BLOWING SNOW
                                                   X = TORNADO
MAX 32 OR BELOW:   0    0.01 INCH OR MORE:   6
MAX 90 OR ABOVE:   0    0.10 INCH OR MORE:   4
MIN 32 OR BELOW:   7    0.50 INCH OR MORE:   1
MIN  0 OR BELOW:   0    1.00 INCH OR MORE:   1

[HDD (BASE 65) ]
TOTAL THIS MO.   318    CLEAR  (SCALE 0-3)   8
DPTR FM NORMAL   -42    PTCLDY (SCALE 4-7)   6
TOTAL FM JUL 1  6921    CLOUDY (SCALE 8-10)  2
DPTR FM NORMAL   463

[CDD (BASE 65) ]
TOTAL THIS MO.     0
DPTR FM NORMAL     0    [PRESSURE DATA]
TOTAL FM JAN 1     0    HIGHEST SLP M ON M
DPTR FM NORMAL     0    LOWEST  SLP 29.46 ON  8

[REMARKS]




U.S. Dept. of Commerce
NOAA National Weather Service
1325 East West Highway
Silver Spring, MD 20910
E-mail: w-nws.webmaster@noaa.gov
Page last modified: May 16, 2007
NATIONAL WEATHER SERVICE: for Safety, for Work, for Fun - FOR LIFE