413
CXUS51 KPHI 290800
CF6MPO
PRELIMINARY LOCAL CLIMATOLOGICAL DATA (WS FORM: F-6)

                                          STATION:   MOUNT POCONO PA
                                          MONTH:     AUGUST
                                          YEAR:      2014
                                          LATITUDE:   41  8 N
                                          LONGITUDE:  75 24 W

  TEMPERATURE IN F:       :PCPN:    SNOW:  WIND      :SUNSHINE: SKY     :PK WND
================================================================================
1   2   3   4   5  6A  6B    7    8   9   10  11  12  13   14  15   16   17  18
                                     12Z  AVG MX 2MIN
DY MAX MIN AVG DEP HDD CDD  WTR  SNW DPTH SPD SPD DIR MIN PSBL S-S WX    SPD DR
================================================================================

 1  79  59  69   1   0   4    T    M    M  4.9 18 150   M    M   4 18     23 150
 2  75  61  68   0   0   3    T    M    M  4.4 12 130   M    M   8 18     15 120
 3  73  61  67  -1   0   2 0.00    M    M  4.2 10 160   M    M   7 128    15 150
 4  78  57  68   0   0   3 0.00    M    M  5.2 13 310   M    M   6 1      18 310
 5  81  54  68   0   0   3    T    M    M  5.3 18 320   M    M   3 1      27 320
 6  76  54  65  -3   0   0 0.00    M    M  7.3 18 290   M    M   4 1      27 290
 7  76  49  63  -5   2   0 0.00    M    M  7.8 18 340   M    M   1        25 340
 8  75  51  63  -5   2   0 0.00    M    M  6.9 15  20   M    M   1        21  10
 9  78  49  64  -4   1   0 0.00    M    M  3.6 14  20   M    M   3        17  20
10  80  51  66  -2   0   1 0.00    M    M  2.6 10 170   M    M   3 8      17 180
11  80  54  67  -1   0   2 0.00    M    M  7.3 17 200   M    M   2        23 160
12  68  63  66  -1   0   1 0.80    M    M 13.2 26 130   M    M  10 12     37 140
13  76  56  66  -1   0   1 0.44    M    M  8.9 20 310   M    M   6 12     29 330
14  70  52  61  -6   4   0    T    M    M  9.4 22 260   M    M   4 8      31 230
15  63  48  56 -11   9   0 0.00    M    M  7.1 20 310   M    M   5        28 310
16  70  46  58  -9   7   0 0.00    M    M  6.3 14 250   M    M   1 1      18 250
17  74  51  63  -4   2   0 0.15    M    M  8.2 21 310   M    M   5 18     27 310
18  73  49  61  -6   4   0 0.00    M    M  7.3 15 280   M    M   2 1      23 330
19  76  49  63  -4   2   0 0.00    M    M  3.5 12 160   M    M   4        15 130
20  77  58  68   2   0   3    T    M    M  5.4 13 200   M    M   5 1      18 210
21  77  60  69   3   0   4 0.44    M    M  6.8 17 110   M    M   8 1238   23 120
22  67  60  64  -2   1   0 0.39    M    M  6.1 14 110   M    M   9 128    20 100
23  67  58  63  -3   2   0 0.25    M    M  6.4 14 120   M    M  10 128    20 100
24  74  54  64  -2   1   0 0.00    M    M  5.0 13  60   M    M   4 18     17  60
25  76  50  63  -3   2   0 0.00    M    M  2.2 10 160   M    M   0        14 160
26  80  53  67   2   0   2 0.00    M    M  4.4 12 200   M    M   1        15 190
27  84  57  71   6   0   6 0.05    M    M  5.5 13 280   M    M   2 1      18 330
28  70  49  60  -5   5   0 0.00    M    M 11.1 21 330   M    M   3        29 350
================================================================================
SM 2093 1513        44  35  2.52    M    176.3          M      121
================================================================================
AV 74.8 54.0                               6.3 FASTST   M    M   4    MAX(MPH)
                                 MISC ---->  # 26 130               # 37  140
================================================================================
NOTES:
# LAST OF SEVERAL OCCURRENCES

COLUMN 17 PEAK WIND IN M.P.H.

PRELIMINARY LOCAL CLIMATOLOGICAL DATA (WS FORM: F-6) , PAGE 2

                                          STATION:  MOUNT POCONO PA
                                          MONTH:    AUGUST
                                          YEAR:     2014
                                          LATITUDE:   41  8 N
                                          LONGITUDE:  75 24 W

[TEMPERATURE DATA]      [PRECIPITATION DATA]       SYMBOLS USED IN COLUMN 16

AVERAGE MONTHLY: 64.4   TOTAL FOR MONTH:   2.52    1 = FOG OR MIST
DPTR FM NORMAL:  -2.6   DPTR FM NORMAL:   -1.63    2 = FOG REDUCING VISIBILITY
HIGHEST:    84 ON 27    GRTST 24HR  1.02 ON 12-13      TO 1/4 MILE OR LESS
LOWEST:     46 ON 16                               3 = THUNDER
                        SNOW, ICE PELLETS, HAIL    4 = ICE PELLETS
                        TOTAL MONTH:    M          5 = HAIL
                        GRTST 24HR    M  ON   M    6 = FREEZING RAIN OR DRIZZLE
                        GRTST DEPTH:  M  ON   M    7 = DUSTSTORM OR SANDSTORM:
                                                       VSBY 1/2 MILE OR LESS
                                                   8 = SMOKE OR HAZE
[NO. OF DAYS WITH]      [WEATHER - DAYS WITH]      9 = BLOWING SNOW
                                                   X = TORNADO
MAX 32 OR BELOW:   0    0.01 INCH OR MORE:   7
MAX 90 OR ABOVE:   0    0.10 INCH OR MORE:   6
MIN 32 OR BELOW:   0    0.50 INCH OR MORE:   1
MIN  0 OR BELOW:   0    1.00 INCH OR MORE:   0

[HDD (BASE 65) ]
TOTAL THIS MO.    44    CLEAR  (SCALE 0-3)  10
DPTR FM NORMAL    11    PTCLDY (SCALE 4-7)  14
TOTAL FM JUL 1    68    CLOUDY (SCALE 8-10)  4
DPTR FM NORMAL    13

[CDD (BASE 65) ]
TOTAL THIS MO.    35
DPTR FM NORMAL   -57    [PRESSURE DATA]
TOTAL FM JAN 1   210    HIGHEST SLP M ON M
DPTR FM NORMAL   -84    LOWEST  SLP 29.69 ON 13

[REMARKS]




U.S. Dept. of Commerce
NOAA National Weather Service
1325 East West Highway
Silver Spring, MD 20910
E-mail: w-nws.webmaster@noaa.gov
Page last modified: May 16, 2007
NATIONAL WEATHER SERVICE: for Safety, for Work, for Fun - FOR LIFE