837
CXUS51 KPHI 280800
CF6MPO
PRELIMINARY LOCAL CLIMATOLOGICAL DATA (WS FORM: F-6)

                                          STATION:   MOUNT POCONO PA
                                          MONTH:     NOVEMBER
                                          YEAR:      2014
                                          LATITUDE:   41  8 N
                                          LONGITUDE:  75 24 W

  TEMPERATURE IN F:       :PCPN:    SNOW:  WIND      :SUNSHINE: SKY     :PK WND
================================================================================
1   2   3   4   5  6A  6B    7    8   9   10  11  12  13   14  15   16   17  18
                                     12Z  AVG MX 2MIN
DY MAX MIN AVG DEP HDD CDD  WTR  SNW DPTH SPD SPD DIR MIN PSBL S-S WX    SPD DR
================================================================================

 1  43  36  40  -4  25   0    T    M    M 13.1 21 350   0    0   0        32 340
 2  40  32  36  -8  29   0 0.00    M    M 20.6 32 320   M    M   2        48 330
 3  55  31  43   0  22   0 0.00    M    M 14.1 28 320   M    M   1        38 310
 4  65  49  57  14   8   0 0.00    M    M 10.6 17 290   M    M   2        24 290
 5  57  43  50   8  15   0 0.00    M    M 10.6 22 280   M    M   1        30 290
 6  45  41  43   1  22   0 0.19    M    M  5.3 15 320   M    M   9 12     21 320
 7  42  29  36  -6  29   0 0.10    M    M 14.4 25 310   M    M   9 1      41 310
 8  41  25  33  -9  32   0 0.00    M    M  9.4 18 310   M    M   2        25 310
 9  48  28  38  -3  27   0 0.00    M    M  5.9 17 270   M    M   4        21 270
10  57  30  44   3  21   0 0.00    M    M  7.1 13 200   M    M   0        17 200
11  56  39  48   8  17   0 0.00    M    M  8.0 15 170   M    M   9 12     20 190
12  57  33  45   5  20   0    T    M    M 10.1 20 330   M    M   5        27 330
13  39  26  33  -7  32   0 0.08    M    M  4.6 16 330   M    M   6 1      22 330
14  34  24  29 -10  36   0 0.01    M    M 12.0 23 300   M    M   5 1      33 310
15  34  18  26 -13  39   0 0.00    M    M  8.0 16 290   M    M   2 8      23 320
16  34  18  26 -13  39   0    T    M    M  6.5 17 190   M    M   8 1      24 190
17  40  31  36  -2  29   0 0.34    M    M  9.1 23 290   M    M  10 1246   34 290
18  31  14  23 -15  42   0 0.00    M    M 20.0 32 290   M    M   0        45 300
19  25  11  18 -19  47   0 0.00    M    M 12.7 25 270   M    M   1        35 290
20  35  19  27 -10  38   0 0.00    M    M 13.2 30 270   M    M   5        40 260
21  28  11  20 -17  45   0 0.00    M    M 11.7 24 320   M    M   2        34 320
22  40  14  27  -9  38   0    T    M    M 10.3 17 250   M    M   3        25 270
23  56  39  48  12  17   0    T    M    M  7.5 16 260   M    M   5 1      22 260
24  63  42  53  18  12   0 1.42    M    M 16.7 29 200   M    M   5 1      39 200
25  55  37  46  11  19   0 0.00    M    M 13.5 26 280   M    M   0        39 290
26  39  29  34  -1  31   0 0.60    M    M  9.2 20 330   M    M   8 12     28 330
27  30  20  25  -9  40   0 0.03    M    M 10.1 18 310   M    M   7 18     27 320
================================================================================
SM 1189  769       771   0  2.77    M    294.3            0    111
================================================================================
AV 44.0 28.5                              10.9 FASTST    0   0   4    MAX(MPH)
                                 MISC ---->  # 32 320               # 48  330
================================================================================
NOTES:
# LAST OF SEVERAL OCCURRENCES

COLUMN 17 PEAK WIND IN M.P.H.

PRELIMINARY LOCAL CLIMATOLOGICAL DATA (WS FORM: F-6) , PAGE 2

                                          STATION:  MOUNT POCONO PA
                                          MONTH:    NOVEMBER
                                          YEAR:     2014
                                          LATITUDE:   41  8 N
                                          LONGITUDE:  75 24 W

[TEMPERATURE DATA]      [PRECIPITATION DATA]       SYMBOLS USED IN COLUMN 16

AVERAGE MONTHLY: 36.3   TOTAL FOR MONTH:   2.77    1 = FOG OR MIST
DPTR FM NORMAL:  -3.0   DPTR FM NORMAL:   -1.26    2 = FOG REDUCING VISIBILITY
HIGHEST:    65 ON  4    GRTST 24HR  1.42 ON 24-24      TO 1/4 MILE OR LESS
LOWEST:     11 ON 21,19                            3 = THUNDER
                        SNOW, ICE PELLETS, HAIL    4 = ICE PELLETS
                        TOTAL MONTH:    M          5 = HAIL
                        GRTST 24HR    M  ON   M    6 = FREEZING RAIN OR DRIZZLE
                        GRTST DEPTH:  M  ON   M    7 = DUSTSTORM OR SANDSTORM:
                                                       VSBY 1/2 MILE OR LESS
                                                   8 = SMOKE OR HAZE
[NO. OF DAYS WITH]      [WEATHER - DAYS WITH]      9 = BLOWING SNOW
                                                   X = TORNADO
MAX 32 OR BELOW:   4    0.01 INCH OR MORE:   8
MAX 90 OR ABOVE:   0    0.10 INCH OR MORE:   5
MIN 32 OR BELOW:  18    0.50 INCH OR MORE:   2
MIN  0 OR BELOW:   0    1.00 INCH OR MORE:   1

[HDD (BASE 65) ]
TOTAL THIS MO.   771    CLEAR  (SCALE 0-3)  13
DPTR FM NORMAL    75    PTCLDY (SCALE 4-7)  10
TOTAL FM JUL 1  1446    CLOUDY (SCALE 8-10)  4
DPTR FM NORMAL   -38

[CDD (BASE 65) ]
TOTAL THIS MO.     0
DPTR FM NORMAL     0    [PRESSURE DATA]
TOTAL FM JAN 1   253    HIGHEST SLP  0.00 ON  1
DPTR FM NORMAL   -61    LOWEST  SLP 29.52 ON 17

[REMARKS]




U.S. Dept. of Commerce
NOAA National Weather Service
1325 East West Highway
Silver Spring, MD 20910
E-mail: w-nws.webmaster@noaa.gov
Page last modified: May 16, 2007
NATIONAL WEATHER SERVICE: for Safety, for Work, for Fun - FOR LIFE