779
CXUS53 KBIS 280725
CF6MOT
PRELIMINARY LOCAL CLIMATOLOGICAL DATA (WS FORM: F-6)

                                          STATION:   MINOT ND
                                          MONTH:     JULY
                                          YEAR:      2014
                                          LATITUDE:   48 15 N
                                          LONGITUDE: 101 16 W

  TEMPERATURE IN F:       :PCPN:    SNOW:  WIND      :SUNSHINE: SKY     :PK WND
================================================================================
1   2   3   4   5  6A  6B    7    8   9   10  11  12  13   14  15   16   17  18
                                     12Z  AVG MX 2MIN
DY MAX MIN AVG DEP HDD CDD  WTR  SNW DPTH SPD SPD DIR MIN PSBL S-S WX    SPD DR
================================================================================

 1  68  51  60  -8   5   0    T    M    M 17.7 31 320   M    M   3 1      40 310
 2  71  47  59  -9   6   0 0.00    M    M  4.7 10 220   M    M   3 18     15 240
 3  75  46  61  -7   4   0 0.00    M    M  7.8 16 110   M    M   1 1      21 100
 4  87  57  72   4   0   7 0.00    M    M  7.5 16 180   M    M   0 18     22 180
 5  92  67  80  12   0  15 0.00    M    M  8.5 20 280   M    M   0 1      26 280
 6  81  65  73   4   0   8 0.06    M    M 13.0 20 290   M    M   2 3      26 270
 7  73  58  66  -3   0   1 0.41    M    M 12.4 35 280   M    M   3 13     43 270
 8  76  58  67  -2   0   2 0.00    M    M 10.9 20 300   M    M   2 8      25 300
 9  78  50  64  -5   1   0 0.00    M    M  5.1 12 160   M    M   2 1      16 160
10  82  62  72   3   0   7 0.00    M    M 12.5 22 160   M    M   1 8      26 160
11  76  60  68  -1   0   3 0.00    M    M 10.9 21 300   M    M   1        25 290
12  80  54  67  -3   0   2    T    M    M 12.6 28 270   M    M   1        35 270
13  72  53  63  -7   2   0    T    M    M 16.3 31 290   M    M   2        39 280
14  69  49  59 -11   6   0 0.00    M    M 10.6 21 330   M    M   4        26 330
15  76  49  63  -7   2   0 0.00    M    M  6.2 12 340   M    M   1        17 300
16  79  53  66  -4   0   1 0.00    M    M  5.4 12 180   M    M   2        17 210
17  84  57  71   1   0   6 0.00    M    M  8.7 17 170   M    M   0        22 170
18  80  61  71   1   0   6 0.00    M    M 13.2 25 290   M    M   0        33 290
19  81  53  67  -3   0   2 0.00    M    M 10.6 21 170   M    M   1 8      27 180
20  91  67  79   9   0  14 0.00    M    M 10.9 22 270   M    M   0        29 270
21  79  62  71   1   0   6 0.37    M    M  9.1 23 310   M    M   4 13     32 300
22  79  58  69  -1   0   4 0.00    M    M  4.4  9 270   M    M   4 1      12  60
23  77  63  70   0   0   5 0.22    M    M 11.2 18 100   M    M   6 1      24  90
24  80  62  71   0   0   6 0.29    M    M 11.9 26 160   M    M   1 13     35 160
25  79  61  70  -1   0   5 0.25    M    M  9.6 22 280   M    M   2 13     26 270
26  72  57  65  -6   0   0 0.03    M    M 18.5 35 290   M    M   4        45 280
27  69  54  62  -9   3   0 0.00    M    M  9.6 18 330   M    M   7        23 330
================================================================================
SM 2106 1534        29 100  1.63    M    279.8          M       57
================================================================================
AV 78.0 56.8                              10.4 FASTST   M    M   2    MAX(MPH)
                                 MISC ---->  # 35 280               # 45  280
================================================================================
NOTES:
# LAST OF SEVERAL OCCURRENCES

COLUMN 17 PEAK WIND IN M.P.H.

PRELIMINARY LOCAL CLIMATOLOGICAL DATA (WS FORM: F-6) , PAGE 2

                                          STATION:  MINOT ND
                                          MONTH:    JULY
                                          YEAR:     2014
                                          LATITUDE:   48 15 N
                                          LONGITUDE: 101 16 W

[TEMPERATURE DATA]      [PRECIPITATION DATA]       SYMBOLS USED IN COLUMN 16

AVERAGE MONTHLY: 67.4   TOTAL FOR MONTH:   1.63    1 = FOG OR MIST
DPTR FM NORMAL:  -2.1   DPTR FM NORMAL:   -0.56    2 = FOG REDUCING VISIBILITY
HIGHEST:    92 ON  5    GRTST 24HR  0.54 ON 24-25      TO 1/4 MILE OR LESS
LOWEST:     46 ON  3                               3 = THUNDER
                        SNOW, ICE PELLETS, HAIL    4 = ICE PELLETS
                        TOTAL MONTH:    M          5 = HAIL
                        GRTST 24HR    M  ON   M    6 = FREEZING RAIN OR DRIZZLE
                        GRTST DEPTH:  M  ON   M    7 = DUSTSTORM OR SANDSTORM:
                                                       VSBY 1/2 MILE OR LESS
                                                   8 = SMOKE OR HAZE
[NO. OF DAYS WITH]      [WEATHER - DAYS WITH]      9 = BLOWING SNOW
                                                   X = TORNADO
MAX 32 OR BELOW:   0    0.01 INCH OR MORE:   7
MAX 90 OR ABOVE:   2    0.10 INCH OR MORE:   5
MIN 32 OR BELOW:   0    0.50 INCH OR MORE:   0
MIN  0 OR BELOW:   0    1.00 INCH OR MORE:   0

[HDD (BASE 65) ]
TOTAL THIS MO.    29    CLEAR  (SCALE 0-3)  20
DPTR FM NORMAL     6    PTCLDY (SCALE 4-7)   7
TOTAL FM JUL 1    29    CLOUDY (SCALE 8-10)  0
DPTR FM NORMAL     6

[CDD (BASE 65) ]
TOTAL THIS MO.   100
DPTR FM NORMAL   -44    [PRESSURE DATA]
TOTAL FM JAN 1   163    HIGHEST SLP M ON M
DPTR FM NORMAL   -70    LOWEST  SLP 29.62 ON M

[REMARKS]




U.S. Dept. of Commerce
NOAA National Weather Service
1325 East West Highway
Silver Spring, MD 20910
E-mail: w-nws.webmaster@noaa.gov
Page last modified: May 16, 2007
NATIONAL WEATHER SERVICE: for Safety, for Work, for Fun - FOR LIFE