725
CXUS53 KBIS 300726
CF6MOT
PRELIMINARY LOCAL CLIMATOLOGICAL DATA (WS FORM: F-6)

                                          STATION:   MINOT ND
                                          MONTH:     JANUARY
                                          YEAR:      2015
                                          LATITUDE:   48 15 N
                                          LONGITUDE: 101 16 W

  TEMPERATURE IN F:       :PCPN:    SNOW:  WIND      :SUNSHINE: SKY     :PK WND
================================================================================
1   2   3   4   5  6A  6B    7    8   9   10  11  12  13   14  15   16   17  18
                                     12Z  AVG MX 2MIN
DY MAX MIN AVG DEP HDD CDD  WTR  SNW DPTH SPD SPD DIR MIN PSBL S-S WX    SPD DR
================================================================================

 1  30  20  25  13  40   0    T    M    M 10.0 23 300   M    M  10 8      30 250
 2  32   7  20   8  45   0 0.01    M    M 13.0 23  30   M    M  10 18     29  20
 3   8  -9   0 -12  65   0    T    M    M 17.0 30 350   M    M   6 1      36 360
 4  -5 -17 -11 -23  76   0    T    M    M 15.8 24 280   M    M   2 8      29 290
 5   0 -16  -8 -20  73   0    T    M    M  7.8 17 240   M    M   3 8      21 260
 6   2  -7  -2 -14  67   0    T    M    M 20.6 30 300   M    M   1        37 300
 7   8 -12  -2 -14  67   0 0.00    M    M 12.7 23 290   M    M   1        29 290
 8  16  -2   7  -5  58   0    T    M    M 27.9 41 290   M    M   9 19     54 290
 9   4  -5   0 -12  65   0    T    M    M 16.8 32 280   M    M   1 9      40 270
10   3  -8  -2 -14  67   0 0.00    M    M  7.9 20 210   M    M   2        22 210
11   9  -7   1 -11  64   0 0.00    M    M  9.5 20 280   M    M   3        22 280
12   5 -19  -7 -19  72   0 0.00    M    M  9.0 17 170   M    M   0        23 170
13  21   0  11  -1  54   0 0.00    M    M 13.2 22 270   M    M   0        27 280
14  34  16  25  13  40   0    T    M    M 13.8 26 230   M    M   3        34 220
15  37  22  30  18  35   0 0.00    M    M 10.6 25 270   M    M   2 1      31 270
16  39  15  27  15  38   0 0.00    M    M 12.9 21 240   M    M   7 12     27 220
17  38  29  34  22  31   0    T    M    M 22.3 39 280   M    M   3 1      48 280
18  35  18  27  15  38   0 0.01    M    M  6.8 15 260   M    M   2 1      19 230
19  38  21  30  18  35   0    T    M    M  8.7 16 320   M    M   6 16     19 320
20  32  23  28  16  37   0 0.03    M    M  8.0 14 340   M    M   9 168    17 340
21  25  14  20   8  45   0    T    M    M  8.3 16 350   M    M   7 1      19 350
22  41  21  31  19  34   0    T    M    M 17.5 26 230   M    M   5        34 220
23  44  33  39  27  26   0 0.00    M    M 14.6 23 280   M    M   1        30 280
24  36  30  33  21  32   0 0.19    M    M  6.5 20 240   M    M   7 1      23 240
25  40  23  32  19  33   0    T    M    M  8.3 24 250   M    M   7 18     31 260
26  45  29  37  24  28   0 0.00    M    M 10.4 22 270   M    M   1        30 280
27  49  26  38  25  27   0 0.00    M    M  5.0 10 220   M    M   0 1      13 210
28  31  27  29  16  36   0    T    M    M 14.2 25 320   M    M   8 12     34 310
29  28  11  20   7  45   0    T    M    M 12.8 28 310   M    M   8 8      35 310
================================================================================
SM  725  283      1373   0  0.24    M    361.9          M      124
================================================================================
AV 25.0  9.8                              12.5 FASTST   M    M   4    MAX(MPH)
                                 MISC ---->  # 41 290               # 54  290
================================================================================
NOTES:
# LAST OF SEVERAL OCCURRENCES

COLUMN 17 PEAK WIND IN M.P.H.

PRELIMINARY LOCAL CLIMATOLOGICAL DATA (WS FORM: F-6) , PAGE 2

                                          STATION:  MINOT ND
                                          MONTH:    JANUARY
                                          YEAR:     2015
                                          LATITUDE:   48 15 N
                                          LONGITUDE: 101 16 W

[TEMPERATURE DATA]      [PRECIPITATION DATA]       SYMBOLS USED IN COLUMN 16

AVERAGE MONTHLY: 17.4   TOTAL FOR MONTH:   0.24    1 = FOG OR MIST
DPTR FM NORMAL:   5.2   DPTR FM NORMAL:   -0.24    2 = FOG REDUCING VISIBILITY
HIGHEST:    49 ON 27    GRTST 24HR  0.19 ON 24-24      TO 1/4 MILE OR LESS
LOWEST:    -19 ON 12                               3 = THUNDER
                        SNOW, ICE PELLETS, HAIL    4 = ICE PELLETS
                        TOTAL MONTH:    M          5 = HAIL
                        GRTST 24HR    M  ON   M    6 = FREEZING RAIN OR DRIZZLE
                        GRTST DEPTH:  M  ON   M    7 = DUSTSTORM OR SANDSTORM:
                                                       VSBY 1/2 MILE OR LESS
                                                   8 = SMOKE OR HAZE
[NO. OF DAYS WITH]      [WEATHER - DAYS WITH]      9 = BLOWING SNOW
                                                   X = TORNADO
MAX 32 OR BELOW:  17    0.01 INCH OR MORE:   4
MAX 90 OR ABOVE:   0    0.10 INCH OR MORE:   1
MIN 32 OR BELOW:  28    0.50 INCH OR MORE:   0
MIN  0 OR BELOW:  11    1.00 INCH OR MORE:   0

[HDD (BASE 65) ]
TOTAL THIS MO.  1373    CLEAR  (SCALE 0-3)  15
DPTR FM NORMAL  -158    PTCLDY (SCALE 4-7)   9
TOTAL FM JUL 1  4987    CLOUDY (SCALE 8-10)  5
DPTR FM NORMAL  -139

[CDD (BASE 65) ]
TOTAL THIS MO.     0
DPTR FM NORMAL     0    [PRESSURE DATA]
TOTAL FM JAN 1     0    HIGHEST SLP M ON M
DPTR FM NORMAL     0    LOWEST  SLP 29.57 ON 17

[REMARKS]




U.S. Dept. of Commerce
NOAA National Weather Service
1325 East West Highway
Silver Spring, MD 20910
E-mail: w-nws.webmaster@noaa.gov
Page last modified: May 16, 2007
NATIONAL WEATHER SERVICE: for Safety, for Work, for Fun - FOR LIFE