866
CXUS53 KBIS 270723
CF6MOT
PRELIMINARY LOCAL CLIMATOLOGICAL DATA (WS FORM: F-6)

                                          STATION:   MINOT ND
                                          MONTH:     AUGUST
                                          YEAR:      2014
                                          LATITUDE:   48 15 N
                                          LONGITUDE: 101 16 W

  TEMPERATURE IN F:       :PCPN:    SNOW:  WIND      :SUNSHINE: SKY     :PK WND
================================================================================
1   2   3   4   5  6A  6B    7    8   9   10  11  12  13   14  15   16   17  18
                                     12Z  AVG MX 2MIN
DY MAX MIN AVG DEP HDD CDD  WTR  SNW DPTH SPD SPD DIR MIN PSBL S-S WX    SPD DR
================================================================================

 1  82  55  69  -2   0   4 0.00    M    M  3.5  9  60   M    M   0 18     13  70
 2  81  56  69  -2   0   4 0.00    M    M  5.9 14 350   M    M   0 18     19 330
 3  75  57  66  -5   0   1 0.01    M    M  6.3 10 110   M    M   3 1      14 120
 4  79  50  65  -6   0   0 0.00    M    M  6.3 17 170   M    M   0 1      23 160
 5  76  51  64  -6   1   0 0.00    M    M  5.9 13 130   M    M   0        16 110
 6  80  61  71   1   0   6    T    M    M  8.6 21 160   M    M   8        25 160
 7  83  66  75   5   0  10 0.00    M    M  8.8 22  40   M    M   4 3      29  30
 8  87  61  74   4   0   9 0.00    M    M  9.5 20 160   M    M   0        26 130
 9  84  61  73   3   0   8 0.00    M    M  6.9 20 300   M    M   5 1      26 300
10  74  55  65  -5   0   0 0.00    M    M  8.3 20 300   M    M   2        25 330
11   M  50   M   M   M   M 0.00    M    M  3.2  6 160   M    M   0         M  M
12  87  56  72   2   0   7 0.00    M    M  6.1 12 100   M    M   1        16  90
13  88  61  75   5   0  10 0.00    M    M 12.3 24 110   M    M   2        32 110
14  88  66  77   8   0  12 0.00    M    M  9.4 22 130   M    M   0        26 120
15  87  61  74   5   0   9 0.00    M    M  4.1 13  10   M    M   2 12     18 340
16  71  65  68  -1   0   3 0.20    M    M  5.9 10 320   M    M   8 1      13 360
17  86  64  75   6   0  10 0.01    M    M  7.6 21 180   M    M   6 138    28 220
18  83  63  73   5   0   8 0.00    M    M 10.9 18 290   M    M   4        23 300
19  87  60  74   6   0   9 0.00    M    M  4.8 10 160   M    M   0        14  90
20  85  62  74   6   0   9 0.51    M    M  7.2 23 170   M    M   2 138    30 170
21  80  62  71   3   0   6    T    M    M  8.6 16 330   M    M   7 18     20 340
22  65  59  62  -6   3   0 0.05    M    M  9.1 15  40   M    M  10 18     19  40
23  61  56  59  -8   6   0 1.72    M    M 13.1 23  20   M    M  10 1      31  20
24  68  55  62  -5   3   0 0.28    M    M 10.7 22 210   M    M  10 18     29 200
25  61  48  55 -11  10   0 0.06    M    M 13.8 23 280   M    M   8 1      29 270
26  71  47  59  -7   6   0 0.00    M    M  5.3 13 210   M    M   2        17 210
================================================================================
SM 1969 1508        29 125  2.84    M    202.1          M       94
================================================================================
AV 78.8 58.0                               7.8 FASTST   M    M   4    MAX(MPH)
                                 MISC ---->  # 24 110               # 32  110
================================================================================
NOTES:
# LAST OF SEVERAL OCCURRENCES

COLUMN 17 PEAK WIND IN M.P.H.

PRELIMINARY LOCAL CLIMATOLOGICAL DATA (WS FORM: F-6) , PAGE 2

                                          STATION:  MINOT ND
                                          MONTH:    AUGUST
                                          YEAR:     2014
                                          LATITUDE:   48 15 N
                                          LONGITUDE: 101 16 W

[TEMPERATURE DATA]      [PRECIPITATION DATA]       SYMBOLS USED IN COLUMN 16

AVERAGE MONTHLY: 68.4   TOTAL FOR MONTH:   2.84    1 = FOG OR MIST
DPTR FM NORMAL:  -0.7   DPTR FM NORMAL:    1.11    2 = FOG REDUCING VISIBILITY
HIGHEST:    88 ON 14,13 GRTST 24HR  1.86 ON 23-24      TO 1/4 MILE OR LESS
LOWEST:     47 ON 26                               3 = THUNDER
                        SNOW, ICE PELLETS, HAIL    4 = ICE PELLETS
                        TOTAL MONTH:    M          5 = HAIL
                        GRTST 24HR    M  ON   M    6 = FREEZING RAIN OR DRIZZLE
                        GRTST DEPTH:  M  ON   M    7 = DUSTSTORM OR SANDSTORM:
                                                       VSBY 1/2 MILE OR LESS
                                                   8 = SMOKE OR HAZE
[NO. OF DAYS WITH]      [WEATHER - DAYS WITH]      9 = BLOWING SNOW
                                                   X = TORNADO
MAX 32 OR BELOW:   0    0.01 INCH OR MORE:   8
MAX 90 OR ABOVE:   0    0.10 INCH OR MORE:   4
MIN 32 OR BELOW:   0    0.50 INCH OR MORE:   2
MIN  0 OR BELOW:   0    1.00 INCH OR MORE:   1

[HDD (BASE 65) ]
TOTAL THIS MO.    29    CLEAR  (SCALE 0-3)  14
DPTR FM NORMAL    -4    PTCLDY (SCALE 4-7)   8
TOTAL FM JUL 1    59    CLOUDY (SCALE 8-10)  4
DPTR FM NORMAL     2

[CDD (BASE 65) ]
TOTAL THIS MO.   125
DPTR FM NORMAL   -12    [PRESSURE DATA]
TOTAL FM JAN 1   297    HIGHEST SLP M ON M
DPTR FM NORMAL   -98    LOWEST  SLP 29.63 ON 24

[REMARKS]




U.S. Dept. of Commerce
NOAA National Weather Service
1325 East West Highway
Silver Spring, MD 20910
E-mail: w-nws.webmaster@noaa.gov
Page last modified: May 16, 2007
NATIONAL WEATHER SERVICE: for Safety, for Work, for Fun - FOR LIFE