286
CXUS56 KSTO 011455
CF6MOD
PRELIMINARY LOCAL CLIMATOLOGICAL DATA (WS FORM: F-6)

                                          STATION:   MODESTO CA
                                          MONTH:     AUGUST
                                          YEAR:      2014
                                          LATITUDE:   37 37 N
                                          LONGITUDE: 120 57 W

  TEMPERATURE IN F:       :PCPN:    SNOW:  WIND      :SUNSHINE: SKY     :PK WND
================================================================================
1   2   3   4   5  6A  6B    7    8   9   10  11  12  13   14  15   16   17  18
                                     12Z  AVG MX 2MIN
DY MAX MIN AVG DEP HDD CDD  WTR  SNW DPTH SPD SPD DIR MIN PSBL S-S WX    SPD DR
================================================================================

 1 106  69  88   9   0  23 0.00  0.0    0  7.6 20 320   M    M   0        24 290
 2 100  70  85   6   0  20 0.00  0.0    0  9.0 15 350   M    M   0        21 310
 3  86  63  75  -4   0  10 0.00  0.0    0  5.8 14 320   M    M   0        16 310
 4  83  63  73  -6   0   8 0.00  0.0    0  9.3 14 310   M    M   0        19 340
 5  89  67  78  -1   0  13 0.00  0.0    0 11.4 20 350   M    M   2        25 350
 6  92  69  81   2   0  16 0.00  0.0    0  9.7 16 320   M    M   0        20 330
 7  96  68  82   3   0  17 0.00  0.0    0  7.1 16 330   M    M   0        21 320
 8  94  65  80   1   0  15 0.00  0.0    0  7.2 14 330   M    M   0        19 320
 9  94  64  79   0   0  14 0.00  0.0    0  7.9 20 340   M    M   0        25 330
10  87  58  73  -5   0   8 0.00  0.0    0  8.9 14 330   M    M   0        17 330
11  96  62  79   1   0  14 0.00  0.0    0  7.2 15 330   M    M   0        19 310
12  90  62  76  -2   0  11 0.00  0.0    0  9.2 17 310   M    M   0        23 330
13  89  59  74  -4   0   9 0.00  0.0    0  9.6 17 320   M    M   0        21 320
14  92  66  79   1   0  14 0.00  0.0    0  7.1 15 320   M    M   0        18 330
15  95  65  80   2   0  15 0.00  0.0    0  6.6 16 320   M    M   0        20 150
16  95  64  80   2   0  15 0.00  0.0    0  7.6 13 320   M    M   0        17 320
17  94  63  79   1   0  14 0.00  0.0    0  8.1 15 310   M    M   0        20 340
18  94  61  78   0   0  13 0.00  0.0    0  7.7 15 340   M    M   0        19 330
19  88  60  74  -4   0   9 0.00  0.0    0  8.8 15 330   M    M   0        19 330
20  86  61  74  -4   0   9 0.00  0.0    0  6.9 16 330   M    M   0        20 320
21  91  60  76  -2   0  11 0.00  0.0    0  6.9 13 340   M    M   0        17 330
22  93  61  77  -1   0  12 0.00  0.0    0  6.9 18 320   M    M   0        22 330
23  89  59  74  -3   0   9 0.00  0.0    0  7.0 12 300   M    M   0        15 300
24  90  61  76  -1   0  11 0.00  0.0    0  8.2 14 320   M    M   0        19 340
25  85  61  73  -4   0   8 0.00  0.0    0  9.4 16 320   M    M   0        19 310
26  90  59  75  -2   0  10 0.00  0.0    0  6.6 13 320   M    M   0        15 330
27  95  65  80   3   0  15 0.00  0.0    0  5.3 14 300   M    M   0        17 300
28  97  65  81   4   0  16 0.00  0.0    0  6.6 13 310   M    M   0        17 300
29  92  63  78   1   0  13 0.00  0.0    0  7.0 15 320   M    M   0        18 330
30  97  63  80   3   0  15 0.00  0.0    0  7.2 22 290   M    M   0        25 290
31  93  64  79   2   0  14 0.00  0.0    0  7.9 17 290   M    M   0        21 290
================================================================================
SM 2858 1960         0 401  0.00     0.0 241.7          M        2
================================================================================
AV 92.2 63.2                               7.8 FASTST   M    M   0    MAX(MPH)
                                 MISC ---->  # 22 290               # 25  350
================================================================================
NOTES:
# LAST OF SEVERAL OCCURRENCES

COLUMN 17 PEAK WIND IN M.P.H.

PRELIMINARY LOCAL CLIMATOLOGICAL DATA (WS FORM: F-6) , PAGE 2

                                          STATION:  MODESTO CA
                                          MONTH:    AUGUST
                                          YEAR:     2014
                                          LATITUDE:   37 37 N
                                          LONGITUDE: 120 57 W

[TEMPERATURE DATA]      [PRECIPITATION DATA]       SYMBOLS USED IN COLUMN 16

AVERAGE MONTHLY: 77.7   TOTAL FOR MONTH:   0.00    1 = FOG OR MIST
DPTR FM NORMAL:  -0.3   DPTR FM NORMAL:   -0.02    2 = FOG REDUCING VISIBILITY
HIGHEST:   106 ON  1    GRTST 24HR  0.00 ON 31-31      TO 1/4 MILE OR LESS
LOWEST:     58 ON 10                               3 = THUNDER
                        SNOW, ICE PELLETS, HAIL    4 = ICE PELLETS
                        TOTAL MONTH:   0.0 INCH    5 = HAIL
                        GRTST 24HR     0.0         6 = FREEZING RAIN OR DRIZZLE
                        GRTST DEPTH:   0           7 = DUSTSTORM OR SANDSTORM:
                                                       VSBY 1/2 MILE OR LESS
                                                   8 = SMOKE OR HAZE
[NO. OF DAYS WITH]      [WEATHER - DAYS WITH]      9 = BLOWING SNOW
                                                   X = TORNADO
MAX 32 OR BELOW:   0    0.01 INCH OR MORE:   0
MAX 90 OR ABOVE:  22    0.10 INCH OR MORE:   0
MIN 32 OR BELOW:   0    0.50 INCH OR MORE:   0
MIN  0 OR BELOW:   0    1.00 INCH OR MORE:   0

[HDD (BASE 65) ]
TOTAL THIS MO.     0    CLEAR  (SCALE 0-3)  31
DPTR FM NORMAL     0    PTCLDY (SCALE 4-7)   0
TOTAL FM JUL 1     0    CLOUDY (SCALE 8-10)  0
DPTR FM NORMAL     0

[CDD (BASE 65) ]
TOTAL THIS MO.   401
DPTR FM NORMAL     0    [PRESSURE DATA]
TOTAL FM JAN 1  1429    HIGHEST SLP 30.04 ON 27
DPTR FM NORMAL    93    LOWEST  SLP 29.72 ON 18

[REMARKS]
#FINAL-08-14#




U.S. Dept. of Commerce
NOAA National Weather Service
1325 East West Highway
Silver Spring, MD 20910
E-mail: w-nws.webmaster@noaa.gov
Page last modified: May 16, 2007
NATIONAL WEATHER SERVICE: for Safety, for Work, for Fun - FOR LIFE