570
CXUS56 KSTO 011455
CF6MOD
PRELIMINARY LOCAL CLIMATOLOGICAL DATA (WS FORM: F-6)

                                          STATION:   MODESTO CA
                                          MONTH:     SEPTEMBER
                                          YEAR:      2014
                                          LATITUDE:   37 37 N
                                          LONGITUDE: 120 57 W

  TEMPERATURE IN F:       :PCPN:    SNOW:  WIND      :SUNSHINE: SKY     :PK WND
================================================================================
1   2   3   4   5  6A  6B    7    8   9   10  11  12  13   14  15   16   17  18
                                     12Z  AVG MX 2MIN
DY MAX MIN AVG DEP HDD CDD  WTR  SNW DPTH SPD SPD DIR MIN PSBL S-S WX    SPD DR
================================================================================

 1  97  63  80   4   0  15 0.00  0.0    0  6.4 14 310   M    M   0        22 320
 2  96  64  80   4   0  15 0.00  0.0    0  5.8 20 310   M    M   0 8      23 310
 3  90  59  75  -1   0  10 0.00  0.0    0  8.2 15 330   M    M   0        20 330
 4  93  62  78   2   0  13 0.00  0.0    0  6.6 15 310   M    M   0 8      18 300
 5  90  61  76   0   0  11 0.00  0.0    0  8.4 14 330   M    M   0        16 330
 6  92  60  76   0   0  11 0.00  0.0    0  8.1 15 310   M    M   0 8      19 310
 7  91  57  74  -2   0   9 0.00  0.0    0  8.1 16 320   M    M   0        20 320
 8  87  61  74  -2   0   9 0.00  0.0    0  8.8 15 330   M    M   2        19 330
 9  88  54  71  -4   0   6 0.00  0.0    0  6.6 12 340   M    M   0        17 310
10  95  59  77   2   0  12 0.00  0.0    0  3.8 13 300   M    M   0 8      17 310
11  98  59  79   4   0  14 0.00  0.0    0  4.5 16 320   M    M   0        19 320
12 100  63  82   7   0  17 0.00  0.0    0  6.2 15 320   M    M   0        18 320
13  98  67  83   8   0  18 0.00  0.0    0  5.9 13 330   M    M   0        16 340
14  97  65  81   6   0  16 0.00  0.0    0  6.3 14 330   M    M   0        17 310
15  94  67  81   7   0  16 0.00  0.0    0  8.9 18 330   M    M   0        22 320
16  90  59  75   1   0  10 0.00  0.0    0  7.4 13 320   M    M   0        17 330
17  93  63  78   4   0  13 0.00  0.0    0  5.8 14 320   M    M   0        18 310
18  86  65  76   2   0  11 0.00  0.0    0  7.4 18 310   M    M   1        24 320
19  88  64  76   2   0  11 0.00  0.0    0  6.8 14 320   M    M   0        16 280
20  89  64  77   4   0  12 0.00  0.0    0  8.1 18 320   M    M   0 3      22 330
21  86  61  74   1   0   9 0.00  0.0    0  9.6 16 320   M    M   0        21 310
22  87  59  73   0   0   8 0.00  0.0    0  7.1 14 320   M    M   0        19 310
23  90  61  76   3   0  11 0.00  0.0    0  7.5 15 330   M    M   0        19 330
24  88  63  76   4   0  11 0.00  0.0    0  8.4 22 300   M    M   0        26 300
25  70  58  64  -8   1   0 0.30  0.0    0  6.6 20 320   M    M   5 18     23 320
26  77  55  66  -6   0   1 0.00  0.0    0  7.5 20 270   M    M   1 1      26 260
27  78  54  66  -6   0   1 0.00  0.0    0  5.0 16 290   M    M   1 1      23 290
28  73  59  66  -5   0   1    T  0.0    0  4.4 13 140   M    M   4 8      17 140
29  82  56  69  -2   0   4 0.00  0.0    0  6.0 15 290   M    M   0 1      20 300
30  81  56  69  -2   0   4 0.00  0.0    0  7.0 17 300   M    M   0        22 320
================================================================================
SM 2664 1818         1 299  0.30     0.0 207.2          M       14
================================================================================
AV 88.8 60.6                               6.9 FASTST   M    M   0    MAX(MPH)
                                 MISC ---->  # 22 300               # 26  300
================================================================================
NOTES:
# LAST OF SEVERAL OCCURRENCES

COLUMN 17 PEAK WIND IN M.P.H.

PRELIMINARY LOCAL CLIMATOLOGICAL DATA (WS FORM: F-6) , PAGE 2

                                          STATION:  MODESTO CA
                                          MONTH:    SEPTEMBER
                                          YEAR:     2014
                                          LATITUDE:   37 37 N
                                          LONGITUDE: 120 57 W

[TEMPERATURE DATA]      [PRECIPITATION DATA]       SYMBOLS USED IN COLUMN 16

AVERAGE MONTHLY: 74.7   TOTAL FOR MONTH:   0.30    1 = FOG OR MIST
DPTR FM NORMAL:   0.6   DPTR FM NORMAL:    0.04    2 = FOG REDUCING VISIBILITY
HIGHEST:   100 ON 12    GRTST 24HR  0.30 ON 25-25      TO 1/4 MILE OR LESS
LOWEST:     54 ON 27, 9                            3 = THUNDER
                        SNOW, ICE PELLETS, HAIL    4 = ICE PELLETS
                        TOTAL MONTH:   0.0 INCH    5 = HAIL
                        GRTST 24HR     0.0         6 = FREEZING RAIN OR DRIZZLE
                        GRTST DEPTH:   0           7 = DUSTSTORM OR SANDSTORM:
                                                       VSBY 1/2 MILE OR LESS
                                                   8 = SMOKE OR HAZE
[NO. OF DAYS WITH]      [WEATHER - DAYS WITH]      9 = BLOWING SNOW
                                                   X = TORNADO
MAX 32 OR BELOW:   0    0.01 INCH OR MORE:   1
MAX 90 OR ABOVE:  16    0.10 INCH OR MORE:   1
MIN 32 OR BELOW:   0    0.50 INCH OR MORE:   0
MIN  0 OR BELOW:   0    1.00 INCH OR MORE:   0

[HDD (BASE 65) ]
TOTAL THIS MO.     1    CLEAR  (SCALE 0-3)  28
DPTR FM NORMAL    -2    PTCLDY (SCALE 4-7)   2
TOTAL FM JUL 1     1    CLOUDY (SCALE 8-10)  0
DPTR FM NORMAL    -2

[CDD (BASE 65) ]
TOTAL THIS MO.   299
DPTR FM NORMAL    23    [PRESSURE DATA]
TOTAL FM JAN 1  1728    HIGHEST SLP 30.03 ON 25
DPTR FM NORMAL   116    LOWEST  SLP 29.62 ON  3

[REMARKS]
#FINAL-09-14#




U.S. Dept. of Commerce
NOAA National Weather Service
1325 East West Highway
Silver Spring, MD 20910
E-mail: w-nws.webmaster@noaa.gov
Page last modified: May 16, 2007
NATIONAL WEATHER SERVICE: for Safety, for Work, for Fun - FOR LIFE