848
CXUS56 KSTO 271455
CF6MOD
PRELIMINARY LOCAL CLIMATOLOGICAL DATA (WS FORM: F-6)

                                          STATION:   MODESTO CA
                                          MONTH:     NOVEMBER
                                          YEAR:      2014
                                          LATITUDE:   37 37 N
                                          LONGITUDE: 120 57 W

  TEMPERATURE IN F:       :PCPN:    SNOW:  WIND      :SUNSHINE: SKY     :PK WND
================================================================================
1   2   3   4   5  6A  6B    7    8   9   10  11  12  13   14  15   16   17  18
                                     12Z  AVG MX 2MIN
DY MAX MIN AVG DEP HDD CDD  WTR  SNW DPTH SPD SPD DIR MIN PSBL S-S WX    SPD DR
================================================================================

 1  64  48  56  -4   9   0 0.04    M    0  5.3 15 350   M    M   6 1      21 340
 2  66  45  56  -4   9   0 0.00  0.0    0  8.1 18 290   M    M   1 1      23 280
 3  66  40  53  -7  12   0 0.00  0.0    0  1.6  8 110   M    M   0 1      10 260
 4  69  42  56  -3   9   0 0.00  0.0    0  1.8  8 320   M    M   0 18     11 300
 5  71  45  58  -1   7   0 0.00  0.0    0  4.4  9 110   M    M   0 18     12 140
 6  75  46  61   3   4   0 0.00  0.0    0  2.3  8 300   M    M   0 18     10 310
 7  75  52  64   6   1   0 0.00  0.0    0  4.8 12 310   M    M   0 18     15 300
 8  77  48  63   5   2   0 0.00  0.0    0  2.4  7 350   M    M   0 18      9 340
 9  77  47  62   5   3   0 0.00  0.0    0  2.3  8 300   M    M   0 18     10 300
10  76  47  62   5   3   0 0.00  0.0    0  1.4  8 310   M    M   1 128    11 320
11  65  50  58   1   7   0 0.00  0.0    0  3.5  9 330   M    M   6 18     12 350
12  67  51  59   3   6   0 0.00  0.0    0  3.4  9 330   M    M   5        12 330
13  63  55  59   3   6   0 0.27  0.0    0  5.4 14 120   M    M   8 18     20 120
14  67  50  59   3   6   0 0.00  0.0    0  4.9 15 330   M    M   0 18     19 300
15  64  47  56   1   9   0 0.00  0.0    0  5.9 15 330   M    M   0 1      19 330
16  58  44  51  -4  14   0 0.00  0.0    0  4.6 17 290   M    M   1        21 290
17  65  41  53  -1  12   0 0.00  0.0    0  1.8  9 290   M    M   0 1      10 290
18  62  37  50  -4  15   0 0.00  0.0    0  1.7  7 150   M    M   1 18      9 130
19  67  46  57   3   8   0 0.02    M    0  4.5 14 150   M    M   6 18     18 140
20  57  49  53  -1  12   0 0.04    M    0  3.5 14 120   M    M   9 128    15 110
21  62  50  56   3   9   0 0.00  0.0    0  6.2 12 350   M    M   8 128    14 330
22  60  50  55   2  10   0 0.06  0.0    0  7.5 15 140   M    M   7 128    22 130
23  63  43  53   1  12   0 0.00  0.0    0  7.9 21 320   M    M   3 12     26 290
24  64  38  51  -1  14   0 0.00  0.0    0  1.6  8 350   M    M   0 18     13 350
25  66  41  54   2  11   0 0.00  0.0    0  1.7  8 120   M    M   0 18      8 120
26  69  39  54   2  11   0 0.00  0.0    0  1.4  7 110   M    M   0 128     8 160
================================================================================
SM 1735 1191       221   0  0.43     0.0  99.9          M       62
================================================================================
AV 66.7 45.8                               3.8 FASTST   M    M   2    MAX(MPH)
                                 MISC ---->  # 21 320               # 26  290
================================================================================
NOTES:
# LAST OF SEVERAL OCCURRENCES

COLUMN 17 PEAK WIND IN M.P.H.

PRELIMINARY LOCAL CLIMATOLOGICAL DATA (WS FORM: F-6) , PAGE 2

                                          STATION:  MODESTO CA
                                          MONTH:    NOVEMBER
                                          YEAR:     2014
                                          LATITUDE:   37 37 N
                                          LONGITUDE: 120 57 W

[TEMPERATURE DATA]      [PRECIPITATION DATA]       SYMBOLS USED IN COLUMN 16

AVERAGE MONTHLY: 56.3   TOTAL FOR MONTH:   0.43    1 = FOG OR MIST
DPTR FM NORMAL:   0.5   DPTR FM NORMAL:   -0.72    2 = FOG REDUCING VISIBILITY
HIGHEST:    77 ON  9, 8 GRTST 24HR  0.68 ON 31- 1      TO 1/4 MILE OR LESS
LOWEST:     37 ON 18                               3 = THUNDER
                        SNOW, ICE PELLETS, HAIL    4 = ICE PELLETS
                        TOTAL MONTH:   0.0 INCH    5 = HAIL
                        GRTST 24HR     0.0         6 = FREEZING RAIN OR DRIZZLE
                        GRTST DEPTH:   0           7 = DUSTSTORM OR SANDSTORM:
                                                       VSBY 1/2 MILE OR LESS
                                                   8 = SMOKE OR HAZE
[NO. OF DAYS WITH]      [WEATHER - DAYS WITH]      9 = BLOWING SNOW
                                                   X = TORNADO
MAX 32 OR BELOW:   0    0.01 INCH OR MORE:   5
MAX 90 OR ABOVE:   0    0.10 INCH OR MORE:   1
MIN 32 OR BELOW:   0    0.50 INCH OR MORE:   0
MIN  0 OR BELOW:   0    1.00 INCH OR MORE:   0

[HDD (BASE 65) ]
TOTAL THIS MO.   221    CLEAR  (SCALE 0-3)  18
DPTR FM NORMAL   -20    PTCLDY (SCALE 4-7)   7
TOTAL FM JUL 1   249    CLOUDY (SCALE 8-10)  1
DPTR FM NORMAL   -55

[CDD (BASE 65) ]
TOTAL THIS MO.     0
DPTR FM NORMAL     0    [PRESSURE DATA]
TOTAL FM JAN 1  1855    HIGHEST SLP M ON M
DPTR FM NORMAL   159    LOWEST  SLP 29.70 ON  1

[REMARKS]




U.S. Dept. of Commerce
NOAA National Weather Service
1325 East West Highway
Silver Spring, MD 20910
E-mail: w-nws.webmaster@noaa.gov
Page last modified: May 16, 2007
NATIONAL WEATHER SERVICE: for Safety, for Work, for Fun - FOR LIFE