826
CXUS56 KSTO 241455
CF6MOD
PRELIMINARY LOCAL CLIMATOLOGICAL DATA (WS FORM: F-6)

                                          STATION:   MODESTO CA
                                          MONTH:     JULY
                                          YEAR:      2014
                                          LATITUDE:   37 37 N
                                          LONGITUDE: 120 57 W

  TEMPERATURE IN F:       :PCPN:    SNOW:  WIND      :SUNSHINE: SKY     :PK WND
================================================================================
1   2   3   4   5  6A  6B    7    8   9   10  11  12  13   14  15   16   17  18
                                     12Z  AVG MX 2MIN
DY MAX MIN AVG DEP HDD CDD  WTR  SNW DPTH SPD SPD DIR MIN PSBL S-S WX    SPD DR
================================================================================

 1  97  68  83   5   0  18 0.00  0.0    0  7.6 16 310   M    M   0        23 320
 2  94  60  77  -1   0  12 0.00  0.0    0  9.0 16 340   M    M   0        23 320
 3  98  63  81   3   0  16 0.00  0.0    0  7.9 15 340   M    M   0        20 340
 4 100  63  82   4   0  17 0.00  0.0    0  7.9 21 310   M    M   0        26 310
 5  99  64  82   4   0  17 0.00  0.0    0  8.6 17 320   M    M   0        22 320
 6 100  63  82   3   0  17 0.00  0.0    0  8.2 15 330   M    M   0        19 330
 7  97  68  83   4   0  18 0.00  0.0    0  3.0 13 270   M    M   0        16 270
 8 100  71  86   7   0  21 0.00  0.0    0  6.7 16 330   M    M   0        19 360
 9  94  63  79   0   0  14 0.00  0.0    0  8.7 15 350   M    M   0        19 330
10  90  61  76  -3   0  11 0.00  0.0    0  9.5 15 340   M    M   0        25 230
11  88  61  75  -4   0  10 0.00  0.0    0 10.7 18 320   M    M   0        23 340
12  92  59  76  -3   0  11 0.00  0.0    0  9.4 15 320   M    M   0        20 350
13  98  62  80   1   0  15 0.00  0.0    0  8.7 20 320   M    M   0        24 320
14   M  68   M   M   M   M 0.00  0.0    0  4.2  7 230   M    M   0         M  M
15  95  78  87   8   0  22 0.00  0.0    0 11.2 16 320   M    M   0        22  10
16  89  66  78  -1   0  13 0.00  0.0    0 10.4 20 330   M    M   0        23 320
17  89  63  76  -4   0  11 0.00  0.0    0  8.9 18 330   M    M   0        30 330
18  88  62  75  -5   0  10 0.00  0.0    0  9.9 16 320   M    M   0        20 350
19  95  63  79  -1   0  14 0.00  0.0    0  7.6 15 330   M    M   0        19 320
20  89  68  79  -1   0  14 0.00  0.0    0  9.5 21 320   M    M   0        25 320
21  88  64  76  -4   0  11 0.00  0.0    0  8.8 16 330   M    M   0        21 330
22  88  63  76  -4   0  11 0.00  0.0    0 11.0 21 310   M    M   1        26 330
23  87  63  75  -5   0  10 0.00  0.0    0 10.6 18 320   M    M   0        26 350
================================================================================
SM 2055 1484         0 313  0.00     0.0 198.0          M        1
================================================================================
AV 93.4 64.5                               8.6 FASTST   M    M   0    MAX(MPH)
                                 MISC ---->  # 21 310               # 30  330
================================================================================
NOTES:
# LAST OF SEVERAL OCCURRENCES

COLUMN 17 PEAK WIND IN M.P.H.

PRELIMINARY LOCAL CLIMATOLOGICAL DATA (WS FORM: F-6) , PAGE 2

                                          STATION:  MODESTO CA
                                          MONTH:    JULY
                                          YEAR:     2014
                                          LATITUDE:   37 37 N
                                          LONGITUDE: 120 57 W

[TEMPERATURE DATA]      [PRECIPITATION DATA]       SYMBOLS USED IN COLUMN 16

AVERAGE MONTHLY: 79.0   TOTAL FOR MONTH:   0.00    1 = FOG OR MIST
DPTR FM NORMAL:  -0.1   DPTR FM NORMAL:    0.00    2 = FOG REDUCING VISIBILITY
HIGHEST:   100 ON  8, 6 GRTST 24HR  0.00 ON 23-23      TO 1/4 MILE OR LESS
LOWEST:     59 ON 12                               3 = THUNDER
                        SNOW, ICE PELLETS, HAIL    4 = ICE PELLETS
                        TOTAL MONTH:   0.0 INCH    5 = HAIL
                        GRTST 24HR     0.0         6 = FREEZING RAIN OR DRIZZLE
                        GRTST DEPTH:   0           7 = DUSTSTORM OR SANDSTORM:
                                                       VSBY 1/2 MILE OR LESS
                                                   8 = SMOKE OR HAZE
[NO. OF DAYS WITH]      [WEATHER - DAYS WITH]      9 = BLOWING SNOW
                                                   X = TORNADO
MAX 32 OR BELOW:   0    0.01 INCH OR MORE:   0
MAX 90 OR ABOVE:  14    0.10 INCH OR MORE:   0
MIN 32 OR BELOW:   0    0.50 INCH OR MORE:   0
MIN  0 OR BELOW:   0    1.00 INCH OR MORE:   0

[HDD (BASE 65) ]
TOTAL THIS MO.     0    CLEAR  (SCALE 0-3)  23
DPTR FM NORMAL     0    PTCLDY (SCALE 4-7)   0
TOTAL FM JUL 1     0    CLOUDY (SCALE 8-10)  0
DPTR FM NORMAL     0

[CDD (BASE 65) ]
TOTAL THIS MO.   313
DPTR FM NORMAL    -9    [PRESSURE DATA]
TOTAL FM JAN 1   888    HIGHEST SLP M ON M
DPTR FM NORMAL    68    LOWEST  SLP 29.70 ON  1

[REMARKS]




U.S. Dept. of Commerce
NOAA National Weather Service
1325 East West Highway
Silver Spring, MD 20910
E-mail: w-nws.webmaster@noaa.gov
Page last modified: May 16, 2007
NATIONAL WEATHER SERVICE: for Safety, for Work, for Fun - FOR LIFE