428
CXUS54 KMOB 010627
CF6MOB
PRELIMINARY LOCAL CLIMATOLOGICAL DATA (WS FORM: F-6)

                                          STATION:   MOBILE
                                          MONTH:     JULY
                                          YEAR:      2014
                                          LATITUDE:   30 40 N
                                          LONGITUDE:  88 15 W

  TEMPERATURE IN F:       :PCPN:    SNOW:  WIND      :SUNSHINE: SKY     :PK WND
================================================================================
1   2   3   4   5  6A  6B    7    8   9   10  11  12  13   14  15   16   17  18
                                     12Z  AVG MX 2MIN
DY MAX MIN AVG DEP HDD CDD  WTR  SNW DPTH SPD SPD DIR MIN PSBL S-S WX    SPD DR
================================================================================

 1  93  74  84   3   0  19 0.00  0.0    0  3.9 10 330   M    M   5 1      15 310
 2  94  74  84   2   0  19 0.00  0.0    0  5.9 17 330   M    M   5 3      26 320
 3  90  70  80  -2   0  15 0.00  0.0    0  5.7 14 340   M    M   5        16 340
 4  88  69  79  -3   0  14 0.00  0.0    0  6.1 14 330   M    M   3        17 340
 5  90  64  77  -5   0  12 0.00  0.0    0  4.3 10 200   M    M   3        13 190
 6  91  69  80  -2   0  15 0.00  0.0    0  5.7 13 210   M    M   4        17 210
 7  92  68  80  -2   0  15 0.00  0.0    0  5.8 15 210   M    M   2 1      18 200
 8  92  69  81  -1   0  16 0.00  0.0    0  6.9 16 210   M    M   3 1      22 210
 9  89  72  81  -1   0  16 0.02  0.0    0  4.7 21 260   M    M   6 13     33 280
10  90  71  81  -1   0  16 0.17  0.0    0  4.6 29 340   M    M   5 13     36 340
11  90  70  80  -2   0  15 0.24  0.0    0  4.0 15 150   M    M   4 138    20 230
12  94  70  82   0   0  17 0.00  0.0    0  4.4 16 130   M    M   3 18     21 160
13  89  74  82   0   0  17    T  0.0    0  5.7 15 310   M    M   3 138    21 190
14  89  73  81  -1   0  16 0.04  0.0    0  5.8 18 200   M    M   5 13     23 210
15  88  72  80  -2   0  15 0.14  0.0    0  5.8 14 290   M    M   6 13     21 280
16  86  70  78  -4   0  13 0.24  0.0    0  6.7 13 340   M    M   4 1      18 280
17  88  64  76  -6   0  11 0.00  0.0    0  3.5 10 200   M    M   5        15 340
18  80  68  74  -8   0   9 1.81  0.0    0  5.1 18 250   M    M   6 1238   29 250
19  83  73  78  -4   0  13 2.39  0.0    0  5.7 22 210   M    M   7 13     38 210
20  88  73  81  -1   0  16 0.11  0.0    0  4.3 16 230   M    M   7 13     22 210
21  89  72  81  -1   0  16 0.00  0.0    0  3.0 10 280   M    M   8 138    15 280
22  88  68  78  -4   0  13 1.42  0.0    0  4.0 38 140   M    M   6 1238   46 120
23  85  70  78  -4   0  13 0.00  0.0    0  3.9 14 180   M    M   4 18     17 180
24  87  70  79  -3   0  14 1.05  0.0    0  3.6 21 250   M    M   4 138    31 260
25  91  71  81  -1   0  16 0.29  0.0    0  4.0 15 200   M    M   5 13     20 200
26  92  74  83   1   0  18 0.00  0.0    0  5.0 15 200   M    M   4 1      20 210
27  92  76  84   2   0  19 0.00  0.0    0  6.2 14 210   M    M   3 1      16 210
28  94  76  85   3   0  20 0.00  0.0    0  6.9 20 360   M    M   5        22 360
29  88  69  79  -3   0  14 0.00  0.0    0  6.8 14 340   M    M   4        17 340
30  86  64  75  -7   0  10 0.00  0.0    0  5.3 13 350   M    M   4        17 360
31  89  63  76  -6   0  11 0.00  0.0    0  3.3 13  10   M    M   5        18  10
================================================================================
SM 2765 2180         0 463  7.92     0.0 156.6          M      143
================================================================================
AV 89.2 70.3                               5.1 FASTST   M    M   5    MAX(MPH)
                                 MISC ---->  # 38 140               # 46  120
================================================================================
NOTES:
# LAST OF SEVERAL OCCURRENCES

COLUMN 17 PEAK WIND IN M.P.H.

PRELIMINARY LOCAL CLIMATOLOGICAL DATA (WS FORM: F-6) , PAGE 2

                                          STATION:  MOBILE
                                          MONTH:    JULY
                                          YEAR:     2014
                                          LATITUDE:   30 40 N
                                          LONGITUDE:  88 15 W

[TEMPERATURE DATA]      [PRECIPITATION DATA]       SYMBOLS USED IN COLUMN 16

AVERAGE MONTHLY: 79.8   TOTAL FOR MONTH:   7.92    1 = FOG OR MIST
DPTR FM NORMAL:  -2.0   DPTR FM NORMAL:    0.67    2 = FOG REDUCING VISIBILITY
HIGHEST:    94 ON 28,12 GRTST 24HR  4.07 ON 18-19      TO 1/4 MILE OR LESS
LOWEST:     63 ON 31                               3 = THUNDER
                        SNOW, ICE PELLETS, HAIL    4 = ICE PELLETS
                        TOTAL MONTH:   0.0 INCH    5 = HAIL
                        GRTST 24HR     0.0         6 = FREEZING RAIN OR DRIZZLE
                        GRTST DEPTH:   0           7 = DUSTSTORM OR SANDSTORM:
                                                       VSBY 1/2 MILE OR LESS
                                                   8 = SMOKE OR HAZE
[NO. OF DAYS WITH]      [WEATHER - DAYS WITH]      9 = BLOWING SNOW
                                                   X = TORNADO
MAX 32 OR BELOW:   0    0.01 INCH OR MORE:  12
MAX 90 OR ABOVE:  14    0.10 INCH OR MORE:  10
MIN 32 OR BELOW:   0    0.50 INCH OR MORE:   4
MIN  0 OR BELOW:   0    1.00 INCH OR MORE:   4

[HDD (BASE 65) ]
TOTAL THIS MO.     0    CLEAR  (SCALE 0-3)   4
DPTR FM NORMAL     0    PTCLDY (SCALE 4-7)  27
TOTAL FM JUL 1     0    CLOUDY (SCALE 8-10)  0
DPTR FM NORMAL     0

[CDD (BASE 65) ]
TOTAL THIS MO.   463
DPTR FM NORMAL   -59    [PRESSURE DATA]
TOTAL FM JAN 1  1211    HIGHEST SLP 30.18 ON  5
DPTR FM NORMAL  -200    LOWEST  SLP 29.89 ON 15

[REMARKS]
#FINAL-07-14#




U.S. Dept. of Commerce
NOAA National Weather Service
1325 East West Highway
Silver Spring, MD 20910
E-mail: w-nws.webmaster@noaa.gov
Page last modified: May 16, 2007
NATIONAL WEATHER SERVICE: for Safety, for Work, for Fun - FOR LIFE