694
CXUS54 KMOB 291326
CF6MOB
PRELIMINARY LOCAL CLIMATOLOGICAL DATA (WS FORM: F-6)

                                          STATION:   MOBILE
                                          MONTH:     AUGUST
                                          YEAR:      2014
                                          LATITUDE:   30 40 N
                                          LONGITUDE:  88 15 W

  TEMPERATURE IN F:       :PCPN:    SNOW:  WIND      :SUNSHINE: SKY     :PK WND
================================================================================
1   2   3   4   5  6A  6B    7    8   9   10  11  12  13   14  15   16   17  18
                                     12Z  AVG MX 2MIN
DY MAX MIN AVG DEP HDD CDD  WTR  SNW DPTH SPD SPD DIR MIN PSBL S-S WX    SPD DR
================================================================================

 1  85  69  77  -5   0  12    T  0.0    0  2.0  8 310   M    M   6        12 310
 2  91  70  81  -1   0  16 0.00  0.0    0  2.8 10 210   M    M   4 1      12 190
 3  88  73  81  -1   0  16    T  0.0    0  3.7 12  60   M    M   5 18     16  30
 4  91  71  81  -1   0  16 0.00  0.0    0  4.6 15 100   M    M   6 138    17 110
 5  91  70  81  -1   0  16    T  0.0    0  2.8 16 140   M    M   5 13     18 140
 6  94  73  84   2   0  19    T  0.0    0  3.1 20 340   M    M   4 13     23 340
 7  93  73  83   1   0  18 0.44  0.0    0  3.1 20 200   M    M   4 13     23 170
 8  92  75  84   2   0  19 0.00  0.0    0  6.2 17 210   M    M   3 13     22 200
 9  93  72  83   1   0  18 0.24  0.0    0  4.8 26 210   M    M   4 13     35 230
10  90  70  80  -2   0  15 0.00  0.0    0  3.7 14 340   M    M   6 12     21 300
11  92  71  82   0   0  17 0.24  0.0    0  4.0 23 350   M    M   4 13     27 340
12  91  71  81  -1   0  16 0.00  0.0    0  3.1 14 200   M    M   5 138    17 230
13  91  73  82   0   0  17    T  0.0    0  5.2 13 190   M    M   4 1      15 190
14  88  69  79  -3   0  14 0.00  0.0    0  3.9 10  10   M    M   6        14 360
15  91  67  79  -3   0  14 0.00  0.0    0  2.3 10 290   M    M   3        14 290
16  92  69  81  -1   0  16 0.10  0.0    0  4.2 14 200   M    M   3 3      18 230
17  87  74  81  -1   0  16 0.65  0.0    0  4.3 22 190   M    M   3 13     26 190
18  91  74  83   1   0  18    T  0.0    0  6.2 16 220   M    M   5 3      20 220
19  91  74  83   1   0  18 0.01  0.0    0  6.9 17 170   M    M   4 3      20 220
20  93  73  83   1   0  18 0.00  0.0    0  3.5 12 200   M    M   5        15 180
21  94  73  84   2   0  19 0.00  0.0    0  3.7 14 210   M    M   4 13     16 210
22  96  75  86   4   0  21 0.00  0.0    0  4.0 12 170   M    M   3 3      15 350
23  97  76  87   5   0  22 0.00  0.0    0  4.6 12 220   M    M   2        14 210
24  98  75  87   6   0  22 0.00  0.0    0  6.6 16 340   M    M   3 1      21 340
25  92  77  85   4   0  20 0.00  0.0    0  9.6 16  50   M    M   5        23  80
26  92  72  82   1   0  17 0.00  0.0    0  7.3 14  50   M    M   4        21 100
27  93  72  83   2   0  18 0.10  0.0    0  4.8 15 140   M    M   4 18     20 150
28  90  72  81   0   0  16 1.03  0.0    0  1.8 13 330   M    M   4 12     18 350
================================================================================
SM 2567 2023         0 484  2.81     0.0 122.8          M      118
================================================================================
AV 91.7 72.2                               4.4 FASTST   M    M   4    MAX(MPH)
                                 MISC ---->  # 26 210               # 35  230
================================================================================
NOTES:
# LAST OF SEVERAL OCCURRENCES

COLUMN 17 PEAK WIND IN M.P.H.

PRELIMINARY LOCAL CLIMATOLOGICAL DATA (WS FORM: F-6) , PAGE 2

                                          STATION:  MOBILE
                                          MONTH:    AUGUST
                                          YEAR:     2014
                                          LATITUDE:   30 40 N
                                          LONGITUDE:  88 15 W

[TEMPERATURE DATA]      [PRECIPITATION DATA]       SYMBOLS USED IN COLUMN 16

AVERAGE MONTHLY: 82.0   TOTAL FOR MONTH:   2.81    1 = FOG OR MIST
DPTR FM NORMAL:   0.1   DPTR FM NORMAL:   -3.61    2 = FOG REDUCING VISIBILITY
HIGHEST:    98 ON 24    GRTST 24HR  1.13 ON 27-28      TO 1/4 MILE OR LESS
LOWEST:     67 ON 15                               3 = THUNDER
                        SNOW, ICE PELLETS, HAIL    4 = ICE PELLETS
                        TOTAL MONTH:   0.0 INCH    5 = HAIL
                        GRTST 24HR     0.0         6 = FREEZING RAIN OR DRIZZLE
                        GRTST DEPTH:   0           7 = DUSTSTORM OR SANDSTORM:
                                                       VSBY 1/2 MILE OR LESS
                                                   8 = SMOKE OR HAZE
[NO. OF DAYS WITH]      [WEATHER - DAYS WITH]      9 = BLOWING SNOW
                                                   X = TORNADO
MAX 32 OR BELOW:   0    0.01 INCH OR MORE:   8
MAX 90 OR ABOVE:  24    0.10 INCH OR MORE:   7
MIN 32 OR BELOW:   0    0.50 INCH OR MORE:   2
MIN  0 OR BELOW:   0    1.00 INCH OR MORE:   1

[HDD (BASE 65) ]
TOTAL THIS MO.     0    CLEAR  (SCALE 0-3)   4
DPTR FM NORMAL     0    PTCLDY (SCALE 4-7)  24
TOTAL FM JUL 1     0    CLOUDY (SCALE 8-10)  0
DPTR FM NORMAL     0

[CDD (BASE 65) ]
TOTAL THIS MO.   484
DPTR FM NORMAL    13    [PRESSURE DATA]
TOTAL FM JAN 1  1695    HIGHEST SLP M ON M
DPTR FM NORMAL  -187    LOWEST  SLP 29.83 ON 24

[REMARKS]




U.S. Dept. of Commerce
NOAA National Weather Service
1325 East West Highway
Silver Spring, MD 20910
E-mail: w-nws.webmaster@noaa.gov
Page last modified: May 16, 2007
NATIONAL WEATHER SERVICE: for Safety, for Work, for Fun - FOR LIFE