443
CXUS54 KMOB 311542
CF6MOB
PRELIMINARY LOCAL CLIMATOLOGICAL DATA (WS FORM: F-6)

                                          STATION:   MOBILE
                                          MONTH:     JANUARY
                                          YEAR:      2015
                                          LATITUDE:   30 40 N
                                          LONGITUDE:  88 15 W

  TEMPERATURE IN F:       :PCPN:    SNOW:  WIND      :SUNSHINE: SKY     :PK WND
================================================================================
1   2   3   4   5  6A  6B    7    8   9   10  11  12  13   14  15   16   17  18
                                     12Z  AVG MX 2MIN
DY MAX MIN AVG DEP HDD CDD  WTR  SNW DPTH SPD SPD DIR MIN PSBL S-S WX    SPD DR
================================================================================

 1  58  39  49  -1  16   0 0.00  0.0    0  7.0 14  40   M    M   8 18     17  50
 2  67  50  59   9   6   0 0.02  0.0    0  8.8 16 120   M    M  10 18     20 120
 3  72  62  67  17   0   2 0.37  0.0    0 13.2 24 160   M    M  10 13     31 160
 4  70  46  58   8   7   0 0.56  0.0    0  9.9 21 340   M    M   7 13     29 260
 5  54  32  43  -7  22   0 0.00  0.0    0  9.4 20 340   M    M   6        26  10
 6  61  30  46  -4  19   0 0.00  0.0    0  2.7 12 340   M    M   4        15 340
 7  53  25  39 -11  26   0 0.00  0.0    0 13.9 26  10   M    M   3        38 360
 8  38  17  28 -22  37   0    T    T    0  6.9 24  10   M    M   2        32  10
 9  39  29  34 -16  31   0 0.04    T    0  7.3 17 360   M    M   8 4      23 350
10  51  28  40 -10  25   0 0.00  0.0    0  7.6 14  30   M    M   1        18  30
11  55  37  46  -4  19   0    T  0.0    0  7.4 13  70   M    M   7 8      16  70
12  78  53  66  16   0   1    T  0.0    0  7.4 17 200   M    M   8 128    22 200
13  59  40  50   0  15   0 0.00  0.0    0 10.8 18 340   M    M  10 18     23 340
14  45  38  42  -8  23   0 0.00  0.0    0 10.6 16  10   M    M  10 18     20 350
15  42  36  39 -11  26   0 0.72  0.0    0  7.1 14 360   M    M  10 1      18 360
16  57  32  45  -5  20   0 0.00  0.0    0  6.5 14 350   M    M   4        18  30
17  64  34  49  -1  16   0 0.00  0.0    0  5.7 16 120   M    M   4        20 120
18  66  35  51   1  14   0 0.00  0.0    0  6.0 21  10   M    M   2 1      26  10
19  68  30  49  -1  16   0 0.00  0.0    0  4.7 15 210   M    M   2        18 200
20  71  42  57   7   8   0 0.00  0.0    0  3.0 16 190   M    M   5 18     21 210
21  69  40  55   5  10   0 0.00  0.0    0  6.9 14  30   M    M   2 18     17  40
22  64  45  55   5  10   0 0.99  0.0    0 12.9 25  30   M    M   7 1      36  30
23  50  40  45  -5  20   0 1.19  0.0    0  8.7 22  50   M    M  10 1      29  60
24  54  34  44  -7  21   0 0.00  0.0    0  7.7 16 330   M    M   4 1      24 290
25  62  33  48  -3  17   0 0.00  0.0    0  8.9 23 230   M    M   1 1      29 210
26  58  37  48  -3  17   0 0.00  0.0    0  8.2 20 340   M    M   1        26 330
27  69  38  54   3  11   0 0.00  0.0    0  6.8 17 330   M    M   0        24 330
28  67  39  53   2  12   0 0.00  0.0    0  4.9 13  50   M    M   1        15  20
29  70  39  55   4  10   0 0.00  0.0    0  7.1 18 160   M    M   3        23 180
30  60  40  50  -1  15   0 0.00  0.0    0 11.6 24  10   M    M   3        30  20
================================================================================
SM 1791 1120       489   3  3.89    T    239.6          M      153
================================================================================
AV 59.7 37.3                               8.0 FASTST   M    M   5    MAX(MPH)
                                 MISC ---->  # 26  10               # 38  360
================================================================================
NOTES:
# LAST OF SEVERAL OCCURRENCES

COLUMN 17 PEAK WIND IN M.P.H.

PRELIMINARY LOCAL CLIMATOLOGICAL DATA (WS FORM: F-6) , PAGE 2

                                          STATION:  MOBILE
                                          MONTH:    JANUARY
                                          YEAR:     2015
                                          LATITUDE:   30 40 N
                                          LONGITUDE:  88 15 W

[TEMPERATURE DATA]      [PRECIPITATION DATA]       SYMBOLS USED IN COLUMN 16

AVERAGE MONTHLY: 48.5   TOTAL FOR MONTH:   3.89    1 = FOG OR MIST
DPTR FM NORMAL:  -1.7   DPTR FM NORMAL:   -1.57    2 = FOG REDUCING VISIBILITY
HIGHEST:    78 ON 12    GRTST 24HR  2.18 ON 22-23      TO 1/4 MILE OR LESS
LOWEST:     17 ON  8                               3 = THUNDER
                        SNOW, ICE PELLETS, HAIL    4 = ICE PELLETS
                        TOTAL MONTH:    T          5 = HAIL
                        GRTST 24HR    T  ON  9- 9  6 = FREEZING RAIN OR DRIZZLE
                        GRTST DEPTH:   0           7 = DUSTSTORM OR SANDSTORM:
                                                       VSBY 1/2 MILE OR LESS
                                                   8 = SMOKE OR HAZE
[NO. OF DAYS WITH]      [WEATHER - DAYS WITH]      9 = BLOWING SNOW
                                                   X = TORNADO
MAX 32 OR BELOW:   0    0.01 INCH OR MORE:   7
MAX 90 OR ABOVE:   0    0.10 INCH OR MORE:   5
MIN 32 OR BELOW:   8    0.50 INCH OR MORE:   4
MIN  0 OR BELOW:   0    1.00 INCH OR MORE:   1

[HDD (BASE 65) ]
TOTAL THIS MO.   489    CLEAR  (SCALE 0-3)  11
DPTR FM NORMAL    44    PTCLDY (SCALE 4-7)  11
TOTAL FM JUL 1  1199    CLOUDY (SCALE 8-10)  8
DPTR FM NORMAL    92

[CDD (BASE 65) ]
TOTAL THIS MO.     3
DPTR FM NORMAL     3    [PRESSURE DATA]
TOTAL FM JAN 1     3    HIGHEST SLP M ON M
DPTR FM NORMAL     3    LOWEST  SLP 29.83 ON M

[REMARKS]




U.S. Dept. of Commerce
NOAA National Weather Service
1325 East West Highway
Silver Spring, MD 20910
E-mail: w-nws.webmaster@noaa.gov
Page last modified: May 16, 2007
NATIONAL WEATHER SERVICE: for Safety, for Work, for Fun - FOR LIFE