527
CXUS55 KBOU 251956
CF6MNH
PRELIMINARY LOCAL CLIMATOLOGICAL DATA (WS FORM: F-6)

                                          STATION:   ELBERT 6W CO
                                          MONTH:     JANUARY
                                          YEAR:      2015
                                          LATITUDE:   39 13 N
                                          LONGITUDE: 104 38 W

  TEMPERATURE IN F:       :PCPN:    SNOW:  WIND      :SUNSHINE: SKY     :PK WND
================================================================================
1   2   3   4   5  6A  6B    7    8   9   10  11  12  13   14  15   16   17  18
                                     12Z  AVG MX 2MIN
DY MAX MIN AVG DEP HDD CDD  WTR  SNW DPTH SPD SPD DIR MIN PSBL S-S WX    SPD DR
================================================================================

 1  23   3  13   M  52   0    M    M    M  8.1 13 190   M    M   6         M  M
 2  34   5  20   M  45   0    M    M    M  6.8 12 200   M    M   1         M  M
 3  32  -8  12   M  53   0    M    M    M  8.2 15 360   M    M   5 1      21  10
 4  34  -6  14   M  51   0    M    M    M  7.1 12 200   M    M   0         M  M
 5  48  21  35   M  30   0    M    M    M 11.6 23 290   M    M   0        32 290
 6  54  28  41   M  24   0    M    M    M  8.8 18 190   M    M   0 2      22 190
 7  36  12  24   M  41   0    M    M    M  7.3 15 230   M    M   5 1       M  M
 8  50  16  33   M  32   0    M    M    M  8.7 15 230   M    M   2 1       M  M
 9  30  14  22   M  43   0    M    M    M  9.7 15 190   M    M   5 1       M  M
10  50  28  39   M  26   0    M    M    M  7.3 15 200   M    M   0        20 210
11  41  25  33   M  32   0    M    M    M  7.2 12 220   M    M   7 2       M  M
12  28  18  23   M  42   0    M    M    M  9.4 17 200   M    M   9 1      21 200
13  32  14  23   M  42   0    M    M    M 10.2 18 330   M    M   6 1      27 330
14  37  12  25   M  40   0    M    M    M  4.6  8 280   M    M   4 12      M  M
15  46  18  32   M  33   0    M    M    M  7.4 15 220   M    M   0         M  M
16  52  28  40   M  25   0    M    M    M 10.4 18 220   M    M   0        10 300
17  43  27  35   M  30   0    M    M    M 12.9 22 320   M    M   0        33 320
18  54  32  43   M  22   0    M    M    M  9.3 13 230   M    M   0         M  M
19  48  30  39   M  26   0    M    M    M  7.7 12  90   M    M   3         M  M
20  34  23  29   M  36   0    M    M    M  4.9 10 110   M    M   9 12      M  M
21  23   9  16   M  49   0    M    M    M  4.7 12  60   M    M  10         M  M
22  32   3  18   M  47   0    M    M    M  6.7 10 220   M    M   1         M  M
23  36   9  23   M  42   0    M    M    M  7.5 10 270   M    M   2         M  M
24  46  19  33   M  32   0    M    M    M 10.1 15 220   M    M   1         M  M
================================================================================
SM  943  380       895   0    M     M    196.6          M       76
================================================================================
AV 39.3 15.8                               8.2 FASTST   M    M   3    MAX(MPH)
                                 MISC ---->  # 23 290                 33    M
================================================================================
NOTES:
# LAST OF SEVERAL OCCURRENCES

COLUMN 17 PEAK WIND IN M.P.H.

PRELIMINARY LOCAL CLIMATOLOGICAL DATA (WS FORM: F-6) , PAGE 2

                                          STATION:  ELBERT 6W CO
                                          MONTH:    JANUARY
                                          YEAR:     2015
                                          LATITUDE:   39 13 N
                                          LONGITUDE: 104 38 W

[TEMPERATURE DATA]      [PRECIPITATION DATA]       SYMBOLS USED IN COLUMN 16

AVERAGE MONTHLY: 27.6   TOTAL FOR MONTH:      M    1 = FOG OR MIST
DPTR FM NORMAL:     M   DPTR FM NORMAL:       M    2 = FOG REDUCING VISIBILITY
HIGHEST:    54 ON 18, 6 GRTST 24HR    M  ON   M        TO 1/4 MILE OR LESS
LOWEST:     -8 ON  3                               3 = THUNDER
                        SNOW, ICE PELLETS, HAIL    4 = ICE PELLETS
                        TOTAL MONTH:    M          5 = HAIL
                        GRTST 24HR    M  ON   M    6 = FREEZING RAIN OR DRIZZLE
                        GRTST DEPTH:  M  ON   M    7 = DUSTSTORM OR SANDSTORM:
                                                       VSBY 1/2 MILE OR LESS
                                                   8 = SMOKE OR HAZE
[NO. OF DAYS WITH]      [WEATHER - DAYS WITH]      9 = BLOWING SNOW
                                                   X = TORNADO
MAX 32 OR BELOW:   7    0.01 INCH OR MORE:   0
MAX 90 OR ABOVE:   0    0.10 INCH OR MORE:   0
MIN 32 OR BELOW:  24    0.50 INCH OR MORE:   0
MIN  0 OR BELOW:   2    1.00 INCH OR MORE:   0

[HDD (BASE 65) ]
TOTAL THIS MO.   895    CLEAR  (SCALE 0-3)  14
DPTR FM NORMAL     M    PTCLDY (SCALE 4-7)   7
TOTAL FM JUL 1  3785    CLOUDY (SCALE 8-10)  3
DPTR FM NORMAL     M

[CDD (BASE 65) ]
TOTAL THIS MO.     0
DPTR FM NORMAL     M    [PRESSURE DATA]
TOTAL FM JAN 1     0    HIGHEST SLP M ON M
DPTR FM NORMAL     M    LOWEST  SLP M ON M

[REMARKS]




U.S. Dept. of Commerce
NOAA National Weather Service
1325 East West Highway
Silver Spring, MD 20910
E-mail: w-nws.webmaster@noaa.gov
Page last modified: May 16, 2007
NATIONAL WEATHER SERVICE: for Safety, for Work, for Fun - FOR LIFE