354
CXUS55 KBOU 011222
CF6MNH

PRELIMINARY LOCAL CLIMATOLOGICAL DATA (WS FORM: F-6)

                                          STATION:   ELBERT 6W CO
                                          MONTH:     NOVEMBER
                                          YEAR:      2014
                                          LATITUDE:   39 13 N
                                          LONGITUDE: 104 38 W

  TEMPERATURE IN F:       :PCPN:    SNOW:  WIND      :SUNSHINE: SKY     :PK WND
================================================================================
1   2   3   4   5  6A  6B    7    8   9   10  11  12  13   14  15   16   17  18
                                     12Z  AVG MX 2MIN
DY MAX MIN AVG DEP HDD CDD  WTR  SNW DPTH SPD SPD DIR MIN PSBL S-S WX    SPD DR
================================================================================

 1  66  46  56   M   9   0    M    M    M 11.7 21 240   M    M   0        24 230
 2  61  36  49   M  16   0    M    M    M 11.9 25 270   M    M   2        37 270
 3  43  23  33   M  32   0    M    M    M  6.9 15 350   M    M   7 13     21 360
 4  54  21  38   M  27   0    M    M    M  7.8 15 190   M    M   0 1       M  M
 5  59  30  45   M  20   0    M    M    M  7.1 12 150   M    M   0        23 130
 6  64  30  47   M  18   0    M    M    M  8.2 14 200   M    M   0         M  M
 7  59  32  46   M  19   0    M    M    M  9.8 16 360   M    M   3        25  40
 8  59  25  42   M  23   0    M    M    M  8.2 14 180   M    M   1        17 200
 9  68  34  51   M  14   0    M    M    M  9.2 17 230   M    M   0        18 260
10  61   9  35   M  30   0    M    M    M 14.0 25  50   M    M   5        35  50
11  18   1  10   M  55   0    M    M    M  6.4 10  50   M    M  10 1       M  M
12   1 -15  -7   M  72   0    M    M    M  5.9 12  20   M    M   8 18      M  M
13  12 -15  -1   M  66   0    M    M    M 10.5 18 190   M    M   1 1      21 200
14  48   5  27   M  38   0    M    M    M  5.5 10 200   M    M   0         M  M
15  34   3  19   M  46   0    M    M    M  7.8 13 290   M    M   7 12      M  M
16  28   0  14   M  51   0    M    M    M  5.6 10 300   M    M   1         M  M
17  32   9  21   M  44   0    M    M    M  8.7 16 330   M    M   0        22 360
18  45  14  30   M  35   0    M    M    M  8.6 13 220   M    M   2        16 310
19  46  19  33   M  32   0    M    M    M  6.0 10 200   M    M   1         M  M
20  54  23  39   M  26   0    M    M    M  9.1 13 160   M    M   3        17 200
21  48  25  37   M  28   0    M    M    M  5.0  9 210   M    M   1         M  M
22  57  27  42   M  23   0    M    M    M 10.8 21 250   M    M   1        24 240
23  37  10  24   M  41   0    M    M    M 10.1 17  10   M    M   6        24  10
24  32   9  21   M  44   0    M    M    M 10.5 21 320   M    M   4        32 360
25  41  14  28   M  37   0    M    M    M 10.6 18 290   M    M   2 1      22 290
26  46  18  32   M  33   0    M    M    M  6.3 10 220   M    M   3 1       M  M
27  59  34  47   M  18   0    M    M    M  9.5 13 270   M    M   0        16 240
28  63  36  50   M  15   0    M    M    M  8.2 15 250   M    M   0        16 240
29  61  37  49   M  16   0    M    M    M 18.5 32 250   M    M   0        40 250
30  52  14  33   M  32   0    M    M    M 14.2 32 260   M    M   4 1      45 260
================================================================================
SM 1408  554       960   0    M     M    272.6          M       72
================================================================================
AV 46.9 18.5                               9.1 FASTST   M    M   2    MAX(MPH)
                                 MISC ---->    32   M                 45    M
================================================================================
NOTES:
# LAST OF SEVERAL OCCURRENCES

COLUMN 17 PEAK WIND IN M.P.H.

PRELIMINARY LOCAL CLIMATOLOGICAL DATA (WS FORM: F-6) , PAGE 2

                                          STATION:  ELBERT 6W CO
                                          MONTH:    NOVEMBER
                                          YEAR:     2014
                                          LATITUDE:   39 13 N
                                          LONGITUDE: 104 38 W

[TEMPERATURE DATA]      [PRECIPITATION DATA]       SYMBOLS USED IN COLUMN 16

AVERAGE MONTHLY: 32.7   TOTAL FOR MONTH:      M    1 = FOG OR MIST
DPTR FM NORMAL:     M   DPTR FM NORMAL:       M    2 = FOG REDUCING VISIBILITY
HIGHEST:    68 ON  9    GRTST 24HR    M  ON   M        TO 1/4 MILE OR LESS
LOWEST:    -15 ON 13,12                            3 = THUNDER
                        SNOW, ICE PELLETS, HAIL    4 = ICE PELLETS
                        TOTAL MONTH:    M          5 = HAIL
                        GRTST 24HR    M  ON   M    6 = FREEZING RAIN OR DRIZZLE
                        GRTST DEPTH:  M  ON   M    7 = DUSTSTORM OR SANDSTORM:
                                                       VSBY 1/2 MILE OR LESS
                                                   8 = SMOKE OR HAZE
[NO. OF DAYS WITH]      [WEATHER - DAYS WITH]      9 = BLOWING SNOW
                                                   X = TORNADO
MAX 32 OR BELOW:   6    0.01 INCH OR MORE:   0
MAX 90 OR ABOVE:   0    0.10 INCH OR MORE:   0
MIN 32 OR BELOW:  24    0.50 INCH OR MORE:   0
MIN  0 OR BELOW:   3    1.00 INCH OR MORE:   0

[HDD (BASE 65) ]
TOTAL THIS MO.   960    CLEAR  (SCALE 0-3)  20
DPTR FM NORMAL     M    PTCLDY (SCALE 4-7)   9
TOTAL FM JUL 1  1775    CLOUDY (SCALE 8-10)  1
DPTR FM NORMAL     M

[CDD (BASE 65) ]
TOTAL THIS MO.     0
DPTR FM NORMAL     M    [PRESSURE DATA]
TOTAL FM JAN 1   148    HIGHEST SLP M ON M
DPTR FM NORMAL     M    LOWEST  SLP M ON M

[REMARKS]
#FINAL-11-14#




U.S. Dept. of Commerce
NOAA National Weather Service
1325 East West Highway
Silver Spring, MD 20910
E-mail: w-nws.webmaster@noaa.gov
Page last modified: May 16, 2007
NATIONAL WEATHER SERVICE: for Safety, for Work, for Fun - FOR LIFE