741
CXUS55 KBOU 301105
CF6MNH
PRELIMINARY LOCAL CLIMATOLOGICAL DATA (WS FORM: F-6)

                                          STATION:   ELBERT 6W CO
                                          MONTH:     JULY
                                          YEAR:      2014
                                          LATITUDE:   39 13 N
                                          LONGITUDE: 104 38 W

  TEMPERATURE IN F:       :PCPN:    SNOW:  WIND      :SUNSHINE: SKY     :PK WND
================================================================================
1   2   3   4   5  6A  6B    7    8   9   10  11  12  13   14  15   16   17  18
                                     12Z  AVG MX 2MIN
DY MAX MIN AVG DEP HDD CDD  WTR  SNW DPTH SPD SPD DIR MIN PSBL S-S WX    SPD DR
================================================================================

 1  68  52  60   M   5   0    M    M    M  5.5 13 140   M    M  10        17 140
 2  70  50  60   M   5   0    M    M    M 13.2 22 170   M    M   4        28 170
 3  84  50  67   M   0   2    M    M    M 10.0 20 220   M    M   1 3      25 180
 4  84  55  70   M   0   5    M    M    M  9.8 23 170   M    M   2 3      33 170
 5  86  52  69   M   0   4    M    M    M  9.4 14 360   M    M   1        24 360
 6  88  57  73   M   0   8    M    M    M  8.3 20 190   M    M   1 3      25 190
 7  90  57  74   M   0   9    M    M    M  8.2 14 190   M    M   2 13     18 270
 8  72  54  63   M   2   0    M    M    M 11.3 17 190   M    M   5 1      23 190
 9  88  50  69   M   0   4    M    M    M  9.0 18 130   M    M   1        30 270
10  88  54  71   M   0   6    M    M    M  9.8 16 240   M    M   2        23 240
11  86  54  70   M   0   5    M    M    M  8.0 24 310   M    M   1 3      31 310
12  79  55  67   M   0   2    M    M    M  7.8 14  10   M    M   6 138    25 230
13  77  54  66   M   0   1    M    M    M  6.2 14 170   M    M   4 3      17 170
14  75  52  64   M   1   0    M    M    M 10.9 16  90   M    M   4 3      25  20
15  73  54  64   M   1   0    M    M    M  9.9 18 190   M    M   5 3      23 170
16  72  50  61   M   4   0    M    M    M  8.4 18  30   M    M   6 13     27  30
17  68  46  57   M   8   0    M    M    M  5.9 13 210   M    M   4 12     18 170
18  79  52  66   M   0   1    M    M    M  8.1 15 200   M    M   1 13     23 240
19  81  54  68   M   0   3    M    M    M  9.0 16 210   M    M   0        22 210
20  86  61  74   M   0   9    M    M    M  9.8 29 320   M    M   2        43 320
21  86  61  74   M   0   9    M    M    M  8.3 13 190   M    M   0        23 190
22  86  55  71   M   0   6    M    M    M  7.8 14 310   M    M   0        17 100
23  86  57  72   M   0   7    M    M    M 10.5 20 170   M    M   1        29 170
24  88  59  74   M   0   9    M    M    M  7.8 16 200   M    M   2 3      20  70
25  82  59  71   M   0   6    M    M    M  7.0 10 300   M    M   1 3       M  M
26  82  55  69   M   0   4    M    M    M 11.4 23 270   M    M   6 3      29 270
27  77  52  65   M   0   0    M    M    M  7.2 20 130   M    M   3 3      18 150
28  72  54  63   M   2   0    M    M    M 10.2 20 160   M    M   1 3      25 200
29  73  50  62   M   3   0    M    M    M  5.2 14 110   M    M   6 13     21  90
================================================================================
SM 2326 1565        31 100    M     M    253.9          M       82
================================================================================
AV 80.2 54.0                               8.8 FASTST   M    M   3    MAX(MPH)
                                 MISC ---->    29   M                 43    M
================================================================================
NOTES:
# LAST OF SEVERAL OCCURRENCES

COLUMN 17 PEAK WIND IN M.P.H.

PRELIMINARY LOCAL CLIMATOLOGICAL DATA (WS FORM: F-6) , PAGE 2

                                          STATION:  ELBERT 6W CO
                                          MONTH:    JULY
                                          YEAR:     2014
                                          LATITUDE:   39 13 N
                                          LONGITUDE: 104 38 W

[TEMPERATURE DATA]      [PRECIPITATION DATA]       SYMBOLS USED IN COLUMN 16

AVERAGE MONTHLY: 67.1   TOTAL FOR MONTH:      M    1 = FOG OR MIST
DPTR FM NORMAL:     M   DPTR FM NORMAL:       M    2 = FOG REDUCING VISIBILITY
HIGHEST:    90 ON  7    GRTST 24HR    M  ON   M        TO 1/4 MILE OR LESS
LOWEST:     46 ON 17                               3 = THUNDER
                        SNOW, ICE PELLETS, HAIL    4 = ICE PELLETS
                        TOTAL MONTH:    M          5 = HAIL
                        GRTST 24HR    M  ON   M    6 = FREEZING RAIN OR DRIZZLE
                        GRTST DEPTH:  M  ON   M    7 = DUSTSTORM OR SANDSTORM:
                                                       VSBY 1/2 MILE OR LESS
                                                   8 = SMOKE OR HAZE
[NO. OF DAYS WITH]      [WEATHER - DAYS WITH]      9 = BLOWING SNOW
                                                   X = TORNADO
MAX 32 OR BELOW:   0    0.01 INCH OR MORE:   0
MAX 90 OR ABOVE:   1    0.10 INCH OR MORE:   0
MIN 32 OR BELOW:   0    0.50 INCH OR MORE:   0
MIN  0 OR BELOW:   0    1.00 INCH OR MORE:   0

[HDD (BASE 65) ]
TOTAL THIS MO.    31    CLEAR  (SCALE 0-3)  17
DPTR FM NORMAL     M    PTCLDY (SCALE 4-7)  11
TOTAL FM JUL 1    31    CLOUDY (SCALE 8-10)  1
DPTR FM NORMAL     M

[CDD (BASE 65) ]
TOTAL THIS MO.   100
DPTR FM NORMAL     M    [PRESSURE DATA]
TOTAL FM JAN 1   124    HIGHEST SLP M ON M
DPTR FM NORMAL     M    LOWEST  SLP M ON M

[REMARKS]




U.S. Dept. of Commerce
NOAA National Weather Service
1325 East West Highway
Silver Spring, MD 20910
E-mail: w-nws.webmaster@noaa.gov
Page last modified: May 16, 2007
NATIONAL WEATHER SERVICE: for Safety, for Work, for Fun - FOR LIFE