272
CXUS56 KPQR 301330
CF6MMV
PRELIMINARY LOCAL CLIMATOLOGICAL DATA (WS FORM: F-6)

                                          STATION:   MCMINNVILLE OR
                                          MONTH:     JANUARY
                                          YEAR:      2015
                                          LATITUDE:   45 11 N
                                          LONGITUDE: 123  8 W

  TEMPERATURE IN F:       :PCPN:    SNOW:  WIND      :SUNSHINE: SKY     :PK WND
================================================================================
1   2   3   4   5  6A  6B    7    8   9   10  11  12  13   14  15   16   17  18
                                     12Z  AVG MX 2MIN
DY MAX MIN AVG DEP HDD CDD  WTR  SNW DPTH SPD SPD DIR MIN PSBL S-S WX    SPD DR
================================================================================

 1  43  26  35  -4  30   0 0.00  0.0    0  5.4 12 360   M    M   0        15 150
 2  41  24  33  -7  32   0 0.00  0.0    0  1.0  6 150   M    M   4         6 150
 3  42  34  38  -2  27   0    T    M    0  0.9  6 360   M    M  10 128     7 350
 4  53  39  46   6  19   0 0.10    M    0  9.5 23 190   M    M  10 12     29 190
 5  57  42  50  10  15   0 0.01    M    0  7.9 22 190   M    M   7 12     28 200
 6  49  40  45   5  20   0 0.00  0.0    0  0.3  6 330   M    M  10 12      7 340
 7  46  36  41   1  24   0 0.00    M    0  1.3  6 150   M    M   9 12      7 150
 8  46  32  39  -1  26   0 0.00    M    0  1.6  7 110   M    M   6 128     8  90
 9  50  32  41   1  24   0 0.00  0.0    0  1.6  7 130   M    M   4 12      8 120
10  45  34  40   0  25   0 0.10    M    0  1.2  7 130   M    M  10 12      8 140
11  47  42  45   5  20   0 0.04    M    0  0.3  5  30   M    M  10 12      5  10
12  49  43  46   6  19   0 0.17    M    0  3.8  8 340   M    M   9 1       9 340
13  53  35  44   3  21   0 0.00  0.0    0  6.2 13  20   M    M   2 1      15  30
14  51  35  43   2  22   0 0.00  0.0    0  7.3 13 350   M    M   0        15 350
15  44  32  38  -3  27   0 0.63    M    0  2.7 12 320   M    M   8 18     14 320
16  56  39  48   7  17   0 0.11    M    0  3.3 12 210   M    M   4 12     12 210
17  60  39  50   9  15   0 1.92    M    0  5.2 23 200   M    M   9 1      33 210
18  58  47  53  12  12   0 0.09    M    0 10.6 25 240   M    M   6 1      33 250
19  51  39  45   4  20   0 0.03    M    0  3.2 10 290   M    M   8 12     14 280
20  51  36  44   3  21   0 0.00  0.0    0  4.8  8 350   M    M   1 12      M  M
21  49  31  40  -1  25   0 0.00  0.0    0  2.8  8 340   M    M   2 18     10 340
22  51  40  46   5  19   0    T    M    0  2.1  7  60   M    M   8 1       9 100
23  49  43  46   4  19   0 0.09    M    0  1.5  8 120   M    M  10 1       9 120
24  62  43  53  11  12   0 0.00  0.0    0  0.9  8 330   M    M   5 12      9 330
25  48  43  46   4  19   0 0.00  0.0    0  1.1  7 140   M    M  10 12      9 140
26  47  42  45   3  20   0 0.00  0.0    0  1.4  7  60   M    M  10 12      8 100
27  49  42  46   4  19   0 0.01    M    0  1.2  8 110   M    M  10 12      9 120
28  54  44  49   7  16   0 0.01    M    0  3.6  8 350   M    M   6 12     10 340
29  58  41  50   8  15   0 0.00  0.0    0  4.4 10 350   M    M   1 1      12 340
================================================================================
SM 1459 1095       600   0  3.31     0.0  97.1          M      189
================================================================================
AV 50.3 37.8                               3.3 FASTST   M    M   7    MAX(MPH)
                                 MISC ---->  # 25 240               # 33  210
================================================================================
NOTES:
# LAST OF SEVERAL OCCURRENCES

COLUMN 17 PEAK WIND IN M.P.H.

PRELIMINARY LOCAL CLIMATOLOGICAL DATA (WS FORM: F-6) , PAGE 2

                                          STATION:  MCMINNVILLE OR
                                          MONTH:    JANUARY
                                          YEAR:     2015
                                          LATITUDE:   45 11 N
                                          LONGITUDE: 123  8 W

[TEMPERATURE DATA]      [PRECIPITATION DATA]       SYMBOLS USED IN COLUMN 16

AVERAGE MONTHLY: 44.0   TOTAL FOR MONTH:   3.31    1 = FOG OR MIST
DPTR FM NORMAL:   3.2   DPTR FM NORMAL:   -2.46    2 = FOG REDUCING VISIBILITY
HIGHEST:    62 ON 24    GRTST 24HR  1.92 ON 17-17      TO 1/4 MILE OR LESS
LOWEST:     24 ON  2                               3 = THUNDER
                        SNOW, ICE PELLETS, HAIL    4 = ICE PELLETS
                        TOTAL MONTH:   0.0 INCH    5 = HAIL
                        GRTST 24HR     0.0         6 = FREEZING RAIN OR DRIZZLE
                        GRTST DEPTH:   0           7 = DUSTSTORM OR SANDSTORM:
                                                       VSBY 1/2 MILE OR LESS
                                                   8 = SMOKE OR HAZE
[NO. OF DAYS WITH]      [WEATHER - DAYS WITH]      9 = BLOWING SNOW
                                                   X = TORNADO
MAX 32 OR BELOW:   0    0.01 INCH OR MORE:  13
MAX 90 OR ABOVE:   0    0.10 INCH OR MORE:   6
MIN 32 OR BELOW:   6    0.50 INCH OR MORE:   2
MIN  0 OR BELOW:   0    1.00 INCH OR MORE:   1

[HDD (BASE 65) ]
TOTAL THIS MO.   600    CLEAR  (SCALE 0-3)   6
DPTR FM NORMAL  -102    PTCLDY (SCALE 4-7)  10
TOTAL FM JUL 1  1990    CLOUDY (SCALE 8-10) 13
DPTR FM NORMAL  -717

[CDD (BASE 65) ]
TOTAL THIS MO.     0
DPTR FM NORMAL     0    [PRESSURE DATA]
TOTAL FM JAN 1     0    HIGHEST SLP M ON M
DPTR FM NORMAL     0    LOWEST  SLP 29.73 ON 17

[REMARKS]




U.S. Dept. of Commerce
NOAA National Weather Service
1325 East West Highway
Silver Spring, MD 20910
E-mail: w-nws.webmaster@noaa.gov
Page last modified: May 16, 2007
NATIONAL WEATHER SERVICE: for Safety, for Work, for Fun - FOR LIFE