783
CXUS56 KPQR 221230
CF6MMV
PRELIMINARY LOCAL CLIMATOLOGICAL DATA (WS FORM: F-6)

                                          STATION:   MCMINNVILLE OR
                                          MONTH:     SEPTEMBER
                                          YEAR:      2014
                                          LATITUDE:   45 11 N
                                          LONGITUDE: 123  8 W

  TEMPERATURE IN F:       :PCPN:    SNOW:  WIND      :SUNSHINE: SKY     :PK WND
================================================================================
1   2   3   4   5  6A  6B    7    8   9   10  11  12  13   14  15   16   17  18
                                     12Z  AVG MX 2MIN
DY MAX MIN AVG DEP HDD CDD  WTR  SNW DPTH SPD SPD DIR MIN PSBL S-S WX    SPD DR
================================================================================

 1  83  49  66   1   0   1 0.00  0.0    0  3.4 12  10   M    M   3        15 350
 2  79  53  66   1   0   1 0.00  0.0    0  5.5 20 290   M    M   4        24 300
 3  75  49  62  -2   3   0 0.00  0.0    0  4.7 10 270   M    M   3        15 270
 4  86  45  66   2   0   1 0.00  0.0    0  8.9 18  20   M    M   0        24  20
 5  92  61  77  13   0  12 0.00  0.0    0 11.1 20  30   M    M   0        26  20
 6  97  55  76  12   0  11 0.00  0.0    0  8.6 15 250   M    M   0        17 320
 7  86  50  68   4   0   3 0.00  0.0    0  4.4 14 220   M    M   0        17 220
 8  81  46  64   0   1   0 0.00  0.0    0  3.7 15 360   M    M   1 12     20  20
 9  76  54  65   1   0   0    T  0.0    0  4.8  9 260   M    M   4        13 170
10  82  46  64   1   1   0 0.00  0.0    0  5.8 15 350   M    M   0 1      19 350
11  78  58  68   5   0   3 0.00  0.0    0 13.6 24  30   M    M   0        31  30
12  86  60  73  10   0   8 0.00  0.0    0  8.6 13 350   M    M   0        18 340
13  90  54  72   9   0   7 0.00  0.0    0  5.9 10 310   M    M   0        13 350
14  90  44  67   5   0   2 0.00  0.0    0  2.2  7  90   M    M   2 8      10  80
15  87  46  67   5   0   2 0.00  0.0    0  5.0 16 230   M    M   3 8      20 230
16  79  50  65   3   0   0    T  0.0    0  3.5 10 190   M    M   0        14 200
17  76  56  66   4   0   1    T  0.0    0  4.2 17 240   M    M   1        22 230
18  76  58  67   6   0   2 0.06  0.0    0  3.4 10 180   M    M   8 1      15 220
19  84  54  69   8   0   4 0.00  0.0    0  4.6 14 350   M    M   1        17 340
20  95  52  74  13   0   9 0.00  0.0    0  6.3 12  10   M    M   0 1      15  30
21  86  55  71  11   0   6 0.00  0.0    0  7.6 18 220   M    M   0        24 210
================================================================================
SM 1764 1095         5  73  0.06     0.0 125.8          M       30
================================================================================
AV 84.0 52.1                               6.0 FASTST   M    M   1    MAX(MPH)
                                 MISC ---->  # 24  30               # 31   30
================================================================================
NOTES:
# LAST OF SEVERAL OCCURRENCES

COLUMN 17 PEAK WIND IN M.P.H.

PRELIMINARY LOCAL CLIMATOLOGICAL DATA (WS FORM: F-6) , PAGE 2

                                          STATION:  MCMINNVILLE OR
                                          MONTH:    SEPTEMBER
                                          YEAR:     2014
                                          LATITUDE:   45 11 N
                                          LONGITUDE: 123  8 W

[TEMPERATURE DATA]      [PRECIPITATION DATA]       SYMBOLS USED IN COLUMN 16

AVERAGE MONTHLY: 68.1   TOTAL FOR MONTH:   0.06    1 = FOG OR MIST
DPTR FM NORMAL:   5.2   DPTR FM NORMAL:   -0.76    2 = FOG REDUCING VISIBILITY
HIGHEST:    97 ON  6    GRTST 24HR  0.06 ON 18-18      TO 1/4 MILE OR LESS
LOWEST:     44 ON 14                               3 = THUNDER
                        SNOW, ICE PELLETS, HAIL    4 = ICE PELLETS
                        TOTAL MONTH:   0.0 INCH    5 = HAIL
                        GRTST 24HR     0.0         6 = FREEZING RAIN OR DRIZZLE
                        GRTST DEPTH:   0           7 = DUSTSTORM OR SANDSTORM:
                                                       VSBY 1/2 MILE OR LESS
                                                   8 = SMOKE OR HAZE
[NO. OF DAYS WITH]      [WEATHER - DAYS WITH]      9 = BLOWING SNOW
                                                   X = TORNADO
MAX 32 OR BELOW:   0    0.01 INCH OR MORE:   1
MAX 90 OR ABOVE:   5    0.10 INCH OR MORE:   0
MIN 32 OR BELOW:   0    0.50 INCH OR MORE:   0
MIN  0 OR BELOW:   0    1.00 INCH OR MORE:   0

[HDD (BASE 65) ]
TOTAL THIS MO.     5    CLEAR  (SCALE 0-3)  17
DPTR FM NORMAL   -65    PTCLDY (SCALE 4-7)   4
TOTAL FM JUL 1    11    CLOUDY (SCALE 8-10)  0
DPTR FM NORMAL  -144

[CDD (BASE 65) ]
TOTAL THIS MO.    73
DPTR FM NORMAL    44    [PRESSURE DATA]
TOTAL FM JAN 1   518    HIGHEST SLP M ON M
DPTR FM NORMAL   305    LOWEST  SLP 29.68 ON 17

[REMARKS]




U.S. Dept. of Commerce
NOAA National Weather Service
1325 East West Highway
Silver Spring, MD 20910
E-mail: w-nws.webmaster@noaa.gov
Page last modified: May 16, 2007
NATIONAL WEATHER SERVICE: for Safety, for Work, for Fun - FOR LIFE