426
CXUS54 KSHV 291300
CF6MLU
PRELIMINARY LOCAL CLIMATOLOGICAL DATA (WS FORM: F-6)

                                          STATION:   MONROE
                                          MONTH:     JANUARY
                                          YEAR:      2015
                                          LATITUDE:   32 30 N
                                          LONGITUDE:  92  2 W

  TEMPERATURE IN F:       :PCPN:    SNOW:  WIND      :SUNSHINE: SKY     :PK WND
================================================================================
1   2   3   4   5  6A  6B    7    8   9   10  11  12  13   14  15   16   17  18
                                     12Z  AVG MX 2MIN
DY MAX MIN AVG DEP HDD CDD  WTR  SNW DPTH SPD SPD DIR MIN PSBL S-S WX    SPD DR
================================================================================

 1  41  32  37  -9  28   0 1.80  0.0    0  6.2 14 100   M    M   8 13     17 110
 2  52  41  47   1  18   0 0.31  0.0    0  5.8 12  90   M    M  10 123    16  70
 3  64  48  56  10   9   0 1.52  0.0    0  7.6 20 270   M    M   9 138    31 320
 4  51  33  42  -4  23   0 0.00  0.0    0 11.2 22 340   M    M   5 18     26 350
 5  42  27  35 -11  30   0 0.00  0.0    0  6.6 16  50   M    M   0        19  50
 6  61  26  44  -2  21   0 0.00  0.0    0  3.5  9  60   M    M   0        12  20
 7  45  23  34 -12  31   0 0.00  0.0    0 12.8 25  20   M    M   0        35  20
 8  33  16  25 -21  40   0 0.00  0.0    0  6.7 18  30   M    M   0        25  20
 9  41  27  34 -12  31   0 0.00  0.0    0  4.9 14  40   M    M   7        17  40
10  38  27  33 -13  32   0    T  0.0    0  6.9 15  60   M    M   8        19  60
11  49  33  41  -5  24   0 0.10  0.0    0  4.8 14 110   M    M   9 1      20 110
12  51  40  46   0  19   0 0.11  0.0    0  9.1 18  20   M    M  10 18     26  10
13  40  31  36 -10  29   0 0.00  0.0    0 10.4 18  20   M    M  10 8      23  20
14  40  31  36 -10  29   0    T    T    0  5.0 13  40   M    M   8        15  40
15  51  30  41  -5  24   0 0.01  0.0    0  3.3 12 330   M    M   6        15 340
16  57  25  41  -5  24   0 0.00  0.0    0  1.6  9 210   M    M   0 18     12 220
17  63  29  46   0  19   0 0.00  0.0    0  5.6 17 210   M    M   0        23 200
18  68  36  52   6  13   0 0.00  0.0    0  3.4  9 230   M    M   0        11 300
19  69  35  52   6  13   0 0.00  0.0    0  6.4 18 240   M    M   0        23 230
20  63  36  50   4  15   0 0.00  0.0    0  3.8 10  50   M    M   3 128    13  60
21  63  38  51   5  14   0 0.00  0.0    0  7.1 14  40   M    M   2        17  40
22  52  39  46  -1  19   0 0.90    M    0 14.2 24  50   M    M  10 1      34  30
23  42  34  38  -9  27   0 0.16    M    0 11.2 20 360   M    M  10 1      26 350
24  59  31  45  -2  20   0 0.00  0.0    0  6.0 15 220   M    M   0 1      18 220
25  66  37  52   5  13   0 0.00  0.0    0 11.4 26 280   M    M   1        34 290
26  61  39  50   3  15   0 0.00  0.0    0  7.0 15 330   M    M   0        19 340
27  72  41  57  10   8   0 0.00  0.0    0  3.1 10  30   M    M   0        15  40
28  72  36  54   7  11   0 0.00  0.0    0  5.0 14 200   M    M   0        19 200
================================================================================
SM 1506  921       599   0  4.91    T    190.6          M      116
================================================================================
AV 53.8 32.9                               6.8 FASTST   M    M   4    MAX(MPH)
                                 MISC ---->  # 26 280               # 35   20
================================================================================
NOTES:
# LAST OF SEVERAL OCCURRENCES

COLUMN 17 PEAK WIND IN M.P.H.

PRELIMINARY LOCAL CLIMATOLOGICAL DATA (WS FORM: F-6) , PAGE 2

                                          STATION:  MONROE
                                          MONTH:    JANUARY
                                          YEAR:     2015
                                          LATITUDE:   32 30 N
                                          LONGITUDE:  92  2 W

[TEMPERATURE DATA]      [PRECIPITATION DATA]       SYMBOLS USED IN COLUMN 16

AVERAGE MONTHLY: 43.3   TOTAL FOR MONTH:   4.91    1 = FOG OR MIST
DPTR FM NORMAL:  -2.9   DPTR FM NORMAL:    0.42    2 = FOG REDUCING VISIBILITY
HIGHEST:    72 ON 28,27 GRTST 24HR  2.10 ON  1- 2      TO 1/4 MILE OR LESS
LOWEST:     16 ON  8                               3 = THUNDER
                        SNOW, ICE PELLETS, HAIL    4 = ICE PELLETS
                        TOTAL MONTH:    T          5 = HAIL
                        GRTST 24HR    T  ON 14-14  6 = FREEZING RAIN OR DRIZZLE
                        GRTST DEPTH:   0           7 = DUSTSTORM OR SANDSTORM:
                                                       VSBY 1/2 MILE OR LESS
                                                   8 = SMOKE OR HAZE
[NO. OF DAYS WITH]      [WEATHER - DAYS WITH]      9 = BLOWING SNOW
                                                   X = TORNADO
MAX 32 OR BELOW:   0    0.01 INCH OR MORE:   8
MAX 90 OR ABOVE:   0    0.10 INCH OR MORE:   7
MIN 32 OR BELOW:  13    0.50 INCH OR MORE:   3
MIN  0 OR BELOW:   0    1.00 INCH OR MORE:   2

[HDD (BASE 65) ]
TOTAL THIS MO.   599    CLEAR  (SCALE 0-3)  15
DPTR FM NORMAL    73    PTCLDY (SCALE 4-7)   6
TOTAL FM JUL 1  1536    CLOUDY (SCALE 8-10)  7
DPTR FM NORMAL   108

[CDD (BASE 65) ]
TOTAL THIS MO.     0
DPTR FM NORMAL     0    [PRESSURE DATA]
TOTAL FM JAN 1     0    HIGHEST SLP M ON M
DPTR FM NORMAL     0    LOWEST  SLP 29.76 ON  3

[REMARKS]




U.S. Dept. of Commerce
NOAA National Weather Service
1325 East West Highway
Silver Spring, MD 20910
E-mail: w-nws.webmaster@noaa.gov
Page last modified: May 16, 2007
NATIONAL WEATHER SERVICE: for Safety, for Work, for Fun - FOR LIFE