747
CXUS54 KSHV 011300
CF6MLU
PRELIMINARY LOCAL CLIMATOLOGICAL DATA (WS FORM: F-6)

                                          STATION:   MONROE
                                          MONTH:     JULY
                                          YEAR:      2014
                                          LATITUDE:   32 30 N
                                          LONGITUDE:  92  2 W

  TEMPERATURE IN F:       :PCPN:    SNOW:  WIND      :SUNSHINE: SKY     :PK WND
================================================================================
1   2   3   4   5  6A  6B    7    8   9   10  11  12  13   14  15   16   17  18
                                     12Z  AVG MX 2MIN
DY MAX MIN AVG DEP HDD CDD  WTR  SNW DPTH SPD SPD DIR MIN PSBL S-S WX    SPD DR
================================================================================

 1  93  75  84   1   0  19 0.00  0.0    0  6.7 15 250   M    M   1        20 250
 2  94  72  83   0   0  18 0.09  0.0    0  3.3 22 300   M    M   1 138    26 300
 3  89  70  80  -3   0  15 0.00  0.0    0  4.3 13  60   M    M   0 1      16  30
 4  86  65  76  -7   0  11 0.00  0.0    0  5.9 13  60   M    M   0        16  50
 5  89  63  76  -7   0  11 0.00  0.0    0  1.4  8 360   M    M   0 1      15  50
 6  91  64  78  -5   0  13 0.00  0.0    0  1.8  8 190   M    M   1 1      10 160
 7  93  71  82  -1   0  17 0.00  0.0    0  6.0 15 230   M    M   0 18     15 230
 8  94  74  84   1   0  19 0.00  0.0    0  6.4 13 190   M    M   1 1      18 180
 9  85  74  80  -3   0  15    T  0.0    0  1.9 14 220   M    M   3 3      18 210
10  91  73  82  -1   0  17 0.05  0.0    0  3.8 15  50   M    M   2 3      23  10
11  96  70  83   0   0  18    T  0.0    0  2.7 23  20   M    M   1 13     29  50
12  94  70  82  -1   0  17    T  0.0    0  2.0 10  30   M    M   1        15  60
13  97  73  85   2   0  20 0.00  0.0    0  1.9  7 140   M    M   1 12      9 150
14  96  74  85   2   0  20 0.00  0.0    0  5.0 13 220   M    M   1 13     17 220
15  85  69  77  -6   0  12 0.13  0.0    0  5.8 15 350   M    M   6 138    17 360
16  85  60  73 -10   0   8 0.00  0.0    0  3.3 13  60   M    M   1 18     17  10
17  82  65  74  -9   0   9 1.02  0.0    0  5.1 14  50   M    M   4 1      18  80
18  73  66  70 -13   0   5 0.86  0.0    0  5.8 14 340   M    M   9 18     16  80
19  76  67  72 -11   0   7 0.01  0.0    0  2.3  8  40   M    M  10 1      10 350
20  84  65  75  -8   0  10 0.00  0.0    0  2.1  9 350   M    M   7 12     12  10
21  89  65  77  -6   0  12 0.00  0.0    0  1.8  9  50   M    M   3 12     12  60
22  92  69  81  -2   0  16 0.00  0.0    0  2.8  9  10   M    M   1 12     13  40
23  93  70  82  -1   0  17 0.00  0.0    0  3.0 28 350   M    M   2 138    36 360
24  92  70  81  -2   0  16 0.00  0.0    0  3.3 12  50   M    M   5 18     15  50
25  92  70  81  -2   0  16 0.00  0.0    0  1.4  8 260   M    M   4 1      12 210
26  94  72  83   0   0  18 0.00  0.0    0  3.7 12 240   M    M   1 128    16 230
27  95  76  86   3   0  21 0.00  0.0    0  6.7 15 270   M    M   1 1      18 270
28  92  75  84   1   0  19 0.02  0.0    0  5.8 14 360   M    M   2 138    16  20
29  90  66  78  -5   0  13 0.00  0.0    0  5.1 15  50   M    M   1 1      20  50
30  89  62  76  -7   0  11    T  0.0    0  3.7 10  60   M    M   1        14  50
31  80  70  75  -8   0  10 0.04  0.0    0  4.7  8  60   M    M   7 13     13 110
================================================================================
SM 2771 2145         0 450  2.22     0.0 119.5          M       78
================================================================================
AV 89.4 69.2                               3.9 FASTST   M    M   3    MAX(MPH)
                                 MISC ---->  # 28 350               # 36  360
================================================================================
NOTES:
# LAST OF SEVERAL OCCURRENCES

COLUMN 17 PEAK WIND IN M.P.H.

PRELIMINARY LOCAL CLIMATOLOGICAL DATA (WS FORM: F-6) , PAGE 2

                                          STATION:  MONROE
                                          MONTH:    JULY
                                          YEAR:     2014
                                          LATITUDE:   32 30 N
                                          LONGITUDE:  92  2 W

[TEMPERATURE DATA]      [PRECIPITATION DATA]       SYMBOLS USED IN COLUMN 16

AVERAGE MONTHLY: 79.3   TOTAL FOR MONTH:   2.22    1 = FOG OR MIST
DPTR FM NORMAL:  -3.7   DPTR FM NORMAL:   -1.35    2 = FOG REDUCING VISIBILITY
HIGHEST:    97 ON 13    GRTST 24HR  1.88 ON 17-18      TO 1/4 MILE OR LESS
LOWEST:     60 ON 16                               3 = THUNDER
                        SNOW, ICE PELLETS, HAIL    4 = ICE PELLETS
                        TOTAL MONTH:   0.0 INCH    5 = HAIL
                        GRTST 24HR     0.0         6 = FREEZING RAIN OR DRIZZLE
                        GRTST DEPTH:   0           7 = DUSTSTORM OR SANDSTORM:
                                                       VSBY 1/2 MILE OR LESS
                                                   8 = SMOKE OR HAZE
[NO. OF DAYS WITH]      [WEATHER - DAYS WITH]      9 = BLOWING SNOW
                                                   X = TORNADO
MAX 32 OR BELOW:   0    0.01 INCH OR MORE:   8
MAX 90 OR ABOVE:  18    0.10 INCH OR MORE:   3
MIN 32 OR BELOW:   0    0.50 INCH OR MORE:   2
MIN  0 OR BELOW:   0    1.00 INCH OR MORE:   1

[HDD (BASE 65) ]
TOTAL THIS MO.     0    CLEAR  (SCALE 0-3)  23
DPTR FM NORMAL     0    PTCLDY (SCALE 4-7)   6
TOTAL FM JUL 1     0    CLOUDY (SCALE 8-10)  2
DPTR FM NORMAL     0

[CDD (BASE 65) ]
TOTAL THIS MO.   450
DPTR FM NORMAL  -109    [PRESSURE DATA]
TOTAL FM JAN 1  1256    HIGHEST SLP 30.25 ON  4
DPTR FM NORMAL  -204    LOWEST  SLP 29.89 ON 14

[REMARKS]
#FINAL-07-14#




U.S. Dept. of Commerce
NOAA National Weather Service
1325 East West Highway
Silver Spring, MD 20910
E-mail: w-nws.webmaster@noaa.gov
Page last modified: May 16, 2007
NATIONAL WEATHER SERVICE: for Safety, for Work, for Fun - FOR LIFE