253
CXUS51 KCAR 260600
CF6MLT
PRELIMINARY LOCAL CLIMATOLOGICAL DATA (WS FORM: F-6)

                                          STATION:   MILLINOCKET ME
                                          MONTH:     JANUARY
                                          YEAR:      2015
                                          LATITUDE:   45 39 N
                                          LONGITUDE:  68 41 W

  TEMPERATURE IN F:       :PCPN:    SNOW:  WIND      :SUNSHINE: SKY     :PK WND
================================================================================
1   2   3   4   5  6A  6B    7    8   9   10  11  12  13   14  15   16   17  18
                                     12Z  AVG MX 2MIN
DY MAX MIN AVG DEP HDD CDD  WTR  SNW DPTH SPD SPD DIR MIN PSBL S-S WX    SPD DR
================================================================================

 1  25   8  17   1  48   0 0.00    M    M  4.1 13 240   M    M   3        22 230
 2  27   6  17   1  48   0    T    M    M 10.6 21 280   M    M   4        32 250
 3  11   1   6 -10  59   0 0.11    M    M  5.2 13 290   M    M   2 1      21 280
 4  24  10  17   1  48   0 0.38    M    M  2.8  9  30   M    M  10 16     14  30
 5  35  -2  17   2  48   0 0.00    M    M 14.7 28 270   M    M   5        47 270
 6   5  -8  -1 -16  66   0    T    M    M  5.0 18 290   M    M   4 8      29 300
 7  13  -7   3 -12  62   0    T    M    M  3.5 22 310   M    M   7 18     32 310
 8   2 -16  -7 -22  72   0 0.00    M    M  6.8 21 310   M    M   1 8      30 310
 9  21   0  11  -3  54   0 0.03    M    M  4.3 12 260   M    M   8 1      21 230
10  20  -2   9  -5  56   0 0.00    M    M  4.4 16 280   M    M   2 8      30 280
11  22  -6   8  -6  57   0 0.00    M    M  2.3  8 270   M    M   5        14 230
12  25  14  20   6  45   0 0.09    M    M  1.5 14  10   M    M   9 18     18  30
13  22  -2  10  -4  55   0    T    M    M  7.8 17 350   M    M   0        23 360
14  18 -18   0 -14  65   0 0.00    M    M  3.0 10 300   M    M   1 18     14 290
15  20 -11   5  -8  60   0    T    M    M  0.5  7 310   M    M   8 18      8 310
16  31   1  16   3  49   0 0.01    M    M  8.8 26 290   M    M   6 18     40 280
17   8  -7   1 -12  64   0 0.00    M    M  8.6 25 310   M    M   2        42 320
18  43   7  25  12  40   0 0.14    M    M  4.1 12 130   M    M  10 16     17 180
19  46  30  38  25  27   0 0.45    M    M  8.8 23 290   M    M   9 1      36 290
20  30   6  18   5  47   0    T    M    M 12.8 22 290   M    M   5        34 290
21  25   5  15   2  50   0 0.00    M    M  6.7 21 320   M    M   0 18     33 310
22  27   1  14   1  51   0 0.00    M    M  1.3 16 290   M    M   0 18     24 310
23  29  13  21   8  44   0 0.00    M    M  5.6 15 300   M    M   3        21 320
24  30  19  25  12  40   0 0.00    M    M  3.3 13 350   M    M   7 8      20 360
25  31   7  19   6  46   0    T    M    M 13.4 25 300   M    M   3        37 310
================================================================================
SM  590   49      1301   0  1.21    M    149.9          M      114
================================================================================
AV 23.6  2.0                               6.0 FASTST   M    M   5    MAX(MPH)
                                 MISC ---->  # 28 270               # 47  270
================================================================================
NOTES:
# LAST OF SEVERAL OCCURRENCES

COLUMN 17 PEAK WIND IN M.P.H.

PRELIMINARY LOCAL CLIMATOLOGICAL DATA (WS FORM: F-6) , PAGE 2

                                          STATION:  MILLINOCKET ME
                                          MONTH:    JANUARY
                                          YEAR:     2015
                                          LATITUDE:   45 39 N
                                          LONGITUDE:  68 41 W

[TEMPERATURE DATA]      [PRECIPITATION DATA]       SYMBOLS USED IN COLUMN 16

AVERAGE MONTHLY: 12.8   TOTAL FOR MONTH:   1.21    1 = FOG OR MIST
DPTR FM NORMAL:  -1.3   DPTR FM NORMAL:   -1.21    2 = FOG REDUCING VISIBILITY
HIGHEST:    46 ON 19    GRTST 24HR  0.59 ON 18-19      TO 1/4 MILE OR LESS
LOWEST:    -18 ON 14                               3 = THUNDER
                        SNOW, ICE PELLETS, HAIL    4 = ICE PELLETS
                        TOTAL MONTH:    M          5 = HAIL
                        GRTST 24HR    M  ON   M    6 = FREEZING RAIN OR DRIZZLE
                        GRTST DEPTH:  M  ON   M    7 = DUSTSTORM OR SANDSTORM:
                                                       VSBY 1/2 MILE OR LESS
                                                   8 = SMOKE OR HAZE
[NO. OF DAYS WITH]      [WEATHER - DAYS WITH]      9 = BLOWING SNOW
                                                   X = TORNADO
MAX 32 OR BELOW:  22    0.01 INCH OR MORE:   7
MAX 90 OR ABOVE:   0    0.10 INCH OR MORE:   4
MIN 32 OR BELOW:  25    0.50 INCH OR MORE:   0
MIN  0 OR BELOW:  11    1.00 INCH OR MORE:   0

[HDD (BASE 65) ]
TOTAL THIS MO.  1301    CLEAR  (SCALE 0-3)   9
DPTR FM NORMAL    27    PTCLDY (SCALE 4-7)  12
TOTAL FM JUL 1  4086    CLOUDY (SCALE 8-10)  4
DPTR FM NORMAL  -353

[CDD (BASE 65) ]
TOTAL THIS MO.     0
DPTR FM NORMAL     0    [PRESSURE DATA]
TOTAL FM JAN 1     0    HIGHEST SLP M ON M
DPTR FM NORMAL     0    LOWEST  SLP 29.02 ON 25

[REMARKS]




U.S. Dept. of Commerce
NOAA National Weather Service
1325 East West Highway
Silver Spring, MD 20910
E-mail: w-nws.webmaster@noaa.gov
Page last modified: May 16, 2007
NATIONAL WEATHER SERVICE: for Safety, for Work, for Fun - FOR LIFE