761
CXUS51 KCAR 310600
CF6MLT
PRELIMINARY LOCAL CLIMATOLOGICAL DATA (WS FORM: F-6)

                                          STATION:   MILLINOCKET ME
                                          MONTH:     JULY
                                          YEAR:      2014
                                          LATITUDE:   45 39 N
                                          LONGITUDE:  68 41 W

  TEMPERATURE IN F:       :PCPN:    SNOW:  WIND      :SUNSHINE: SKY     :PK WND
================================================================================
1   2   3   4   5  6A  6B    7    8   9   10  11  12  13   14  15   16   17  18
                                     12Z  AVG MX 2MIN
DY MAX MIN AVG DEP HDD CDD  WTR  SNW DPTH SPD SPD DIR MIN PSBL S-S WX    SPD DR
================================================================================

 1  90  67  79  12   0  14 0.00    M    M  3.1 12 220   M    M   1 1      19 220
 2  94  69  82  15   0  17 0.05    M    M  4.1 13 210   M    M   0 13     22 210
 3  88  70  79  12   0  14 0.01    M    M  3.3 14 300   M    M   4 3      22 270
 4  73  64  69   1   0   4 0.58    M    M  3.0 16 290   M    M   9 1      22 290
 5  65  53  59  -9   6   0 1.13    M    M 13.3 25 310   M    M   6 1      41 330
 6  78  56  67  -1   0   2 0.00    M    M  5.6 16 290   M    M   4        24 300
 7  78  60  69   1   0   4 0.08    M    M  1.8  8 170   M    M   5 1      14 180
 8  87  66  77   9   0  12    T    M    M  3.3 12 250   M    M   5 1      21 260
 9  84  67  76   8   0  11    T    M    M  4.8 14 250   M    M   5 18     23 270
10  77  54  66  -2   0   1    T    M    M  6.3 17 310   M    M   3        25 300
11  80  50  65  -3   0   0 0.00    M    M  3.3 15 310   M    M   0        20 290
12  83  53  68   0   0   3 0.00    M    M  2.6  9 290   M    M   1        14 180
13  83  60  72   4   0   7 0.09    M    M  5.2 14 170   M    M   5 1      22 240
14  86  66  76   8   0  11 0.01    M    M  4.0 12 240   M    M   6 1      20 190
15  79  65  72   4   0   7 0.31    M    M  3.3  9 100   M    M   9 123    13 170
16  73  67  70   2   0   5 0.62    M    M  3.0  9 180   M    M  10 13     17 200
17  77  58  68   0   0   3 0.00    M    M  3.3  9 300   M    M   3 1      14 250
18  80  54  67  -1   0   2 0.00    M    M  6.0 16 300   M    M   1        22 300
19  81  56  69   1   0   4 0.00    M    M  1.1  9 110   M    M   1        12 110
20  79  62  71   3   0   6 0.01    M    M  1.2  8 110   M    M   2        10 120
21  81  56  69   1   0   4 0.00    M    M  1.8  8 170   M    M   2 12     14 150
22  87  61  74   6   0   9 0.00    M    M  2.6  9 250   M    M   1        14 190
23  91  66  79  11   0  14 0.28    M    M  3.1 21 310   M    M   3 138    27 320
24  76  57  67  -1   0   2    T    M    M  6.0 13 280   M    M   3        19 270
25  81  55  68   0   0   3 0.00    M    M  4.8 15 300   M    M   0 8      19 300
26  80  55  68   0   0   3 0.00    M    M  2.3 12 240   M    M   1 18     18 170
27  80  59  70   2   0   5 0.06    M    M  5.7 15 170   M    M   7 12     29 180
28  72  65  69   1   0   4 1.11    M    M  4.4 14 110   M    M  10 13     17 110
29  73  53  63  -5   2   0 0.00    M    M  6.0 18 300   M    M   5 1      26 290
30  77  50  64  -4   1   0 0.00    M    M  1.7  9 130   M    M   6 1      14 130
================================================================================
SM 2413 1794         9 171  4.34    M    120.0          M      118
================================================================================
AV 80.4 59.8                               4.0 FASTST   M    M   4    MAX(MPH)
                                 MISC ---->  # 25 310               # 41  330
================================================================================
NOTES:
# LAST OF SEVERAL OCCURRENCES

COLUMN 17 PEAK WIND IN M.P.H.

PRELIMINARY LOCAL CLIMATOLOGICAL DATA (WS FORM: F-6) , PAGE 2

                                          STATION:  MILLINOCKET ME
                                          MONTH:    JULY
                                          YEAR:     2014
                                          LATITUDE:   45 39 N
                                          LONGITUDE:  68 41 W

[TEMPERATURE DATA]      [PRECIPITATION DATA]       SYMBOLS USED IN COLUMN 16

AVERAGE MONTHLY: 70.1   TOTAL FOR MONTH:   4.34    1 = FOG OR MIST
DPTR FM NORMAL:   2.2   DPTR FM NORMAL:    0.61    2 = FOG REDUCING VISIBILITY
HIGHEST:    94 ON  2    GRTST 24HR  1.61 ON  4- 5      TO 1/4 MILE OR LESS
LOWEST:     50 ON 30,11                            3 = THUNDER
                        SNOW, ICE PELLETS, HAIL    4 = ICE PELLETS
                        TOTAL MONTH:    M          5 = HAIL
                        GRTST 24HR    M  ON   M    6 = FREEZING RAIN OR DRIZZLE
                        GRTST DEPTH:  M  ON   M    7 = DUSTSTORM OR SANDSTORM:
                                                       VSBY 1/2 MILE OR LESS
                                                   8 = SMOKE OR HAZE
[NO. OF DAYS WITH]      [WEATHER - DAYS WITH]      9 = BLOWING SNOW
                                                   X = TORNADO
MAX 32 OR BELOW:   0    0.01 INCH OR MORE:  13
MAX 90 OR ABOVE:   3    0.10 INCH OR MORE:   6
MIN 32 OR BELOW:   0    0.50 INCH OR MORE:   4
MIN  0 OR BELOW:   0    1.00 INCH OR MORE:   2

[HDD (BASE 65) ]
TOTAL THIS MO.     9    CLEAR  (SCALE 0-3)  14
DPTR FM NORMAL   -21    PTCLDY (SCALE 4-7)  12
TOTAL FM JUL 1     9    CLOUDY (SCALE 8-10)  4
DPTR FM NORMAL   -21

[CDD (BASE 65) ]
TOTAL THIS MO.   171
DPTR FM NORMAL    55    [PRESSURE DATA]
TOTAL FM JAN 1   231    HIGHEST SLP M ON M
DPTR FM NORMAL    60    LOWEST  SLP 29.43 ON 29

[REMARKS]




U.S. Dept. of Commerce
NOAA National Weather Service
1325 East West Highway
Silver Spring, MD 20910
E-mail: w-nws.webmaster@noaa.gov
Page last modified: May 16, 2007
NATIONAL WEATHER SERVICE: for Safety, for Work, for Fun - FOR LIFE