283
CXUS51 KCAR 010600
CF6MLT
PRELIMINARY LOCAL CLIMATOLOGICAL DATA (WS FORM: F-6)

                                          STATION:   MILLINOCKET ME
                                          MONTH:     NOVEMBER
                                          YEAR:      2014
                                          LATITUDE:   45 39 N
                                          LONGITUDE:  68 41 W

  TEMPERATURE IN F:       :PCPN:    SNOW:  WIND      :SUNSHINE: SKY     :PK WND
================================================================================
1   2   3   4   5  6A  6B    7    8   9   10  11  12  13   14  15   16   17  18
                                     12Z  AVG MX 2MIN
DY MAX MIN AVG DEP HDD CDD  WTR  SNW DPTH SPD SPD DIR MIN PSBL S-S WX    SPD DR
================================================================================

 1  41  34  38  -2  27   0 0.09    M    M  8.3 15  20   M    M  10 1      23 360
 2  34  31  33  -7  32   0 0.19    M    M 16.6 30 320   M    M  10 128    43 320
 3  44  30  37  -3  28   0    T    M    M 13.8 24 300   M    M   5        38 310
 4  41  26  34  -5  31   0 0.04    M    M  2.4  7  40   M    M   6 1      12 320
 5  53  35  44   5  21   0 0.03    M    M  1.7  9 270   M    M   7 1       M  M
 6   M   M   M   M   M   M    M    M    M   M   M   M   M    M   M         M  M
 7   M   M   M   M   M   M    M    M    M   M   M   M   M    M   M         M  M
 8   M   M   M   M   M   M    M    M    M   M   M   M   M    M   M         M  M
 9  47  28  38   1  27   0 0.00    M    M  1.7  9 300   M    M   6 8      14 300
10  50  25  38   1  27   0 0.00    M    M  1.1  9 230   M    M   3 1      15 250
11  55  30  43   6  22   0    T    M    M  2.6  8 170   M    M   6 1      15 230
12  47  38  43   7  22   0 0.09    M    M  4.5 18 310   M    M   9 12     26 310
13  43  34  39   3  26   0 0.00    M    M  5.3 16 290   M    M   2        25 290
14  39  28  34  -1  31   0 0.02    M    M  5.5 18 300   M    M   7 1      29 290
15  33  21  27  -8  38   0 0.00    M    M  8.2 20 300   M    M   1        28 290
16  36  17  27  -8  38   0 0.00    M    M  2.3 10 230   M    M   7        19 260
17  34  31  33  -1  32   0 0.54    M    M  3.1 12  60   M    M  10 16     14  50
18  37  20  29  -5  36   0 0.00    M    M  8.1 22 280   M    M   6 1      39 270
19  31  15  23 -10  42   0    T    M    M  6.2 17 280   M    M   3 1      29 250
20  34  17  26  -7  39   0    T    M    M  2.6 17 290   M    M   6 1      25 290
21  27  14  21 -12  44   0    T    M    M 10.7 25 290   M    M   5        37 290
22  32  12  22 -10  43   0 0.00    M    M  4.3 15 300   M    M   6        21 290
23  44  32  38   6  27   0 0.00    M    M  1.4  8 240   M    M  10        13 240
24  59  33  46  15  19   0 0.57    M    M  3.3 10 180   M    M   9 1      18 190
25  59  39  49  18  16   0    T    M    M  4.7 15 280   M    M   2 1      23 270
26  45  28  37   7  28   0 0.29    M    M  7.7 21 270   M    M   6 18     34 250
27  30  13  22  -8  43   0 0.08    M    M  9.0 21 350   M    M   7 18     27 360
28  26   8  17 -13  48   0 0.00    M    M  2.2 14 290   M    M   5 1      18 290
29  26   8  17 -12  48   0 0.00    M    M  2.8 12 300   M    M   1 1      16 300
30  41   8  25  -4  40   0    T    M    M  4.2  9 190   M    M  10 16     18 190
================================================================================
SM 1088  655       875   0  1.94    M    144.3          M      165
================================================================================
AV 40.3 24.3                               5.3 FASTST   M    M   6    MAX(MPH)
                                 MISC ---->  # 30 320               # 43  320
================================================================================
NOTES:
# LAST OF SEVERAL OCCURRENCES

COLUMN 17 PEAK WIND IN M.P.H.

PRELIMINARY LOCAL CLIMATOLOGICAL DATA (WS FORM: F-6) , PAGE 2

                                          STATION:  MILLINOCKET ME
                                          MONTH:    NOVEMBER
                                          YEAR:     2014
                                          LATITUDE:   45 39 N
                                          LONGITUDE:  68 41 W

[TEMPERATURE DATA]      [PRECIPITATION DATA]       SYMBOLS USED IN COLUMN 16

AVERAGE MONTHLY: 32.3   TOTAL FOR MONTH:   1.94    1 = FOG OR MIST
DPTR FM NORMAL:  -2.4   DPTR FM NORMAL:   -2.49    2 = FOG REDUCING VISIBILITY
HIGHEST:    59 ON 25,24 GRTST 24HR  0.57 ON 24-24      TO 1/4 MILE OR LESS
LOWEST:      8 ON 30,29                            3 = THUNDER
                        SNOW, ICE PELLETS, HAIL    4 = ICE PELLETS
                        TOTAL MONTH:    M          5 = HAIL
                        GRTST 24HR    M  ON   M    6 = FREEZING RAIN OR DRIZZLE
                        GRTST DEPTH:  M  ON   M    7 = DUSTSTORM OR SANDSTORM:
                                                       VSBY 1/2 MILE OR LESS
                                                   8 = SMOKE OR HAZE
[NO. OF DAYS WITH]      [WEATHER - DAYS WITH]      9 = BLOWING SNOW
                                                   X = TORNADO
MAX 32 OR BELOW:   6    0.01 INCH OR MORE:  10
MAX 90 OR ABOVE:   0    0.10 INCH OR MORE:   4
MIN 32 OR BELOW:  21    0.50 INCH OR MORE:   2
MIN  0 OR BELOW:   0    1.00 INCH OR MORE:   0

[HDD (BASE 65) ]
TOTAL THIS MO.   875    CLEAR  (SCALE 0-3)   6
DPTR FM NORMAL   -34    PTCLDY (SCALE 4-7)  14
TOTAL FM JUL 1  1596    CLOUDY (SCALE 8-10)  7
DPTR FM NORMAL  -247

[CDD (BASE 65) ]
TOTAL THIS MO.     0
DPTR FM NORMAL     0    [PRESSURE DATA]
TOTAL FM JAN 1   375    HIGHEST SLP 30.29 ON 29
DPTR FM NORMAL   107    LOWEST  SLP 29.27 ON 18

[REMARKS]
#FINAL-11-14#




U.S. Dept. of Commerce
NOAA National Weather Service
1325 East West Highway
Silver Spring, MD 20910
E-mail: w-nws.webmaster@noaa.gov
Page last modified: May 16, 2007
NATIONAL WEATHER SERVICE: for Safety, for Work, for Fun - FOR LIFE