512
CXUS51 KCAR 310600
CF6MLT
PRELIMINARY LOCAL CLIMATOLOGICAL DATA (WS FORM: F-6)

                                          STATION:   MILLINOCKET ME
                                          MONTH:     AUGUST
                                          YEAR:      2014
                                          LATITUDE:   45 39 N
                                          LONGITUDE:  68 41 W

  TEMPERATURE IN F:       :PCPN:    SNOW:  WIND      :SUNSHINE: SKY     :PK WND
================================================================================
1   2   3   4   5  6A  6B    7    8   9   10  11  12  13   14  15   16   17  18
                                     12Z  AVG MX 2MIN
DY MAX MIN AVG DEP HDD CDD  WTR  SNW DPTH SPD SPD DIR MIN PSBL S-S WX    SPD DR
================================================================================

 1  80  57  69   1   0   4 0.00    M    M  2.1  8 180   M    M   4 12     13 230
 2  78  62  70   2   0   5 0.00    M    M  2.9 10 180   M    M   5 1      16 200
 3  80  57  69   2   0   4 0.00    M    M  1.7  7 130   M    M   1 1      11 120
 4  82  62  72   5   0   7 0.01    M    M  1.2  9 330   M    M   7 12     12 310
 5   M   M   M   M   M   M 0.09    M    M  3.3 10 300   M    M   3 13      M  M
 6  74  58  66  -1   0   1 0.00    M    M  3.9  9  30   M    M   4         M  M
 7  77  52  65  -2   0   0 0.02    M    M  4.9 14 300   M    M   4 3      21 320
 8  78  60  69   2   0   4 0.05    M    M  6.1 15  40   M    M   4 38     23  40
 9  82  58  70   3   0   5    T    M    M  5.6 14 330   M    M   1        20 330
10  84  53  69   2   0   4 0.00    M    M  1.7 13  70   M    M   1        17 330
11  81  55  68   1   0   3 0.00    M    M  2.8 10 110   M    M   1        14  90
12  81  54  68   1   0   3 0.00    M    M  2.7 12 150   M    M   3 12     18 160
13  70  60  65  -1   0   0 0.21    M    M  6.1 13  80   M    M   7 18     21 130
14  68  58  63  -3   2   0 1.74    M    M  6.1 15  80   M    M  10 1      22 300
15  72  51  62  -4   3   0 0.00    M    M  1.2  7 190   M    M   7 12     12 170
16  72  54  63  -3   2   0 0.04    M    M  1.6  9 310   M    M  10 12     16 240
17  66  53  60  -6   5   0 0.10    M    M  1.3  9 320   M    M   8 1      11 320
18  73  54  64  -2   1   0    T    M    M  6.9 16 310   M    M   7 1      22 320
19  79  56  68   2   0   3 0.00    M    M  5.5 14 310   M    M   2        20 310
20  83  52  68   2   0   3 0.00    M    M  1.6  8 330   M    M   1        13 280
21  75  57  66   1   0   1 0.00    M    M  3.1 10  90   M    M   5        13 100
22  74  60  67   2   0   2 0.00    M    M  4.4 12  80   M    M   9        17  60
23  76  57  67   2   0   2 0.00    M    M  1.2 10  60   M    M   8        13  70
24  88  53  71   6   0   6 0.00    M    M  2.8 13 350   M    M   2        18 360
25  90  63  77  13   0  12 0.00    M    M  2.8  9 310   M    M   0        11 230
26  87  62  75  11   0  10 0.00    M    M  3.5 10 220   M    M   0 1      17 160
27  85  65  75  11   0  10    T    M    M  5.1 16 310   M    M   1 1      22 300
28  77  58  68   4   0   3    T    M    M  8.4 20 310   M    M   5        25 290
29  74  50  62  -2   3   0 0.00    M    M  4.9 15 360   M    M   2        22 350
30  76  47  62  -1   3   0 0.00    M    M  3.6 12 190   M    M   1        23 210
================================================================================
SM 2262 1638        19  92  2.26    M    109.0          M      123
================================================================================
AV 78.0 56.5                               3.6 FASTST   M    M   4    MAX(MPH)
                                 MISC ---->  # 20 310               # 25  290
================================================================================
NOTES:
# LAST OF SEVERAL OCCURRENCES

COLUMN 17 PEAK WIND IN M.P.H.

PRELIMINARY LOCAL CLIMATOLOGICAL DATA (WS FORM: F-6) , PAGE 2

                                          STATION:  MILLINOCKET ME
                                          MONTH:    AUGUST
                                          YEAR:     2014
                                          LATITUDE:   45 39 N
                                          LONGITUDE:  68 41 W

[TEMPERATURE DATA]      [PRECIPITATION DATA]       SYMBOLS USED IN COLUMN 16

AVERAGE MONTHLY: 67.2   TOTAL FOR MONTH:   2.26    1 = FOG OR MIST
DPTR FM NORMAL:   1.3   DPTR FM NORMAL:   -1.56    2 = FOG REDUCING VISIBILITY
HIGHEST:    90 ON 25    GRTST 24HR  1.93 ON 13-14      TO 1/4 MILE OR LESS
LOWEST:     47 ON 30                               3 = THUNDER
                        SNOW, ICE PELLETS, HAIL    4 = ICE PELLETS
                        TOTAL MONTH:    M          5 = HAIL
                        GRTST 24HR    M  ON   M    6 = FREEZING RAIN OR DRIZZLE
                        GRTST DEPTH:  M  ON   M    7 = DUSTSTORM OR SANDSTORM:
                                                       VSBY 1/2 MILE OR LESS
                                                   8 = SMOKE OR HAZE
[NO. OF DAYS WITH]      [WEATHER - DAYS WITH]      9 = BLOWING SNOW
                                                   X = TORNADO
MAX 32 OR BELOW:   0    0.01 INCH OR MORE:   8
MAX 90 OR ABOVE:   1    0.10 INCH OR MORE:   3
MIN 32 OR BELOW:   0    0.50 INCH OR MORE:   1
MIN  0 OR BELOW:   0    1.00 INCH OR MORE:   1

[HDD (BASE 65) ]
TOTAL THIS MO.    19    CLEAR  (SCALE 0-3)  13
DPTR FM NORMAL   -31    PTCLDY (SCALE 4-7)  14
TOTAL FM JUL 1    28    CLOUDY (SCALE 8-10)  3
DPTR FM NORMAL   -46

[CDD (BASE 65) ]
TOTAL THIS MO.    92
DPTR FM NORMAL    15    [PRESSURE DATA]
TOTAL FM JAN 1   326    HIGHEST SLP M ON M
DPTR FM NORMAL    77    LOWEST  SLP 29.69 ON 18

[REMARKS]




U.S. Dept. of Commerce
NOAA National Weather Service
1325 East West Highway
Silver Spring, MD 20910
E-mail: w-nws.webmaster@noaa.gov
Page last modified: May 16, 2007
NATIONAL WEATHER SERVICE: for Safety, for Work, for Fun - FOR LIFE