965
CXUS51 KCAR 230600
CF6MLT
PRELIMINARY LOCAL CLIMATOLOGICAL DATA (WS FORM: F-6)

                                          STATION:   MILLINOCKET ME
                                          MONTH:     APRIL
                                          YEAR:      2014
                                          LATITUDE:   45 39 N
                                          LONGITUDE:  68 41 W

  TEMPERATURE IN F:       :PCPN:    SNOW:  WIND      :SUNSHINE: SKY     :PK WND
================================================================================
1   2   3   4   5  6A  6B    7    8   9   10  11  12  13   14  15   16   17  18
                                     12Z  AVG MX 2MIN
DY MAX MIN AVG DEP HDD CDD  WTR  SNW DPTH SPD SPD DIR MIN PSBL S-S WX    SPD DR
================================================================================

 1  48  29  39   5  26   0 0.00    M    M 10.8 22  10   M    M   1        32 340
 2  46  17  32  -2  33   0 0.00    M    M  4.1 13  70   M    M   0        18  80
 3  44  25  35   0  30   0    T    M    M  5.7 16 300   M    M   4 1      24 320
 4  48  19  34  -1  31   0 0.05    M    M  5.8 14 130   M    M   1 1      21 180
 5  39  33  36   0  29   0 0.39    M    M  5.9 17 290   M    M  10 1      24 290
 6  45  33  39   3  26   0    T    M    M 12.9 28 310   M    M   4        40 280
 7  60  25  43   6  22   0 0.00  0.0    M  3.1 12 160   M    M   0        18 150
 8  47  36  42   5  23   0 0.54    M    M  4.9 14 280   M    M  10 12     24 270
 9  46  27  37  -1  28   0 0.00  0.0    M 12.7 23 310   M    M   3        33 310
10  53  20  37  -1  28   0 0.00  0.0    M  5.1 16 180   M    M   0        25 170
11  60  37  49  10  16   0 0.03    M    M  6.0 21 300   M    M   4        28 310
12  57  30  44   5  21   0 0.00    M    M  4.8 18 270   M    M   2        29 250
13  39  33  36  -4  29   0 0.04    M    M  4.2 14 130   M    M   8 1      18 120
14  67  35  51  11  14   0 0.03    M    M  4.4 13 170   M    M   5 1      19 140
15  58  38  48   7  17   0 0.63    M    M  8.7 20 290   M    M   9 1      32 290
16  38  20  29 -12  36   0 0.17    M    M 13.9 26 300   M    M   3 168    38 310
17  44  16  30 -12  35   0 0.00  0.0    M  2.1  9  90   M    M   0        13 140
18  50  22  36  -6  29   0 0.00    M    M  3.4 12 170   M    M   0        16 170
19  49  31  40  -3  25   0 0.00    M    M  8.1 22 300   M    M   7        30 310
20  54  28  41  -2  24   0 0.00    M    M  4.3  9 320   M    M   1        13 180
21  59  36  48   4  17   0    T    M    M  3.4  9 230   M    M   9        19 230
22  63  38  51   7  14   0 0.04    M    M  3.6 14 110   M    M   6 1      19 110
================================================================================
SM 1114  628       553   0  1.92     0.0 137.9          M       87
================================================================================
AV 50.6 28.5                               6.3 FASTST   M    M   4    MAX(MPH)
                                 MISC ---->  # 28 310               # 40  280
================================================================================
NOTES:
# LAST OF SEVERAL OCCURRENCES

COLUMN 17 PEAK WIND IN M.P.H.

PRELIMINARY LOCAL CLIMATOLOGICAL DATA (WS FORM: F-6) , PAGE 2

                                          STATION:  MILLINOCKET ME
                                          MONTH:    APRIL
                                          YEAR:     2014
                                          LATITUDE:   45 39 N
                                          LONGITUDE:  68 41 W

[TEMPERATURE DATA]      [PRECIPITATION DATA]       SYMBOLS USED IN COLUMN 16

AVERAGE MONTHLY: 39.6   TOTAL FOR MONTH:   1.92    1 = FOG OR MIST
DPTR FM NORMAL:   0.6   DPTR FM NORMAL:   -0.76    2 = FOG REDUCING VISIBILITY
HIGHEST:    67 ON 14    GRTST 24HR  0.80 ON 15-16      TO 1/4 MILE OR LESS
LOWEST:     16 ON 17                               3 = THUNDER
                        SNOW, ICE PELLETS, HAIL    4 = ICE PELLETS
                        TOTAL MONTH:   0.0 INCH    5 = HAIL
                        GRTST 24HR     0.0         6 = FREEZING RAIN OR DRIZZLE
                        GRTST DEPTH:  M  ON   M    7 = DUSTSTORM OR SANDSTORM:
                                                       VSBY 1/2 MILE OR LESS
                                                   8 = SMOKE OR HAZE
[NO. OF DAYS WITH]      [WEATHER - DAYS WITH]      9 = BLOWING SNOW
                                                   X = TORNADO
MAX 32 OR BELOW:   0    0.01 INCH OR MORE:   9
MAX 90 OR ABOVE:   0    0.10 INCH OR MORE:   4
MIN 32 OR BELOW:  13    0.50 INCH OR MORE:   2
MIN  0 OR BELOW:   0    1.00 INCH OR MORE:   0

[HDD (BASE 65) ]
TOTAL THIS MO.   553    CLEAR  (SCALE 0-3)  11
DPTR FM NORMAL   -19    PTCLDY (SCALE 4-7)   7
TOTAL FM JUL 1  7969    CLOUDY (SCALE 8-10)  4
DPTR FM NORMAL   198

[CDD (BASE 65) ]
TOTAL THIS MO.     0
DPTR FM NORMAL     0    [PRESSURE DATA]
TOTAL FM JAN 1     0    HIGHEST SLP M ON M
DPTR FM NORMAL     0    LOWEST  SLP 29.18 ON  8

[REMARKS]




U.S. Dept. of Commerce
NOAA National Weather Service
1325 East West Highway
Silver Spring, MD 20910
E-mail: w-nws.webmaster@noaa.gov
Page last modified: May 16, 2007
NATIONAL WEATHER SERVICE: for Safety, for Work, for Fun - FOR LIFE