333
CXUS55 KBYZ 301055
CF6MLS
PRELIMINARY LOCAL CLIMATOLOGICAL DATA (WS FORM: F-6)

                                          STATION:   MILES CITY MT
                                          MONTH:     JULY
                                          YEAR:      2014
                                          LATITUDE:   46 25 N
                                          LONGITUDE: 105 53 W

  TEMPERATURE IN F:       :PCPN:    SNOW:  WIND      :SUNSHINE: SKY     :PK WND
================================================================================
1   2   3   4   5  6A  6B    7    8   9   10  11  12  13   14  15   16   17  18
                                     12Z  AVG MX 2MIN
DY MAX MIN AVG DEP HDD CDD  WTR  SNW DPTH SPD SPD DIR MIN PSBL S-S WX    SPD DR
================================================================================

 1  77  57  67  -4   0   2 0.03    M    M  9.4 21 320   M    M   4        26 320
 2  82  51  67  -4   0   2 0.00    M    M  7.0 14  90   M    M   0        19  60
 3  88  55  72   1   0   7 0.00    M    M 10.5 21 150   M    M   0        26 150
 4  97  64  81   9   0  16 0.00    M    M  7.0 21 300   M    M   0        27 290
 5  95  67  81   9   0  16 0.00    M    M  7.5 18 350   M    M   0        23 350
 6  93  60  77   5   0  12    T    M    M  7.2 18 260   M    M   0        25 250
 7  80  58  69  -3   0   4    T    M    M 12.9 37 340   M    M   3        48 340
 8  84  51  68  -5   0   3 0.00    M    M  5.5 12  50   M    M   1        17 340
 9  91  62  77   4   0  12 0.00    M    M  9.2 18 150   M    M   0        25 140
10  97  66  82   9   0  17 0.01    M    M 10.9 21 360   M    M   2 3      28 160
11  86  63  75   2   0  10 0.05    M    M 13.5 26  30   M    M   1 3      33  30
12  89  61  75   1   0  10    T    M    M  7.9 21 340   M    M   1 3      27 350
13  87  54  71  -3   0   6 0.00    M    M  9.8 22 350   M    M   0        28 360
14  77  51  64 -10   1   0 0.00    M    M  8.9 16  40   M    M   0 8      22  40
15  81  56  69  -5   0   4 0.00    M    M 10.4 20 150   M    M   1        25 140
16  84  60  72  -2   0   7 0.00    M    M  6.0 15 140   M    M   3        20 140
17  91  60  76   2   0  11 0.00    M    M  6.9 12 150   M    M   0        16 220
18  84  64  74  -1   0   9 0.00    M    M 10.0 22 320   M    M   0 8      28 310
19  92  57  75   0   0  10 0.00    M    M  9.1 24 230   M    M   1 8      30 240
20  97  61  79   4   0  14 0.00    M    M 10.2 23 220   M    M   0 8      31 220
21  89  65  77   2   0  12 0.00    M    M  8.9 21  50   M    M   1        26  50
22  94  64  79   4   0  14 0.00    M    M  9.0 38 340   M    M   0 3      46 340
23  95  61  78   3   0  13 0.00    M    M 10.0 23 130   M    M   0        29 130
24 102  59  81   6   0  16 0.00    M    M 12.1 46 320   M    M   0 8      58 330
25  91  53  72  -3   0   7 0.00    M    M 10.7 29 280   M    M   0        38 270
26  84  52  68  -8   0   3 0.00    M    M 14.1 30 290   M    M   0        38 280
27  86  52  69  -7   0   4 0.00    M    M  7.9 15  30   M    M   0        23  10
28  90  59  75  -1   0  10 0.00    M    M  8.4 21  40   M    M   0        25  40
29  90  64  77   1   0  12    T    M    M  7.5 15  60   M    M   1 8      19 110
================================================================================
SM 2573 1707         1 263  0.09    M    268.4          M       19
================================================================================
AV 88.7 58.9                               9.3 FASTST   M    M   1    MAX(MPH)
                                 MISC ---->  # 46 320               # 58  330
================================================================================
NOTES:
# LAST OF SEVERAL OCCURRENCES

COLUMN 17 PEAK WIND IN M.P.H.

PRELIMINARY LOCAL CLIMATOLOGICAL DATA (WS FORM: F-6) , PAGE 2

                                          STATION:  MILES CITY MT
                                          MONTH:    JULY
                                          YEAR:     2014
                                          LATITUDE:   46 25 N
                                          LONGITUDE: 105 53 W

[TEMPERATURE DATA]      [PRECIPITATION DATA]       SYMBOLS USED IN COLUMN 16

AVERAGE MONTHLY: 73.8   TOTAL FOR MONTH:   0.09    1 = FOG OR MIST
DPTR FM NORMAL:  -0.0   DPTR FM NORMAL:   -1.46    2 = FOG REDUCING VISIBILITY
HIGHEST:   102 ON 24    GRTST 24HR  0.05 ON 11-11      TO 1/4 MILE OR LESS
LOWEST:     51 ON 14, 8                            3 = THUNDER
                        SNOW, ICE PELLETS, HAIL    4 = ICE PELLETS
                        TOTAL MONTH:    M          5 = HAIL
                        GRTST 24HR    M  ON   M    6 = FREEZING RAIN OR DRIZZLE
                        GRTST DEPTH:  M  ON   M    7 = DUSTSTORM OR SANDSTORM:
                                                       VSBY 1/2 MILE OR LESS
                                                   8 = SMOKE OR HAZE
[NO. OF DAYS WITH]      [WEATHER - DAYS WITH]      9 = BLOWING SNOW
                                                   X = TORNADO
MAX 32 OR BELOW:   0    0.01 INCH OR MORE:   3
MAX 90 OR ABOVE:  14    0.10 INCH OR MORE:   0
MIN 32 OR BELOW:   0    0.50 INCH OR MORE:   0
MIN  0 OR BELOW:   0    1.00 INCH OR MORE:   0

[HDD (BASE 65) ]
TOTAL THIS MO.     1    CLEAR  (SCALE 0-3)  28
DPTR FM NORMAL    -9    PTCLDY (SCALE 4-7)   1
TOTAL FM JUL 1     1    CLOUDY (SCALE 8-10)  0
DPTR FM NORMAL    -9

[CDD (BASE 65) ]
TOTAL THIS MO.   263
DPTR FM NORMAL    -6    [PRESSURE DATA]
TOTAL FM JAN 1   334    HIGHEST SLP  0.00 ON 23
DPTR FM NORMAL   -62    LOWEST  SLP 29.61 ON 24

[REMARKS]




U.S. Dept. of Commerce
NOAA National Weather Service
1325 East West Highway
Silver Spring, MD 20910
E-mail: w-nws.webmaster@noaa.gov
Page last modified: May 16, 2007
NATIONAL WEATHER SERVICE: for Safety, for Work, for Fun - FOR LIFE