125
CXUS55 KBYZ 311055
CF6MLS
PRELIMINARY LOCAL CLIMATOLOGICAL DATA (WS FORM: F-6)

                                          STATION:   MILES CITY MT
                                          MONTH:     AUGUST
                                          YEAR:      2014
                                          LATITUDE:   46 25 N
                                          LONGITUDE: 105 53 W

  TEMPERATURE IN F:       :PCPN:    SNOW:  WIND      :SUNSHINE: SKY     :PK WND
================================================================================
1   2   3   4   5  6A  6B    7    8   9   10  11  12  13   14  15   16   17  18
                                     12Z  AVG MX 2MIN
DY MAX MIN AVG DEP HDD CDD  WTR  SNW DPTH SPD SPD DIR MIN PSBL S-S WX    SPD DR
================================================================================

 1  96  57  77   1   0  12 0.00    M    M  8.6 22 340   M    M   0        31 340
 2  92  62  77   2   0  12 0.00    M    M  8.3 18  40   M    M   0        24  50
 3  92  68  80   5   0  15 0.00    M    M  8.9 22 230   M    M   1        27 230
 4  88  62  75   0   0  10    T    M    M  9.2 26 150   M    M   0 3      32 150
 5  75  66  71  -4   0   6 0.07    M    M  8.6 17  40   M    M   6 1      22  40
 6  88  63  76   1   0  11 0.00    M    M  5.6 15 330   M    M   3 12     18 320
 7  93  57  75   0   0  10 0.00    M    M  6.3 15 150   M    M   0        20 150
 8  95  63  79   4   0  14 0.00    M    M  8.6 21 150   M    M   1        26 150
 9  87  63  75   0   0  10 0.01    M    M 11.8 28 350   M    M   2 3      39  10
10  85  56  71  -3   0   6 0.00    M    M  8.6 17  60   M    M   1        20  50
11  93  64  79   5   0  14 0.00    M    M  9.5 17 160   M    M   1        23 160
12  98  65  82   8   0  17 0.00    M    M  6.6 14 150   M    M   0        18 300
13  91  67  79   5   0  14 0.00    M    M  9.4 20  50   M    M   0        24  50
14  90  63  77   3   0  12 0.17    M    M 11.5 31 270   M    M   2 1      38 270
15  85  64  75   2   0  10    T    M    M  8.5 21 360   M    M   4        31 360
16  85  59  72  -1   0   7 0.29    M    M  6.0 29 290   M    M   2 13     35 290
17  87  62  75   2   0  10    T    M    M  9.9 25 300   M    M   2        33 310
18  85  60  73   0   0   8 0.00    M    M  6.9 15 280   M    M   1        20 320
19  96  60  78   6   0  13 0.00    M    M  5.3 14 250   M    M   0 8      20 240
20  83  58  71  -1   0   6 0.06    M    M 10.7 23 330   M    M   4        28 350
21  78  57  68  -4   0   3 0.02    M    M  7.0 20 300   M    M   7        24 300
22  75  60  68  -3   0   3 0.07    M    M  8.0 20  50   M    M  10 1      24  50
23  64  55  60 -11   5   0 1.13    M    M 13.9 24  60   M    M  10 1      31  60
24  55  49  52 -19  13   0 0.31    M    M 20.5 31 280   M    M  10 1      40 290
25  59  47  53 -17  12   0 0.04    M    M  8.6 21 280   M    M   7 1      25 290
26  77  47  62  -8   3   0 0.00    M    M  4.9 10 160   M    M   2        12 160
27  86  53  70   1   0   5 0.00    M    M  8.3 15 150   M    M   0        22 160
28  90  56  73   4   0   8 0.00    M    M  7.5 18 290   M    M   0        23 290
29  73  58  66  -3   0   1    T    M    M  8.7 23 330   M    M   4        29 320
30  73  59  66  -2   0   1 0.04    M    M  9.0 20 140   M    M   3 38     28 150
================================================================================
SM 2514 1780        33 238  2.21    M    265.2          M       83
================================================================================
AV 83.8 59.3                               8.8 FASTST   M    M   3    MAX(MPH)
                                 MISC ---->  # 31 270               # 40  290
================================================================================
NOTES:
# LAST OF SEVERAL OCCURRENCES

COLUMN 17 PEAK WIND IN M.P.H.

PRELIMINARY LOCAL CLIMATOLOGICAL DATA (WS FORM: F-6) , PAGE 2

                                          STATION:  MILES CITY MT
                                          MONTH:    AUGUST
                                          YEAR:     2014
                                          LATITUDE:   46 25 N
                                          LONGITUDE: 105 53 W

[TEMPERATURE DATA]      [PRECIPITATION DATA]       SYMBOLS USED IN COLUMN 16

AVERAGE MONTHLY: 71.6   TOTAL FOR MONTH:   2.21    1 = FOG OR MIST
DPTR FM NORMAL:  -1.2   DPTR FM NORMAL:    1.33    2 = FOG REDUCING VISIBILITY
HIGHEST:    98 ON 12    GRTST 24HR  1.30 ON 23-24      TO 1/4 MILE OR LESS
LOWEST:     47 ON 26,25                            3 = THUNDER
                        SNOW, ICE PELLETS, HAIL    4 = ICE PELLETS
                        TOTAL MONTH:    M          5 = HAIL
                        GRTST 24HR    M  ON   M    6 = FREEZING RAIN OR DRIZZLE
                        GRTST DEPTH:  M  ON   M    7 = DUSTSTORM OR SANDSTORM:
                                                       VSBY 1/2 MILE OR LESS
                                                   8 = SMOKE OR HAZE
[NO. OF DAYS WITH]      [WEATHER - DAYS WITH]      9 = BLOWING SNOW
                                                   X = TORNADO
MAX 32 OR BELOW:   0    0.01 INCH OR MORE:  11
MAX 90 OR ABOVE:  11    0.10 INCH OR MORE:   4
MIN 32 OR BELOW:   0    0.50 INCH OR MORE:   1
MIN  0 OR BELOW:   0    1.00 INCH OR MORE:   1

[HDD (BASE 65) ]
TOTAL THIS MO.    33    CLEAR  (SCALE 0-3)  19
DPTR FM NORMAL    16    PTCLDY (SCALE 4-7)   8
TOTAL FM JUL 1    34    CLOUDY (SCALE 8-10)  3
DPTR FM NORMAL     5

[CDD (BASE 65) ]
TOTAL THIS MO.   238
DPTR FM NORMAL   -15    [PRESSURE DATA]
TOTAL FM JAN 1   593    HIGHEST SLP M ON M
DPTR FM NORMAL   -75    LOWEST  SLP 29.58 ON 20

[REMARKS]




U.S. Dept. of Commerce
NOAA National Weather Service
1325 East West Highway
Silver Spring, MD 20910
E-mail: w-nws.webmaster@noaa.gov
Page last modified: May 16, 2007
NATIONAL WEATHER SERVICE: for Safety, for Work, for Fun - FOR LIFE