008
CXUS55 KDVN 311100
CF6MLI
PRELIMINARY LOCAL CLIMATOLOGICAL DATA (WS FORM: F-6)

                                          STATION:   MOLINE IL
                                          MONTH:     JANUARY
                                          YEAR:      2015
                                          LATITUDE:   41 27 N
                                          LONGITUDE:  90 31 W

  TEMPERATURE IN F:       :PCPN:    SNOW:  WIND      :SUNSHINE: SKY     :PK WND
================================================================================
1   2   3   4   5  6A  6B    7    8   9   10  11  12  13   14  15   16   17  18
                                     12Z  AVG MX 2MIN
DY MAX MIN AVG DEP HDD CDD  WTR  SNW DPTH SPD SPD DIR MIN PSBL S-S WX    SPD DR
================================================================================

 1  33  15  24   1  41   0 0.00  0.0    0 11.8 21 230   M    M   0        29 250
 2  36  13  25   2  40   0 0.01    T    0  2.6 10 130   M    M   1 1      13 130
 3  35  29  32   9  33   0 0.27  0.4    T  3.5 10 120   M    M  10 16     13 120
 4  33   1  17  -6  48   0 0.12  2.4    2 17.6 29 300   M    M   6 18     36 300
 5   8  -4   2 -21  63   0 0.39  5.6    2  9.1 17 270   M    M   4 18     21 300
 6  11  -5   3 -20  62   0 0.04  1.1    8 12.4 32 310   M    M   4 18     39 310
 7   8 -11  -1 -24  66   0 0.00  0.0    6 15.7 29 320   M    M   1 8      37 310
 8  22 -12   5 -18  60   0    T    T    4 16.3 35 280   M    M   6 9      45 280
 9  11  -4   4 -19  61   0    T    T    4 16.7 33 300   M    M   3 89     43 310
10  25  -6  10 -13  55   0 0.00  0.0    3  7.3 20 210   M    M   3        26 210
11  33  20  27   5  38   0 0.08  1.9    3  5.2 15 210   M    M   4 1      19 230
12  29  -2  14  -8  51   0 0.00  0.0    5  8.0 16 350   M    M   2 1      23 350
13  18 -10   4 -18  61   0 0.00  0.0    4  2.8 10 120   M    M   0 8      12 120
14  24  -8   8 -14  57   0 0.00  0.0    4  3.5 10 240   M    M   6        13 230
15  36  15  26   4  39   0 0.00  0.0    4  7.9 16 260   M    M   0 8      20 240
16  37  14  26   4  39   0 0.00  0.0    3  6.5 16 170   M    M   0 18     20 170
17  44  36  40  18  25   0 0.00  0.0    2 14.7 23 280   M    M   3        33 280
18  44  24  34  12  31   0 0.00  0.0    T  9.7 20 280   M    M   0        24 270
19  44  19  32  10  33   0 0.03  0.0    T  3.3 16 160   M    M   3 1      21 160
20  37  30  34  12  31   0 0.00  0.0    0  6.2 13 310   M    M   6 1      16 300
21  36  32  34  12  31   0 0.01    T    0  5.7 15 270   M    M  10 1      19 270
22  33  29  31   9  34   0    T    T    0  5.8 12 250   M    M  10 18     14 230
23  36  28  32  10  33   0 0.00  0.0    0  8.9 15 210   M    M   6        19 210
24  48  24  36  14  29   0 0.00  0.0    0  6.7 15 260   M    M   0 1      19 250
25  35  20  28   5  37   0 0.18  1.9    0 11.2 26  50   M    M   7 18     34  50
26  33  12  23   0  42   0 0.07  1.2    2  3.4 12 180   M    M   7 12     17 180
27  36  27  32   9  33   0 0.00  0.0    2  7.3 15  20   M    M  10 18     20  10
28  40  24  32   9  33   0 0.00  0.0    2 10.4 20 130   M    M   3 18     26 130
29  40  27  34  11  31   0 0.00  0.0    1 16.2 29 320   M    M   8 18     37 320
30  31  19  25   2  40   0 0.00  0.0    1  4.5 15 310   M    M   0        21 330
================================================================================
SM  936  396      1277   0  1.20    14.5 260.9          M      123
================================================================================
AV 31.2 13.2                               8.7 FASTST   M    M   4    MAX(MPH)
                                 MISC ---->  # 35 280               # 45  280
================================================================================
NOTES:
# LAST OF SEVERAL OCCURRENCES

COLUMN 17 PEAK WIND IN M.P.H.

PRELIMINARY LOCAL CLIMATOLOGICAL DATA (WS FORM: F-6) , PAGE 2

                                          STATION:  MOLINE IL
                                          MONTH:    JANUARY
                                          YEAR:     2015
                                          LATITUDE:   41 27 N
                                          LONGITUDE:  90 31 W

[TEMPERATURE DATA]      [PRECIPITATION DATA]       SYMBOLS USED IN COLUMN 16

AVERAGE MONTHLY: 22.2   TOTAL FOR MONTH:   1.20    1 = FOG OR MIST
DPTR FM NORMAL:  -0.3   DPTR FM NORMAL:   -0.24    2 = FOG REDUCING VISIBILITY
HIGHEST:    48 ON 24    GRTST 24HR  0.40 ON  5- 6      TO 1/4 MILE OR LESS
LOWEST:    -12 ON  8                               3 = THUNDER
                        SNOW, ICE PELLETS, HAIL    4 = ICE PELLETS
                        TOTAL MONTH:  14.5 INCHES  5 = HAIL
                        GRTST 24HR   5.6 ON   M    6 = FREEZING RAIN OR DRIZZLE
                        GRTST DEPTH:   8 ON  6     7 = DUSTSTORM OR SANDSTORM:
                                                       VSBY 1/2 MILE OR LESS
                                                   8 = SMOKE OR HAZE
[NO. OF DAYS WITH]      [WEATHER - DAYS WITH]      9 = BLOWING SNOW
                                                   X = TORNADO
MAX 32 OR BELOW:  10    0.01 INCH OR MORE:  10
MAX 90 OR ABOVE:   0    0.10 INCH OR MORE:   4
MIN 32 OR BELOW:  29    0.50 INCH OR MORE:   0
MIN  0 OR BELOW:   9    1.00 INCH OR MORE:   0

[HDD (BASE 65) ]
TOTAL THIS MO.  1277    CLEAR  (SCALE 0-3)  14
DPTR FM NORMAL     5    PTCLDY (SCALE 4-7)  12
TOTAL FM JUL 1  3817    CLOUDY (SCALE 8-10)  4
DPTR FM NORMAL   124

[CDD (BASE 65) ]
TOTAL THIS MO.     0
DPTR FM NORMAL     0    [PRESSURE DATA]
TOTAL FM JAN 1     0    HIGHEST SLP M ON M
DPTR FM NORMAL     0    LOWEST  SLP 29.58 ON 25

[REMARKS]




U.S. Dept. of Commerce
NOAA National Weather Service
1325 East West Highway
Silver Spring, MD 20910
E-mail: w-nws.webmaster@noaa.gov
Page last modified: May 16, 2007
NATIONAL WEATHER SERVICE: for Safety, for Work, for Fun - FOR LIFE