766
CXUS55 KDVN 201100
CF6MLI
PRELIMINARY LOCAL CLIMATOLOGICAL DATA (WS FORM: F-6)

                                          STATION:   MOLINE IL
                                          MONTH:     SEPTEMBER
                                          YEAR:      2014
                                          LATITUDE:   41 27 N
                                          LONGITUDE:  90 31 W

  TEMPERATURE IN F:       :PCPN:    SNOW:  WIND      :SUNSHINE: SKY     :PK WND
================================================================================
1   2   3   4   5  6A  6B    7    8   9   10  11  12  13   14  15   16   17  18
                                     12Z  AVG MX 2MIN
DY MAX MIN AVG DEP HDD CDD  WTR  SNW DPTH SPD SPD DIR MIN PSBL S-S WX    SPD DR
================================================================================

 1  82  65  74   3   0   9 0.30  0.0    0  9.5 30 290   M    M   3 13     42 280
 2  82  60  71   0   0   6 0.00  0.0    0  3.9 17 270   M    M   1 12     21 280
 3  85  57  71   1   0   6 0.00  0.0    0  7.6 18 180   M    M   1 1      25 150
 4  88  69  79   9   0  14 0.47  0.0    0 12.2 31 270   M    M   2 13     48 300
 5  84  59  72   2   0   7 0.19  0.0    0  8.3 25 300   M    M   5 138    35 280
 6  75  55  65  -4   0   0 0.00  0.0    0  5.3 13 320   M    M   0        17 340
 7  78  52  65  -4   0   0 0.00  0.0    0  1.2  9 190   M    M   1 8      12 160
 8  77  53  65  -4   0   0 0.02  0.0    0  5.9 22 170   M    M   0 13     30 170
 9  78  62  70   2   0   5 3.24  0.0    0 10.9 21  70   M    M   2 13     27 210
10  78  56  67  -1   0   2 1.05  0.0    0 15.4 24 310   M    M  10 1      33 300
11  56  50  53 -14  12   0 0.00  0.0    0  8.0 15 330   M    M   9 1      20 330
12  55  39  47 -20  18   0 0.08  0.0    0  6.8 15 350   M    M   5 1      21 350
13  60  37  49 -18  16   0 0.00  0.0    0  3.1 12  50   M    M   0 1      15  30
14  68  38  53 -13  12   0 0.00  0.0    0  3.3 12 190   M    M   1        16 210
15  69  44  57  -9   8   0 0.21  0.0    0  4.8 18 360   M    M   7 13     25  30
16  68  40  54 -11  11   0 0.00  0.0    0  1.5  9 330   M    M   0 1      12 310
17  71  44  58  -7   7   0 0.00  0.0    0  1.6 12 150   M    M   3 1      13 150
18  75  45  60  -4   5   0 0.00  0.0    0  5.4 15  80   M    M   1 18     19  90
19  76  47  62  -2   3   0 0.00  0.0    0  9.0 18 170   M    M   0 18     24 180
================================================================================
SM 1405  972        92  49  5.56     0.0 123.7          M       51
================================================================================
AV 73.9 51.2                               6.5 FASTST   M    M   3    MAX(MPH)
                                 MISC ---->  # 31 270               # 48  300
================================================================================
NOTES:
# LAST OF SEVERAL OCCURRENCES

COLUMN 17 PEAK WIND IN M.P.H.

PRELIMINARY LOCAL CLIMATOLOGICAL DATA (WS FORM: F-6) , PAGE 2

                                          STATION:  MOLINE IL
                                          MONTH:    SEPTEMBER
                                          YEAR:     2014
                                          LATITUDE:   41 27 N
                                          LONGITUDE:  90 31 W

[TEMPERATURE DATA]      [PRECIPITATION DATA]       SYMBOLS USED IN COLUMN 16

AVERAGE MONTHLY: 62.6   TOTAL FOR MONTH:   5.56    1 = FOG OR MIST
DPTR FM NORMAL:  -5.1   DPTR FM NORMAL:    3.53    2 = FOG REDUCING VISIBILITY
HIGHEST:    88 ON  4    GRTST 24HR  3.24 ON  9- 9      TO 1/4 MILE OR LESS
LOWEST:     37 ON 13                               3 = THUNDER
                        SNOW, ICE PELLETS, HAIL    4 = ICE PELLETS
                        TOTAL MONTH:   0.0 INCH    5 = HAIL
                        GRTST 24HR     0.0         6 = FREEZING RAIN OR DRIZZLE
                        GRTST DEPTH:   0           7 = DUSTSTORM OR SANDSTORM:
                                                       VSBY 1/2 MILE OR LESS
                                                   8 = SMOKE OR HAZE
[NO. OF DAYS WITH]      [WEATHER - DAYS WITH]      9 = BLOWING SNOW
                                                   X = TORNADO
MAX 32 OR BELOW:   0    0.01 INCH OR MORE:   8
MAX 90 OR ABOVE:   0    0.10 INCH OR MORE:   6
MIN 32 OR BELOW:   0    0.50 INCH OR MORE:   2
MIN  0 OR BELOW:   0    1.00 INCH OR MORE:   2

[HDD (BASE 65) ]
TOTAL THIS MO.    92    CLEAR  (SCALE 0-3)  14
DPTR FM NORMAL    57    PTCLDY (SCALE 4-7)   3
TOTAL FM JUL 1    97    CLOUDY (SCALE 8-10)  2
DPTR FM NORMAL    54

[CDD (BASE 65) ]
TOTAL THIS MO.    49
DPTR FM NORMAL   -37    [PRESSURE DATA]
TOTAL FM JAN 1   815    HIGHEST SLP M ON M
DPTR FM NORMAL  -154    LOWEST  SLP 29.48 ON 10

[REMARKS]




U.S. Dept. of Commerce
NOAA National Weather Service
1325 East West Highway
Silver Spring, MD 20910
E-mail: w-nws.webmaster@noaa.gov
Page last modified: May 16, 2007
NATIONAL WEATHER SERVICE: for Safety, for Work, for Fun - FOR LIFE