240
CXUS55 KDVN 291100
CF6MLI
PRELIMINARY LOCAL CLIMATOLOGICAL DATA (WS FORM: F-6)

                                          STATION:   MOLINE IL
                                          MONTH:     AUGUST
                                          YEAR:      2014
                                          LATITUDE:   41 27 N
                                          LONGITUDE:  90 31 W

  TEMPERATURE IN F:       :PCPN:    SNOW:  WIND      :SUNSHINE: SKY     :PK WND
================================================================================
1   2   3   4   5  6A  6B    7    8   9   10  11  12  13   14  15   16   17  18
                                     12Z  AVG MX 2MIN
DY MAX MIN AVG DEP HDD CDD  WTR  SNW DPTH SPD SPD DIR MIN PSBL S-S WX    SPD DR
================================================================================

 1  84  62  73  -2   0   8 0.31  0.0    0  4.0 26 250   M    M   4 8      32 250
 2  85  57  71  -4   0   6 0.00  0.0    0  2.5 10 220   M    M   1 1      12 210
 3  85  60  73  -2   0   8 0.00  0.0    0  4.1 14 220   M    M   0 1      21 220
 4  86  64  75   0   0  10 0.54  0.0    0  3.6 22 240   M    M   3 1      28 240
 5  77  64  71  -4   0   6 0.00  0.0    0  2.6  9  40   M    M   6 18     11  50
 6  76  63  70  -4   0   5 0.01  0.0    0  3.6 12  70   M    M   4 18     14  70
 7  75  63  69  -5   0   4 0.00  0.0    0  9.7 17 110   M    M   7 18     22 110
 8  81  64  73  -1   0   8 0.00  0.0    0 10.5 20  90   M    M   5        23  70
 9  84  62  73  -1   0   8 0.00  0.0    0  8.7 22  80   M    M   1 18     26  80
10  83  63  73  -1   0   8 0.01  0.0    0  3.8 10  50   M    M   7 1      14  40
11  83  64  74   0   0   9 0.17  0.0    0  9.7 25 300   M    M   2 18     32 300
12  79  55  67  -7   0   2 0.00  0.0    0 11.1 24 330   M    M   2        36 330
13  85  51  68  -6   0   3 0.00  0.0    0  6.3 16 280   M    M   1        21 300
14  82  59  71  -3   0   6 0.00  0.0    0  5.1 10  50   M    M   2 8      19  50
15  71  57  64 -10   1   0 0.01  0.0    0  4.1 10 150   M    M   3        13 130
16  78  62  70  -4   0   5    T  0.0    0  4.7 14 160   M    M   8 1      17 150
17  83  62  73  -1   0   8 0.00  0.0    0  5.5 15  70   M    M   5 18     18  80
18  86  68  77   3   0  12 0.00  0.0    0  5.3 15 210   M    M   4 18     18 230
19  89  65  77   3   0  12 0.00  0.0    0  9.1 21 270   M    M   2 1      26 210
20  79  60  70  -3   0   5    T  0.0    0  4.3 17 220   M    M   1 13     23 230
21  87  69  78   5   0  13    T  0.0    0  3.4 15 270   M    M   3 13     19 260
22  89  71  80   7   0  15 0.44  0.0    0  4.7 28 280   M    M   3 138    35 300
23  80  71  76   3   0  11 0.45  0.0    0  5.5 26 250   M    M   4 13     38 240
24  93  67  80   7   0  15 0.00  0.0    0  5.7 12 160   M    M   0        15 140
25  94  76  85  12   0  20 0.00  0.0    0  5.4 17 110   M    M   1 13     22 100
26  85  68  77   5   0  12 0.06  0.0    0  4.6 25 320   M    M   1 138    36 310
27  80  64  72   0   0   7 0.00  0.0    0  4.8 13  70   M    M   2 8      15  60
28  73  65  69  -3   0   4 1.97  0.0    0  9.4 17 290   M    M   7 13     23 300
================================================================================
SM 2312 1776         1 230  3.97     0.0 161.8          M       89
================================================================================
AV 82.6 63.4                               5.8 FASTST   M    M   3    MAX(MPH)
                                 MISC ---->  # 28 280               # 38  240
================================================================================
NOTES:
# LAST OF SEVERAL OCCURRENCES

COLUMN 17 PEAK WIND IN M.P.H.

PRELIMINARY LOCAL CLIMATOLOGICAL DATA (WS FORM: F-6) , PAGE 2

                                          STATION:  MOLINE IL
                                          MONTH:    AUGUST
                                          YEAR:     2014
                                          LATITUDE:   41 27 N
                                          LONGITUDE:  90 31 W

[TEMPERATURE DATA]      [PRECIPITATION DATA]       SYMBOLS USED IN COLUMN 16

AVERAGE MONTHLY: 73.0   TOTAL FOR MONTH:   3.97    1 = FOG OR MIST
DPTR FM NORMAL:  -0.8   DPTR FM NORMAL:   -0.13    2 = FOG REDUCING VISIBILITY
HIGHEST:    94 ON 25    GRTST 24HR  1.97 ON 28-28      TO 1/4 MILE OR LESS
LOWEST:     51 ON 13                               3 = THUNDER
                        SNOW, ICE PELLETS, HAIL    4 = ICE PELLETS
                        TOTAL MONTH:   0.0 INCH    5 = HAIL
                        GRTST 24HR     0.0         6 = FREEZING RAIN OR DRIZZLE
                        GRTST DEPTH:   0           7 = DUSTSTORM OR SANDSTORM:
                                                       VSBY 1/2 MILE OR LESS
                                                   8 = SMOKE OR HAZE
[NO. OF DAYS WITH]      [WEATHER - DAYS WITH]      9 = BLOWING SNOW
                                                   X = TORNADO
MAX 32 OR BELOW:   0    0.01 INCH OR MORE:  10
MAX 90 OR ABOVE:   2    0.10 INCH OR MORE:   6
MIN 32 OR BELOW:   0    0.50 INCH OR MORE:   2
MIN  0 OR BELOW:   0    1.00 INCH OR MORE:   1

[HDD (BASE 65) ]
TOTAL THIS MO.     1    CLEAR  (SCALE 0-3)  14
DPTR FM NORMAL     1    PTCLDY (SCALE 4-7)  13
TOTAL FM JUL 1     5    CLOUDY (SCALE 8-10)  1
DPTR FM NORMAL     3

[CDD (BASE 65) ]
TOTAL THIS MO.   230
DPTR FM NORMAL   -19    [PRESSURE DATA]
TOTAL FM JAN 1   734    HIGHEST SLP M ON M
DPTR FM NORMAL  -129    LOWEST  SLP 29.69 ON 19

[REMARKS]




U.S. Dept. of Commerce
NOAA National Weather Service
1325 East West Highway
Silver Spring, MD 20910
E-mail: w-nws.webmaster@noaa.gov
Page last modified: May 16, 2007
NATIONAL WEATHER SERVICE: for Safety, for Work, for Fun - FOR LIFE