071
CXUS52 KMLB 011226
CF6MLB
PRELIMINARY LOCAL CLIMATOLOGICAL DATA (WS FORM: F-6)

                                          STATION:   MELBOURNE
                                          MONTH:     NOVEMBER
                                          YEAR:      2014
                                          LATITUDE:   28  6 N
                                          LONGITUDE:  80 39 W

  TEMPERATURE IN F:       :PCPN:    SNOW:  WIND      :SUNSHINE: SKY     :PK WND
================================================================================
1   2   3   4   5  6A  6B    7    8   9   10  11  12  13   14  15   16   17  18
                                     12Z  AVG MX 2MIN
DY MAX MIN AVG DEP HDD CDD  WTR  SNW DPTH SPD SPD DIR MIN PSBL S-S WX    SPD DR
================================================================================

 1  66  47  57 -15   8   0 0.00  0.0    0 14.1 32 270   M    M   1        39 270
 2  67  44  56 -16   9   0 0.00  0.0    0  9.9 21 350   M    M   0        25 360
 3  76  48  62 -10   3   0 0.00  0.0    0 11.0 20  30   M    M   5        25  40
 4  81  70  76   4   0  11 0.00  0.0    0 11.9 18  70   M    M   3        22  70
 5  82  69  76   5   0  11 0.00  0.0    0  8.6 15  80   M    M   1        19  70
 6  82  63  73   2   0   8 0.00  0.0    0  4.1 10 140   M    M   2        14 120
 7  77  57  67  -4   0   2 0.00  0.0    0  8.7 18  30   M    M   0        21  30
 8  81  56  69  -1   0   4 0.01  0.0    0  5.8 14 340   M    M   5        18 350
 9  66  60  63  -7   2   0 0.54  0.0    0  7.6 15 330   M    M  10 1      19 330
10  77  61  69  -1   0   4    T  0.0    0 10.4 20 320   M    M   7        25 310
11  80  59  70   0   0   5 0.00  0.0    0 10.8 22 320   M    M   3        28 340
12  80  57  69  -1   0   4 0.00  0.0    0  7.6 14  10   M    M   0        19 360
13  79  55  67  -2   0   2 0.00  0.0    0  4.6 10  70   M    M   0 1      14 360
14  68  60  64  -5   1   0 0.00  0.0    0  7.4 15  10   M    M   7 128    18  20
15  76  53  65  -4   0   0 0.00  0.0    0  5.8 15 350   M    M   1 1      19 350
16  80  56  68  -1   0   3 0.00  0.0    0  5.5 14 110   M    M   0 1      17 100
17  89  68  79  10   0  14 0.94  0.0    0 11.6 29 280   M    M   5 13     37 270
18  70  49  60  -8   5   0 0.22  0.0    0 11.3 21 320   M    M   8 1      28 320
19  63  44  54 -14  11   0    T  0.0    0 11.6 22 350   M    M   5        26 340
20  69  48  59  -9   6   0 0.00  0.0    0 10.1 23 350   M    M   0        28 360
21  77  54  66  -2   0   1    T  0.0    0 12.3 21  60   M    M   5        26  70
22  75  71  73   5   0   8 0.09  0.0    0 16.3 23 100   M    M  10 18     32 100
23  86  72  79  12   0  14 0.04  0.0    0 11.5 22 140   M    M   7 18     29 150
24  88  74  81  14   0  16 0.00  0.0    0  8.3 17 190   M    M   5 18     22 180
25  83  73  78  11   0  13 0.43  0.0    0  7.8 14 150   M    M  10 138    18 200
26  77  49  63  -4   2   0 0.81  0.0    0  8.8 31 300   M    M   7 13     37 300
27  72  45  59  -8   6   0 0.00  0.0    0 10.2 22 280   M    M   0 1      25 280
28  65  47  56 -10   9   0 0.00  0.0    0 12.7 21 360   M    M   0        27  10
29  73  50  62  -4   3   0 0.00  0.0    0  6.9 13  40   M    M   2        17  70
30  78  54  66   0   0   1 0.00  0.0    0  7.2 15  70   M    M   3        19  70
================================================================================
SM 2283 1713        65 121  3.08     0.0 280.4          M      112
================================================================================
AV 76.1 57.1                               9.3 FASTST   M    M   4    MAX(MPH)
                                 MISC ---->  # 32 270               # 39  270
================================================================================
NOTES:
# LAST OF SEVERAL OCCURRENCES

COLUMN 17 PEAK WIND IN M.P.H.

PRELIMINARY LOCAL CLIMATOLOGICAL DATA (WS FORM: F-6) , PAGE 2

                                          STATION:  MELBOURNE
                                          MONTH:    NOVEMBER
                                          YEAR:     2014
                                          LATITUDE:   28  6 N
                                          LONGITUDE:  80 39 W

[TEMPERATURE DATA]      [PRECIPITATION DATA]       SYMBOLS USED IN COLUMN 16

AVERAGE MONTHLY: 66.6   TOTAL FOR MONTH:   3.08    1 = FOG OR MIST
DPTR FM NORMAL:  -2.4   DPTR FM NORMAL:    0.20    2 = FOG REDUCING VISIBILITY
HIGHEST:    89 ON 17    GRTST 24HR  1.16 ON 17-18      TO 1/4 MILE OR LESS
LOWEST:     44 ON 19, 2                            3 = THUNDER
                        SNOW, ICE PELLETS, HAIL    4 = ICE PELLETS
                        TOTAL MONTH:   0.0 INCH    5 = HAIL
                        GRTST 24HR     0.0         6 = FREEZING RAIN OR DRIZZLE
                        GRTST DEPTH:   0           7 = DUSTSTORM OR SANDSTORM:
                                                       VSBY 1/2 MILE OR LESS
                                                   8 = SMOKE OR HAZE
[NO. OF DAYS WITH]      [WEATHER - DAYS WITH]      9 = BLOWING SNOW
                                                   X = TORNADO
MAX 32 OR BELOW:   0    0.01 INCH OR MORE:   8
MAX 90 OR ABOVE:   0    0.10 INCH OR MORE:   5
MIN 32 OR BELOW:   0    0.50 INCH OR MORE:   3
MIN  0 OR BELOW:   0    1.00 INCH OR MORE:   0

[HDD (BASE 65) ]
TOTAL THIS MO.    65    CLEAR  (SCALE 0-3)  15
DPTR FM NORMAL    27    PTCLDY (SCALE 4-7)  11
TOTAL FM JUL 1    65    CLOUDY (SCALE 8-10)  4
DPTR FM NORMAL    23

[CDD (BASE 65) ]
TOTAL THIS MO.   121
DPTR FM NORMAL   -37    [PRESSURE DATA]
TOTAL FM JAN 1  3443    HIGHEST SLP 30.34 ON  3
DPTR FM NORMAL   248    LOWEST  SLP 29.83 ON  9

[REMARKS]
#FINAL-11-14#




U.S. Dept. of Commerce
NOAA National Weather Service
1325 East West Highway
Silver Spring, MD 20910
E-mail: w-nws.webmaster@noaa.gov
Page last modified: May 16, 2007
NATIONAL WEATHER SERVICE: for Safety, for Work, for Fun - FOR LIFE