484
CXUS52 KMLB 281211
CF6MLB
PRELIMINARY LOCAL CLIMATOLOGICAL DATA (WS FORM: F-6)

                                          STATION:   MELBOURNE
                                          MONTH:     AUGUST
                                          YEAR:      2014
                                          LATITUDE:   28  6 N
                                          LONGITUDE:  80 39 W

  TEMPERATURE IN F:       :PCPN:    SNOW:  WIND      :SUNSHINE: SKY     :PK WND
================================================================================
1   2   3   4   5  6A  6B    7    8   9   10  11  12  13   14  15   16   17  18
                                     12Z  AVG MX 2MIN
DY MAX MIN AVG DEP HDD CDD  WTR  SNW DPTH SPD SPD DIR MIN PSBL S-S WX    SPD DR
================================================================================

 1  92  77  85   3   0  20 0.00  0.0    0  7.9 20 120   M    M   3 3      24 120
 2  90  77  84   2   0  19 0.00  0.0    0  8.6 16  90   M    M   3        19  60
 3  88  80  84   2   0  19 0.10  0.0    0  6.1 13 100   M    M   4 3      15 100
 4  87  77  82   0   0  17 0.02  0.0    0  8.3 18 200   M    M   6 13     22 200
 5  90  75  83   1   0  18 0.19  0.0    0  6.6 22 300   M    M   4 138    28 300
 6  91  76  84   2   0  19 0.00  0.0    0  5.1 14  80   M    M   1 3      16  80
 7  92  76  84   2   0  19 0.22  0.0    0  3.4 17 200   M    M   1 13     21 180
 8  92  72  82   0   0  17 0.70  0.0    0  5.4 25 210   M    M   1 13     32 160
 9  91  75  83   1   0  18    T  0.0    0  5.0 18 290   M    M   1 3      22 290
10  94  76  85   3   0  20 0.00  0.0    0  7.9 32 300   M    M   2 3      39 310
11  92  75  84   2   0  19 0.24  0.0    0  7.5 28 310   M    M   2 38     34 310
12  94  74  84   2   0  19 0.00  0.0    0  8.5 23 230   M    M   1 3      27 220
13  94  76  85   3   0  20    T  0.0    0  8.1 22 240   M    M   2 3      32 240
14  91  76  84   2   0  19 0.32  0.0    0  5.9 23 280   M    M   1 38     37 290
15  91  73  82   0   0  17 0.74  0.0    0  5.6 18 230   M    M   4 138    25 250
16  91  73  82   0   0  17 1.08  0.0    0  5.7 36 290   M    M   2 138    44 290
17  89  74  82   0   0  17 0.00  0.0    0  6.8 14 110   M    M   2 3      18 110
18  92  77  85   3   0  20    T  0.0    0  6.3 17 150   M    M   2 3      23 160
19  94  76  85   3   0  20 0.00  0.0    0  7.3 16 150   M    M   1        19 160
20  93  78  86   4   0  21 0.00  0.0    0  6.3 14 150   M    M   1        18 140
21  92  77  85   3   0  20 0.00  0.0    0  5.1 13 110   M    M   1 3      17 110
22  93  78  86   4   0  21 0.00  0.0    0  5.6 14 120   M    M   1        17  90
23  93  76  85   3   0  20 0.00  0.0    0  4.7 13  90   M    M   1        15  50
24  95  77  86   4   0  21 0.05  0.0    0  8.1 18 350   M    M   1 1      23 350
25  89  80  85   3   0  20 0.07  0.0    0 16.7 25  70   M    M   3 18     32  50
26  90  80  85   3   0  20    T  0.0    0 14.9 21  50   M    M   2        26  50
27  90  74  82   0   0  17 0.00  0.0    0  8.8 21  30   M    M   2        26  30
================================================================================
SM 2470 2055         0 514  3.73     0.0 196.2          M       55
================================================================================
AV 91.5 76.1                               7.3 FASTST   M    M   2    MAX(MPH)
                                 MISC ---->  # 36 290               # 44  290
================================================================================
NOTES:
# LAST OF SEVERAL OCCURRENCES

COLUMN 17 PEAK WIND IN M.P.H.

PRELIMINARY LOCAL CLIMATOLOGICAL DATA (WS FORM: F-6) , PAGE 2

                                          STATION:  MELBOURNE
                                          MONTH:    AUGUST
                                          YEAR:     2014
                                          LATITUDE:   28  6 N
                                          LONGITUDE:  80 39 W

[TEMPERATURE DATA]      [PRECIPITATION DATA]       SYMBOLS USED IN COLUMN 16

AVERAGE MONTHLY: 83.8   TOTAL FOR MONTH:   3.73    1 = FOG OR MIST
DPTR FM NORMAL:   1.8   DPTR FM NORMAL:   -2.97    2 = FOG REDUCING VISIBILITY
HIGHEST:    95 ON 24    GRTST 24HR  1.08 ON 16-16      TO 1/4 MILE OR LESS
LOWEST:     72 ON  8                               3 = THUNDER
                        SNOW, ICE PELLETS, HAIL    4 = ICE PELLETS
                        TOTAL MONTH:   0.0 INCH    5 = HAIL
                        GRTST 24HR     0.0         6 = FREEZING RAIN OR DRIZZLE
                        GRTST DEPTH:   0           7 = DUSTSTORM OR SANDSTORM:
                                                       VSBY 1/2 MILE OR LESS
                                                   8 = SMOKE OR HAZE
[NO. OF DAYS WITH]      [WEATHER - DAYS WITH]      9 = BLOWING SNOW
                                                   X = TORNADO
MAX 32 OR BELOW:   0    0.01 INCH OR MORE:  11
MAX 90 OR ABOVE:  23    0.10 INCH OR MORE:   8
MIN 32 OR BELOW:   0    0.50 INCH OR MORE:   3
MIN  0 OR BELOW:   0    1.00 INCH OR MORE:   1

[HDD (BASE 65) ]
TOTAL THIS MO.     0    CLEAR  (SCALE 0-3)  23
DPTR FM NORMAL     0    PTCLDY (SCALE 4-7)   4
TOTAL FM JUL 1     0    CLOUDY (SCALE 8-10)  0
DPTR FM NORMAL     0

[CDD (BASE 65) ]
TOTAL THIS MO.   514
DPTR FM NORMAL    55    [PRESSURE DATA]
TOTAL FM JAN 1  2418    HIGHEST SLP M ON M
DPTR FM NORMAL   255    LOWEST  SLP 29.80 ON 24

[REMARKS]




U.S. Dept. of Commerce
NOAA National Weather Service
1325 East West Highway
Silver Spring, MD 20910
E-mail: w-nws.webmaster@noaa.gov
Page last modified: May 16, 2007
NATIONAL WEATHER SERVICE: for Safety, for Work, for Fun - FOR LIFE