977
CXUS52 KMLB 011107
CF6MLB
PRELIMINARY LOCAL CLIMATOLOGICAL DATA (WS FORM: F-6)

                                          STATION:   MELBOURNE
                                          MONTH:     JULY
                                          YEAR:      2014
                                          LATITUDE:   28  6 N
                                          LONGITUDE:  80 39 W

  TEMPERATURE IN F:       :PCPN:    SNOW:  WIND      :SUNSHINE: SKY     :PK WND
================================================================================
1   2   3   4   5  6A  6B    7    8   9   10  11  12  13   14  15   16   17  18
                                     12Z  AVG MX 2MIN
DY MAX MIN AVG DEP HDD CDD  WTR  SNW DPTH SPD SPD DIR MIN PSBL S-S WX    SPD DR
================================================================================

 1  88  76  82   1   0  17 0.14  0.0    0 13.9 25  10   M    M   5 138    31 360
 2  88  75  82   1   0  17 0.05  0.0    0 10.1 18 310   M    M   5 3      27 340
 3  94  75  85   4   0  20 0.21  0.0    0 10.3 28 270   M    M   2 38     35 270
 4  94  74  84   3   0  19 0.51  0.0    0  8.7 23 180   M    M   2 138    32 180
 5  89  71  80  -1   0  15 1.16  0.0    0  5.5 26 170   M    M   3 13     37 160
 6  89  72  81   0   0  16 0.37  0.0    0  5.4 22 300   M    M   3 13     26 110
 7  89  72  81   0   0  16 0.00  0.0    0  5.4 23 130   M    M   2 3      29 140
 8  90  73  82   1   0  17 0.47  0.0    0  5.6 23 340   M    M   1 138    29 340
 9  89  72  81   0   0  16 0.02  0.0    0  5.2 20 290   M    M   3 13     23 290
10  88  74  81  -1   0  16 0.00  0.0    0  6.4 20 110   M    M   2 3X     24 110
11  89  73  81  -1   0  16    T  0.0    0  6.3 17 100   M    M   2 38     22 100
12  89  76  83   1   0  18 0.00  0.0    0  8.5 18 110   M    M   3 3      22 110
13  89  76  83   1   0  18 0.02  0.0    0  5.3 15 140   M    M   2 3      19 140
14  91  73  82   0   0  17 1.29  0.0    0  6.9 22 280   M    M   3 13     27 270
15  90  74  82   0   0  17 0.42  0.0    0  6.8 21 150   M    M   3 13     28 110
16  90  74  82   0   0  17 1.70  0.0    0  8.8 35 250   M    M   2 13     42 250
17  90  75  83   1   0  18    T  0.0    0  7.5 16 280   M    M   2        20 270
18  89  75  82   0   0  17 0.34  0.0    0  6.7 14  50   M    M   4 1      17  60
19  89  75  82   0   0  17 0.00  0.0    0  6.1 13  90   M    M   2        16  70
20  90  77  84   2   0  19 0.00  0.0    0  5.2 14 100   M    M   1 3      18 110
21  89  75  82   0   0  17 0.56  0.0    0  5.9 18 210   M    M   2 13     24 230
22  89  74  82   0   0  17 1.33  0.0    0  4.6 28 290   M    M   3 13     35 300
23  89  73  81  -1   0  16 0.00  0.0    0  5.8 15 110   M    M   2 3      19 100
24  93  76  85   3   0  20 0.41  0.0    0  6.6 20 300   M    M   3 13     24 150
25  92  76  84   2   0  19 0.11  0.0    0  6.2 16 110   M    M   2 13     20 120
26  94  72  83   1   0  18 1.72  0.0    0  6.1 23 100   M    M   2 13     29 300
27  95  75  85   3   0  20 0.27  0.0    0  5.8 25 230   M    M   2 38     30 190
28  94  77  86   4   0  21 0.00  0.0    0  9.0 18 210   M    M   2 3      25 220
29  92  76  84   2   0  19 0.10  0.0    0  9.1 18 290   M    M   2 13     26 300
30  93  76  85   3   0  20 0.00  0.0    0  6.7 14 110   M    M   2        20 120
31  91  78  85   3   0  20 0.00  0.0    0  7.8 17 140   M    M   4        23 120
================================================================================
SM 2805 2310         0 550 11.20     0.0 218.2          M       78
================================================================================
AV 90.5 74.5                               7.0 FASTST   M    M   3    MAX(MPH)
                                 MISC ---->  # 35 250               # 42  250
================================================================================
NOTES:
# LAST OF SEVERAL OCCURRENCES

COLUMN 17 PEAK WIND IN M.P.H.

PRELIMINARY LOCAL CLIMATOLOGICAL DATA (WS FORM: F-6) , PAGE 2

                                          STATION:  MELBOURNE
                                          MONTH:    JULY
                                          YEAR:     2014
                                          LATITUDE:   28  6 N
                                          LONGITUDE:  80 39 W

[TEMPERATURE DATA]      [PRECIPITATION DATA]       SYMBOLS USED IN COLUMN 16

AVERAGE MONTHLY: 82.5   TOTAL FOR MONTH:  11.20    1 = FOG OR MIST
DPTR FM NORMAL:   0.8   DPTR FM NORMAL:    5.24    2 = FOG REDUCING VISIBILITY
HIGHEST:    95 ON 27    GRTST 24HR  2.09 ON 15-16      TO 1/4 MILE OR LESS
LOWEST:     71 ON  5                               3 = THUNDER
                        SNOW, ICE PELLETS, HAIL    4 = ICE PELLETS
                        TOTAL MONTH:   0.0 INCH    5 = HAIL
                        GRTST 24HR     0.0         6 = FREEZING RAIN OR DRIZZLE
                        GRTST DEPTH:   0           7 = DUSTSTORM OR SANDSTORM:
                                                       VSBY 1/2 MILE OR LESS
                                                   8 = SMOKE OR HAZE
[NO. OF DAYS WITH]      [WEATHER - DAYS WITH]      9 = BLOWING SNOW
                                                   X = TORNADO
MAX 32 OR BELOW:   0    0.01 INCH OR MORE:  20
MAX 90 OR ABOVE:  16    0.10 INCH OR MORE:  17
MIN 32 OR BELOW:   0    0.50 INCH OR MORE:   7
MIN  0 OR BELOW:   0    1.00 INCH OR MORE:   5

[HDD (BASE 65) ]
TOTAL THIS MO.     0    CLEAR  (SCALE 0-3)  24
DPTR FM NORMAL     0    PTCLDY (SCALE 4-7)   7
TOTAL FM JUL 1     0    CLOUDY (SCALE 8-10)  0
DPTR FM NORMAL     0

[CDD (BASE 65) ]
TOTAL THIS MO.   550
DPTR FM NORMAL    34    [PRESSURE DATA]
TOTAL FM JAN 1  1904    HIGHEST SLP 30.17 ON  5
DPTR FM NORMAL   200    LOWEST  SLP 29.83 ON  2

[REMARKS]
#FINAL-07-14#




U.S. Dept. of Commerce
NOAA National Weather Service
1325 East West Highway
Silver Spring, MD 20910
E-mail: w-nws.webmaster@noaa.gov
Page last modified: May 16, 2007
NATIONAL WEATHER SERVICE: for Safety, for Work, for Fun - FOR LIFE