208
CXUS53 KMPX 301000
CF6MKT
PRELIMINARY LOCAL CLIMATOLOGICAL DATA (WS FORM: F-6)

                                          STATION:   MANKATO MN
                                          MONTH:     JULY
                                          YEAR:      2014
                                          LATITUDE:   44 13 N
                                          LONGITUDE:  93 55 W

  TEMPERATURE IN F:       :PCPN:    SNOW:  WIND      :SUNSHINE: SKY     :PK WND
================================================================================
1   2   3   4   5  6A  6B    7    8   9   10  11  12  13   14  15   16   17  18
                                     12Z  AVG MX 2MIN
DY MAX MIN AVG DEP HDD CDD  WTR  SNW DPTH SPD SPD DIR MIN PSBL S-S WX    SPD DR
================================================================================

 1  72  55  64  -8   1   0    M    M    M 16.4 23 300   M    M   8        30 300
 2  73  54  64  -8   1   0    M    M    M 12.1 18 350   M    M   4        25 360
 3  75  54  65  -7   0   0    M    M    M  4.7  9 360   M    M   4         M  M
 4  79  57  68  -4   0   3    M    M    M 10.7 17 150   M    M   4        23 150
 5  81  64  73   1   0   8    M    M    M 12.6 21 190   M    M   4        28 190
 6  90  70  80   8   0  15    M    M    M 12.5 18 300   M    M   6        24 300
 7  84  63  74   2   0   9    M    M    M  9.6 24 260   M    M   2        29 260
 8  77  63  70  -2   0   5    M    M    M 15.4 24 290   M    M   1        35 320
 9  79  55  67  -5   0   2    M    M    M  6.5 14 310   M    M   2        20 310
10  82  61  72   0   0   7    M    M    M 10.5 16 180   M    M   2        24 200
11  82  66  74   2   0   9    M    M    M 11.7 17 160   M    M   6        24 180
12  77  66  72   0   0   7    M    M    M  5.3  8 280   M    M   6 3       M  M
13  77  61  69  -3   0   4    M    M    M  9.9 18 290   M    M   1        25 290
14  64  54  59 -13   6   0    M    M    M 15.1 25 300   M    M   6        31 300
15  70  52  61 -11   4   0    M    M    M  9.9 18 320   M    M   7        23 340
16  75  52  64  -8   1   0    M    M    M  3.8  9 280   M    M   3        16 320
17  77  54  66  -6   0   1    M    M    M  5.8  9 200   M    M   2         M  M
18  79  57  68  -4   0   3    M    M    M 10.8 20 210   M    M   4        24 180
19  81  64  73   1   0   8    M    M    M 11.3 20 180   M    M   7        25 180
20  84  70  77   5   0  12    M    M    M 12.6 17 170   M    M   6        25 180
21  90  70  80   8   0  15    M    M    M 11.3 20 140   M    M   3        24 140
22  82  64  73   1   0   8    M    M    M 11.8 18 310   M    M   3        24 310
23  81  57  69  -3   0   4    M    M    M  5.8  9 320   M    M   1         M  M
24  81  57  69  -3   0   4    M    M    M  7.0 15 200   M    M   3        23 200
25  81  64  73   1   0   8    M    M    M 10.3 18 190   M    M   7 3      25 190
26  82  68  75   3   0  10    M    M    M  8.6 16 300   M    M   3        24 290
27  73  63  68  -4   0   3    M    M    M 14.8 22 320   M    M   6        32 310
28  73  57  65  -7   0   0    M    M    M  6.7 13 350   M    M   7         M  M
29  75  55  65  -7   0   0    M999.0    M  7.8 15 310   M    M   2        17 280
================================================================================
SM 2276 1747        13 145    M    999.0 291.3          M      120
================================================================================
AV 78.5 60.2                              10.0 FASTST   M    M   4    MAX(MPH)
                                 MISC ---->    25   M               # 35  320
================================================================================
NOTES:
# LAST OF SEVERAL OCCURRENCES

COLUMN 17 PEAK WIND IN M.P.H.

PRELIMINARY LOCAL CLIMATOLOGICAL DATA (WS FORM: F-6) , PAGE 2

                                          STATION:  MANKATO MN
                                          MONTH:    JULY
                                          YEAR:     2014
                                          LATITUDE:   44 13 N
                                          LONGITUDE:  93 55 W

[TEMPERATURE DATA]      [PRECIPITATION DATA]       SYMBOLS USED IN COLUMN 16

AVERAGE MONTHLY: 69.4   TOTAL FOR MONTH:      M    1 = FOG OR MIST
DPTR FM NORMAL:  -2.6   DPTR FM NORMAL:       M    2 = FOG REDUCING VISIBILITY
HIGHEST:    90 ON 21, 6 GRTST 24HR    M  ON   M        TO 1/4 MILE OR LESS
LOWEST:     52 ON 16,15                            3 = THUNDER
                        SNOW, ICE PELLETS, HAIL    4 = ICE PELLETS
                        TOTAL MONTH: 999.0 INCHES  5 = HAIL
                        GRTST 24HR 999.0 ON 29-29  6 = FREEZING RAIN OR DRIZZLE
                        GRTST DEPTH:  M  ON   M    7 = DUSTSTORM OR SANDSTORM:
                                                       VSBY 1/2 MILE OR LESS
                                                   8 = SMOKE OR HAZE
[NO. OF DAYS WITH]      [WEATHER - DAYS WITH]      9 = BLOWING SNOW
                                                   X = TORNADO
MAX 32 OR BELOW:   0    0.01 INCH OR MORE:   0
MAX 90 OR ABOVE:   2    0.10 INCH OR MORE:   0
MIN 32 OR BELOW:   0    0.50 INCH OR MORE:   0
MIN  0 OR BELOW:   0    1.00 INCH OR MORE:   0

[HDD (BASE 65) ]
TOTAL THIS MO.    13    CLEAR  (SCALE 0-3)  13
DPTR FM NORMAL    13    PTCLDY (SCALE 4-7)  16
TOTAL FM JUL 1    13    CLOUDY (SCALE 8-10)  0
DPTR FM NORMAL    13

[CDD (BASE 65) ]
TOTAL THIS MO.   145
DPTR FM NORMAL   -74    [PRESSURE DATA]
TOTAL FM JAN 1   341    HIGHEST SLP M ON M
DPTR FM NORMAL   -63    LOWEST  SLP M ON M

[REMARKS]




U.S. Dept. of Commerce
NOAA National Weather Service
1325 East West Highway
Silver Spring, MD 20910
E-mail: w-nws.webmaster@noaa.gov
Page last modified: May 16, 2007
NATIONAL WEATHER SERVICE: for Safety, for Work, for Fun - FOR LIFE