375
CXUS54 KTSA 010940
CF6MKO
PRELIMINARY LOCAL CLIMATOLOGICAL DATA (WS FORM: F-6)

                                          STATION:   MUSKOGEE OKLAHOMA
                                          MONTH:     JANUARY
                                          YEAR:      2015
                                          LATITUDE:   35 40 N
                                          LONGITUDE:  95 22 W

  TEMPERATURE IN F:       :PCPN:    SNOW:  WIND      :SUNSHINE: SKY     :PK WND
================================================================================
1   2   3   4   5  6A  6B    7    8   9   10  11  12  13   14  15   16   17  18
                                     12Z  AVG MX 2MIN
DY MAX MIN AVG DEP HDD CDD  WTR  SNW DPTH SPD SPD DIR MIN PSBL S-S WX    SPD DR
================================================================================

 1  33  26  30  -8  35   0 0.05    M    0  2.3  9 130   M    M  10 1      11 130
 2  39  33  36  -2  29   0 0.27    M    0  3.5  9 350   M    M  10 1      11 350
 3  44  37  41   3  24   0 0.28    M    0  7.4 16 270   M    M  10 1      21 280
 4  40  17  29  -9  36   0    T    M    0 14.8 32 320   M    M   4        41 320
 5  43  16  30  -8  35   0 0.00  0.0    0  7.6 20 160   M    M   0        23 170
 6  44  24  34  -4  31   0 0.00  0.0    0  7.7 18 360   M    M   0        23 340
 7  29  10  20 -18  45   0 0.00  0.0    0 18.0 31  10   M    M   3        40 360
 8  34   7  21 -17  44   0 0.00  0.0    0  8.6 24 190   M    M   0        30 190
 9  32  17  25 -13  40   0 0.00  0.0    0 11.5 25  10   M    M   4        35 360
10  38  13  26 -12  39   0 0.00  0.0    0  8.3 18 180   M    M   6        23 170
11  37  30  34  -4  31   0    T    M    0  8.8 17 140   M    M  10 1      22 140
12  37  27  32  -6  33   0 0.00  0.0    0 12.8 24 350   M    M   8 18     31 360
13  38  22  30  -8  35   0 0.00  0.0    0  8.1 14  10   M    M   0        17  10
14  42  22  32  -6  33   0 0.00  0.0    0  4.0  8 320   M    M   5 8      10 320
15  54  28  41   3  24   0 0.00  0.0    0  4.0 10 340   M    M   3        16 270
16  62  23  43   5  22   0 0.00  0.0    0  6.1 14 200   M    M   0 1      18 200
17  62  37  50  12  15   0 0.00  0.0    0  9.4 20 210   M    M   0        26 220
18  67  26  47   9  18   0 0.00  0.0    0 10.7 24 190   M    M   0        37 220
19  68  34  51  13  14   0 0.00  0.0    0  4.2 13 210   M    M   0        17 210
20  58  33  46   8  19   0    T    M    0  8.8 23  10   M    M   2 1      27 360
21  52  26  39   1  26   0 0.00  0.0    0  6.4 17  20   M    M   7 12     21  20
22  48  34  41   3  24   0 0.15    M    0  5.0 15  30   M    M   9        17  30
23  49  26  38   0  27   0 0.00  0.0    0  7.6 17 360   M    M   2        22 360
24  60  26  43   5  22   0 0.00  0.0    0  7.7 15 220   M    M   0        19 230
25  54  34  44   6  21   0    T    M    0 16.8 32 320   M    M   6        41 310
26  68  25  47   8  18   0 0.00  0.0    0  6.7 15 240   M    M   0 1      21 240
27  71  33  52  13  13   0 0.00  0.0    0  3.7  9 150   M    M   0        12 170
28  78  43  61  22   4   0 0.00  0.0    0 12.7 23 200   M    M   0        29 210
29  61  34  48   9  17   0    T    M    0 14.1 31 360   M    M   1        38 360
30  50  28  39   0  26   0 0.00  0.0    0  4.0 10  20   M    M   1        12  20
31  51  40  46   7  19   0 0.48    M    0 10.4 18 140   M    M   8 1      24 140
================================================================================
SM 1543  831       819   0  1.23     0.0 261.7          M      109
================================================================================
AV 49.8 26.8                               8.4 FASTST   M    M   4    MAX(MPH)
                                 MISC ---->  # 32 320               # 41  320
================================================================================
NOTES:
# LAST OF SEVERAL OCCURRENCES

COLUMN 17 PEAK WIND IN M.P.H.

PRELIMINARY LOCAL CLIMATOLOGICAL DATA (WS FORM: F-6) , PAGE 2

                                          STATION:  MUSKOGEE OKLAHOMA
                                          MONTH:    JANUARY
                                          YEAR:     2015
                                          LATITUDE:   35 40 N
                                          LONGITUDE:  95 22 W

[TEMPERATURE DATA]      [PRECIPITATION DATA]       SYMBOLS USED IN COLUMN 16

AVERAGE MONTHLY: 38.3   TOTAL FOR MONTH:   1.23    1 = FOG OR MIST
DPTR FM NORMAL:   0.3   DPTR FM NORMAL:   -1.01    2 = FOG REDUCING VISIBILITY
HIGHEST:    78 ON 28    GRTST 24HR  0.55 ON  2- 3      TO 1/4 MILE OR LESS
LOWEST:      7 ON  8                               3 = THUNDER
                        SNOW, ICE PELLETS, HAIL    4 = ICE PELLETS
                        TOTAL MONTH:   0.0 INCH    5 = HAIL
                        GRTST 24HR     0.0         6 = FREEZING RAIN OR DRIZZLE
                        GRTST DEPTH:   0           7 = DUSTSTORM OR SANDSTORM:
                                                       VSBY 1/2 MILE OR LESS
                                                   8 = SMOKE OR HAZE
[NO. OF DAYS WITH]      [WEATHER - DAYS WITH]      9 = BLOWING SNOW
                                                   X = TORNADO
MAX 32 OR BELOW:   2    0.01 INCH OR MORE:   5
MAX 90 OR ABOVE:   0    0.10 INCH OR MORE:   4
MIN 32 OR BELOW:  20    0.50 INCH OR MORE:   0
MIN  0 OR BELOW:   0    1.00 INCH OR MORE:   0

[HDD (BASE 65) ]
TOTAL THIS MO.   819    CLEAR  (SCALE 0-3)  17
DPTR FM NORMAL   -18    PTCLDY (SCALE 4-7)   9
TOTAL FM JUL 1  2208    CLOUDY (SCALE 8-10)  5
DPTR FM NORMAL   -24

[CDD (BASE 65) ]
TOTAL THIS MO.     0
DPTR FM NORMAL     0    [PRESSURE DATA]
TOTAL FM JAN 1     0    HIGHEST SLP 30.99 ON  7
DPTR FM NORMAL     0    LOWEST  SLP 29.81 ON 25

[REMARKS]
#FINAL-01-15#




U.S. Dept. of Commerce
NOAA National Weather Service
1325 East West Highway
Silver Spring, MD 20910
E-mail: w-nws.webmaster@noaa.gov
Page last modified: May 16, 2007
NATIONAL WEATHER SERVICE: for Safety, for Work, for Fun - FOR LIFE