119
CXUS54 KTSA 280940
CF6MKO
PRELIMINARY LOCAL CLIMATOLOGICAL DATA (WS FORM: F-6)

                                          STATION:   MUSKOGEE OKLAHOMA
                                          MONTH:     NOVEMBER
                                          YEAR:      2014
                                          LATITUDE:   35 40 N
                                          LONGITUDE:  95 22 W

  TEMPERATURE IN F:       :PCPN:    SNOW:  WIND      :SUNSHINE: SKY     :PK WND
================================================================================
1   2   3   4   5  6A  6B    7    8   9   10  11  12  13   14  15   16   17  18
                                     12Z  AVG MX 2MIN
DY MAX MIN AVG DEP HDD CDD  WTR  SNW DPTH SPD SPD DIR MIN PSBL S-S WX    SPD DR
================================================================================

 1  56  27  42 -15  23   0 0.00  0.0    0  6.4 12 130   M    M   0        16 130
 2  62  38  50  -6  15   0 0.00  0.0    0 12.3 23 160   M    M   0        31 160
 3  69  46  58   2   7   0 0.00  0.0    0 12.3 25 180   M    M   7        35 180
 4  65  47  56   0   9   0 1.38  0.0    0  9.4 29  10   M    M   8 1      35  10
 5  60  40  50  -5  15   0 0.00  0.0    0  3.7  9 330   M    M   0        12 290
 6  66  36  51  -4  14   0 0.00  0.0    0  8.8 24 360   M    M   0 1      29 360
 7  66  32  49  -5  16   0 0.00  0.0    0  8.2 18 180   M    M   0        23 170
 8  60  35  48  -6  17   0 0.00  0.0    0  9.6 26 360   M    M   0        34 360
 9  71  31  51  -3  14   0 0.00  0.0    0  9.2 20 190   M    M   1 12     25 190
10  79  50  65  12   0   0 0.00  0.0    0 16.4 35 190   M    M   0        47 190
11  52  31  42 -11  23   0 0.00  0.0    0 18.4 31 350   M    M   5        40 350
12  36  24  30 -22  35   0 0.00  0.0    0 16.9 25 350   M    M   4        32 360
13  35  21  28 -24  37   0 0.00  0.0    0 11.5 23 350   M    M   4        29 350
14  41  21  31 -20  34   0 0.00  0.0    0  3.9 13 100   M    M   0        15 110
15  41  25  33 -18  32   0 0.00  0.0    0  9.9 20 130   M    M   8        26 130
16  38  25  32 -18  33   0 0.01    M    0 10.0 22 350   M    M  10 1      27 350
17  35  17  26 -24  39   0 0.00  0.0    0  9.8 24 320   M    M   1        30 320
18  51  13  32 -18  33   0 0.00  0.0    0  6.2 15 240   M    M   0        22 200
19  58  32  45  -4  20   0 0.00  0.0    0  8.6 18 210   M    M   0 8      25 210
20  57  28  43  -6  22   0 0.00  0.0    0  6.8 17 120   M    M   0        22 140
21  57  44  51   3  14   0    T  0.0    0 12.6 20 140   M    M   9        23 150
22  54  51  53   5  12   0 1.36  0.0    0 11.9 21 140   M    M  10 138    28 130
23  70  44  57  10   8   0 0.05  0.0    0 12.6 33 320   M    M   8 1      44 320
24  57  34  46  -1  19   0    T  0.0    0 11.5 25 300   M    M   0        32 260
25  51  28  40  -6  25   0 0.00  0.0    0  4.4  8 170   M    M   1 8      10 150
26  56  34  45  -1  20   0    T    M    0 12.4 25 320   M    M   2        34 300
27  48  25  37  -8  28   0 0.00  0.0    0  6.6 18  10   M    M   0        24  10
================================================================================
SM 1491  879       564   0  2.80     0.0 270.3          M       78
================================================================================
AV 55.2 32.6                              10.0 FASTST   M    M   3    MAX(MPH)
                                 MISC ---->  # 35 190               # 47  190
================================================================================
NOTES:
# LAST OF SEVERAL OCCURRENCES

COLUMN 17 PEAK WIND IN M.P.H.

PRELIMINARY LOCAL CLIMATOLOGICAL DATA (WS FORM: F-6) , PAGE 2

                                          STATION:  MUSKOGEE OKLAHOMA
                                          MONTH:    NOVEMBER
                                          YEAR:     2014
                                          LATITUDE:   35 40 N
                                          LONGITUDE:  95 22 W

[TEMPERATURE DATA]      [PRECIPITATION DATA]       SYMBOLS USED IN COLUMN 16

AVERAGE MONTHLY: 43.9   TOTAL FOR MONTH:   2.80    1 = FOG OR MIST
DPTR FM NORMAL:  -7.4   DPTR FM NORMAL:   -0.91    2 = FOG REDUCING VISIBILITY
HIGHEST:    79 ON 10    GRTST 24HR  1.38 ON  4- 4      TO 1/4 MILE OR LESS
LOWEST:     13 ON 18                               3 = THUNDER
                        SNOW, ICE PELLETS, HAIL    4 = ICE PELLETS
                        TOTAL MONTH:   0.0 INCH    5 = HAIL
                        GRTST 24HR     0.0         6 = FREEZING RAIN OR DRIZZLE
                        GRTST DEPTH:   0           7 = DUSTSTORM OR SANDSTORM:
                                                       VSBY 1/2 MILE OR LESS
                                                   8 = SMOKE OR HAZE
[NO. OF DAYS WITH]      [WEATHER - DAYS WITH]      9 = BLOWING SNOW
                                                   X = TORNADO
MAX 32 OR BELOW:   0    0.01 INCH OR MORE:   4
MAX 90 OR ABOVE:   0    0.10 INCH OR MORE:   2
MIN 32 OR BELOW:  15    0.50 INCH OR MORE:   2
MIN  0 OR BELOW:   0    1.00 INCH OR MORE:   2

[HDD (BASE 65) ]
TOTAL THIS MO.   564    CLEAR  (SCALE 0-3)  17
DPTR FM NORMAL   186    PTCLDY (SCALE 4-7)   7
TOTAL FM JUL 1   680    CLOUDY (SCALE 8-10)  3
DPTR FM NORMAL   126

[CDD (BASE 65) ]
TOTAL THIS MO.     0
DPTR FM NORMAL    -4    [PRESSURE DATA]
TOTAL FM JAN 1  1760    HIGHEST SLP M ON M
DPTR FM NORMAL   -83    LOWEST  SLP 29.25 ON 23

[REMARKS]




U.S. Dept. of Commerce
NOAA National Weather Service
1325 East West Highway
Silver Spring, MD 20910
E-mail: w-nws.webmaster@noaa.gov
Page last modified: May 16, 2007
NATIONAL WEATHER SERVICE: for Safety, for Work, for Fun - FOR LIFE