054
CXUS54 KTSA 300840
CF6MKO
PRELIMINARY LOCAL CLIMATOLOGICAL DATA (WS FORM: F-6)

                                          STATION:   MUSKOGEE OKLAHOMA
                                          MONTH:     AUGUST
                                          YEAR:      2014
                                          LATITUDE:   35 40 N
                                          LONGITUDE:  95 22 W

  TEMPERATURE IN F:       :PCPN:    SNOW:  WIND      :SUNSHINE: SKY     :PK WND
================================================================================
1   2   3   4   5  6A  6B    7    8   9   10  11  12  13   14  15   16   17  18
                                     12Z  AVG MX 2MIN
DY MAX MIN AVG DEP HDD CDD  WTR  SNW DPTH SPD SPD DIR MIN PSBL S-S WX    SPD DR
================================================================================

 1  84  65  75  -7   0  10 0.00  0.0    0  2.5  8 360   M    M   5 1      13 100
 2  89  63  76  -6   0  11 0.00  0.0    0  2.8 12  50   M    M   2 12     14  30
 3  90  66  78  -4   0  13 0.00  0.0    0  1.7  7  10   M    M   1 12      9  10
 4  89  68  79  -3   0  14 0.00  0.0    0  4.5  8 170   M    M   0 1      11 200
 5  89  65  77  -5   0  12 0.00  0.0    0  4.9 14 250   M    M   0 1      17 240
 6  92  69  81  -1   0  16 0.00  0.0    0  8.5 18 190   M    M   0 18     23 170
 7  90  71  81  -1   0  16 2.24  0.0    0  7.0 24 350   M    M   4 13     30 340
 8  92  74  83   1   0  18    T  0.0    0  4.2 13 330   M    M   1 1      15  90
 9  85  71  78  -4   0  13 0.06  0.0    0  6.5 18 110   M    M   3 13     21 110
10  91  68  80  -2   0  15 0.05  0.0    0  5.0 14 170   M    M   3 13     19 150
11  89  70  80  -2   0  15 0.00  0.0    0  8.7 16 350   M    M   1        21 350
12  83  62  73  -9   0   8 0.00  0.0    0  7.1 17 330   M    M   0        21 350
13  86  59  73  -9   0   8 0.00  0.0    0  2.6  9  10   M    M   0        12  30
14  88  60  74  -8   0   9 0.00  0.0    0  4.6 10 220   M    M   0 1      16 190
15  89  67  78  -4   0  13 0.00  0.0    0  8.3 16 190   M    M   0        21 200
16  89  72  81  -1   0  16    T  0.0    0  7.2 17 200   M    M   1        23 190
17  92  72  82   0   0  17 0.00  0.0    0  6.4 15 200   M    M   2 1      19 220
18  86  69  78  -4   0  13 0.23  0.0    0  7.2 23  30   M    M   1 138    26  30
19  94  71  83   2   0  18 0.00  0.0    0  6.7 15 190   M    M   0 1      20 190
20  91  72  82   1   0  17 0.00  0.0    0  9.3 17 190   M    M   1        23 190
21  93  74  84   3   0  19 0.00  0.0    0 10.0 20 190   M    M   0        26 190
22  95  74  85   4   0  20 0.00  0.0    0  8.7 17 200   M    M   0        22 200
23  96  72  84   4   0  19 0.00  0.0    0  8.2 15 180   M    M   0        20 180
24  97  70  84   4   0  19 0.00  0.0    0  7.3 15 190   M    M   0        19 210
25  98  72  85   5   0  20 0.00  0.0    0  5.5 10 150   M    M   0        14 190
26  95  71  83   3   0  18 0.00  0.0    0  5.0 15 140   M    M   1 3      20 140
27  94  70  82   2   0  17 0.00  0.0    0  4.3 12 150   M    M   1        15 160
28  92  70  81   2   0  16 0.00  0.0    0  6.8 15 150   M    M   1 1      19 150
29  88  71  80   1   0  15 0.04  0.0    0  7.1 14 260   M    M   3 13     18 180
================================================================================
SM 2626 1998         0 435  2.62     0.0 178.6          M       31
================================================================================
AV 90.6 68.9                               6.2 FASTST   M    M   1    MAX(MPH)
                                 MISC ---->  # 24 350               # 30  340
================================================================================
NOTES:
# LAST OF SEVERAL OCCURRENCES

COLUMN 17 PEAK WIND IN M.P.H.

PRELIMINARY LOCAL CLIMATOLOGICAL DATA (WS FORM: F-6) , PAGE 2

                                          STATION:  MUSKOGEE OKLAHOMA
                                          MONTH:    AUGUST
                                          YEAR:     2014
                                          LATITUDE:   35 40 N
                                          LONGITUDE:  95 22 W

[TEMPERATURE DATA]      [PRECIPITATION DATA]       SYMBOLS USED IN COLUMN 16

AVERAGE MONTHLY: 79.7   TOTAL FOR MONTH:   2.62    1 = FOG OR MIST
DPTR FM NORMAL:  -1.6   DPTR FM NORMAL:   -0.45    2 = FOG REDUCING VISIBILITY
HIGHEST:    98 ON 25    GRTST 24HR  2.24 ON  7- 7      TO 1/4 MILE OR LESS
LOWEST:     59 ON 13                               3 = THUNDER
                        SNOW, ICE PELLETS, HAIL    4 = ICE PELLETS
                        TOTAL MONTH:   0.0 INCH    5 = HAIL
                        GRTST 24HR     0.0         6 = FREEZING RAIN OR DRIZZLE
                        GRTST DEPTH:   0           7 = DUSTSTORM OR SANDSTORM:
                                                       VSBY 1/2 MILE OR LESS
                                                   8 = SMOKE OR HAZE
[NO. OF DAYS WITH]      [WEATHER - DAYS WITH]      9 = BLOWING SNOW
                                                   X = TORNADO
MAX 32 OR BELOW:   0    0.01 INCH OR MORE:   5
MAX 90 OR ABOVE:  16    0.10 INCH OR MORE:   2
MIN 32 OR BELOW:   0    0.50 INCH OR MORE:   1
MIN  0 OR BELOW:   0    1.00 INCH OR MORE:   1

[HDD (BASE 65) ]
TOTAL THIS MO.     0    CLEAR  (SCALE 0-3)  27
DPTR FM NORMAL     0    PTCLDY (SCALE 4-7)   2
TOTAL FM JUL 1     0    CLOUDY (SCALE 8-10)  0
DPTR FM NORMAL     0

[CDD (BASE 65) ]
TOTAL THIS MO.   435
DPTR FM NORMAL   -38    [PRESSURE DATA]
TOTAL FM JAN 1  1394    HIGHEST SLP M ON M
DPTR FM NORMAL  -112    LOWEST  SLP 29.81 ON 19

[REMARKS]




U.S. Dept. of Commerce
NOAA National Weather Service
1325 East West Highway
Silver Spring, MD 20910
E-mail: w-nws.webmaster@noaa.gov
Page last modified: May 16, 2007
NATIONAL WEATHER SERVICE: for Safety, for Work, for Fun - FOR LIFE