803
CXUS54 KFWD 010730
CF6MKN
PRELIMINARY LOCAL CLIMATOLOGICAL DATA (WS FORM: F-6)

                                          STATION:   COMANCHE
                                          MONTH:     AUGUST
                                          YEAR:      2014
                                          LATITUDE:   31 55 N
                                          LONGITUDE:  98 36 W

  TEMPERATURE IN F:       :PCPN:    SNOW:  WIND      :SUNSHINE: SKY     :PK WND
================================================================================
1   2   3   4   5  6A  6B    7    8   9   10  11  12  13   14  15   16   17  18
                                     12Z  AVG MX 2MIN
DY MAX MIN AVG DEP HDD CDD  WTR  SNW DPTH SPD SPD DIR MIN PSBL S-S WX    SPD DR
================================================================================

 1  88  64  76   M   0  11 0.00  0.0    0  6.0 10  60   M    M   2         M  M
 2  91  64  78   M   0  13 0.00  0.0    0  4.1  8  70   M    M   2        16  40
 3  93  66  80   M   0  15 0.00  0.0    0  5.1 14  80   M    M   2        20 100
 4  95  67  81   M   0  16 0.00  0.0    0  3.7  8 110   M    M   1         M  M
 5  98  70  84   M   0  19 0.00  0.0    0  3.7 10 130   M    M   1        16 180
 6 100  73  87   M   0  22 0.00  0.0    0  7.9 10 160   M    M   1        17 110
 7 104  75  90   M   0  25 0.00  0.0    0  9.1 15 170   M    M   1        22 170
 8 103  79  91   M   0  26 0.00  0.0    0  8.2 14 220   M    M   0        18 200
 9 101  78  90   M   0  25 0.00  0.0    0  6.5 12 200   M    M   0        18 220
10 102  75  89   M   0  24 0.00  0.0    0  7.6 15  20   M    M   1        20  20
11  99  71  85   M   0  20 0.00  0.0    0  6.7 15  10   M    M   1        20  10
12  99  71  85   M   0  20 0.00  0.0    0  5.1 12  70   M    M   2        20  30
13  96  67  82   M   0  17 0.00  0.0    0  3.6  9  80   M    M   0         M  M
14  98  67  83   M   0  18 0.00  0.0    0  5.0 13 130   M    M   0         M  M
15 101  67  84   M   0  19 0.00  0.0    0  5.3 10 210   M    M   0         M  M
16 103  77  90   M   0  25 0.00  0.0    0  9.5 21 210   M    M   1        28 210
17  95  79  87   M   0  22 0.00  0.0    0  7.7 13 240   M    M   2        22 240
18  91  70  81   M   0  16 0.25  0.0    0  4.4 13 230   M    M   5 3       M  M
19  92  69  81   M   0  16 0.28  0.0    0  7.0 15 190   M    M   3 3      23 190
20  98  74  86   M   0  21 0.00  0.0    0 11.1 17 190   M    M   2        25 190
21 100  75  88   M   0  23 0.00  0.0    0 13.0 18 220   M    M   0        30 190
22 101  75  88   M   0  23 0.00  0.0    0 10.4 16 210   M    M   0        24 190
23 100  72  86   M   0  21 0.00  0.0    0  9.7 17 190   M    M   0        21 190
24 101  75  88   M   0  23 0.00  0.0    0  8.2 14 120   M    M   0        18 220
25 101  75  88   M   0  23 0.00  0.0    0  6.9 12 150   M    M   1        20 120
26 100  71  86   M   0  21 0.00  0.0    0  5.8 16 120   M    M   1        24 120
27  97  71  84   M   0  19 0.00  0.0    0  4.6 10 120   M    M   0         M  M
28  98  69  84   M   0  19 0.00  0.0    0  6.5 13 150   M    M   0        16 130
29  94  68  81   M   0  16 0.18  0.0    0  7.0 21 330   M    M   0 3      27 330
30  96  71  84   M   0  19 0.01  0.0    0  5.3 15  80   M    M   0        20  80
31  98  73  86   M   0  21 0.00  0.0    0  8.8 13 180   M    M   0        20 180
================================================================================
SM 3033 2218         0 618  0.72     0.0 213.5          M       29
================================================================================
AV 97.8 71.5                               6.9 FASTST   M    M   1    MAX(MPH)
                                 MISC ---->    21   M                 30    M
================================================================================
NOTES:
# LAST OF SEVERAL OCCURRENCES

COLUMN 17 PEAK WIND IN M.P.H.

PRELIMINARY LOCAL CLIMATOLOGICAL DATA (WS FORM: F-6) , PAGE 2

                                          STATION:  COMANCHE
                                          MONTH:    AUGUST
                                          YEAR:     2014
                                          LATITUDE:   31 55 N
                                          LONGITUDE:  98 36 W

[TEMPERATURE DATA]      [PRECIPITATION DATA]       SYMBOLS USED IN COLUMN 16

AVERAGE MONTHLY: 84.7   TOTAL FOR MONTH:   0.72    1 = FOG OR MIST
DPTR FM NORMAL:     M   DPTR FM NORMAL:   -1.87    2 = FOG REDUCING VISIBILITY
HIGHEST:   104 ON  7    GRTST 24HR  0.28 ON 19-19      TO 1/4 MILE OR LESS
LOWEST:     64 ON  2, 1                            3 = THUNDER
                        SNOW, ICE PELLETS, HAIL    4 = ICE PELLETS
                        TOTAL MONTH:   0.0 INCH    5 = HAIL
                        GRTST 24HR     0.0         6 = FREEZING RAIN OR DRIZZLE
                        GRTST DEPTH:   0           7 = DUSTSTORM OR SANDSTORM:
                                                       VSBY 1/2 MILE OR LESS
                                                   8 = SMOKE OR HAZE
[NO. OF DAYS WITH]      [WEATHER - DAYS WITH]      9 = BLOWING SNOW
                                                   X = TORNADO
MAX 32 OR BELOW:   0    0.01 INCH OR MORE:   4
MAX 90 OR ABOVE:  30    0.10 INCH OR MORE:   3
MIN 32 OR BELOW:   0    0.50 INCH OR MORE:   0
MIN  0 OR BELOW:   0    1.00 INCH OR MORE:   0

[HDD (BASE 65) ]
TOTAL THIS MO.     0    CLEAR  (SCALE 0-3)  29
DPTR FM NORMAL     M    PTCLDY (SCALE 4-7)   2
TOTAL FM JUL 1     0    CLOUDY (SCALE 8-10)  0
DPTR FM NORMAL     M

[CDD (BASE 65) ]
TOTAL THIS MO.   618
DPTR FM NORMAL     M    [PRESSURE DATA]
TOTAL FM JAN 1  2061    HIGHEST SLP M ON M
DPTR FM NORMAL     M    LOWEST  SLP M ON M

[REMARKS]
#FINAL-08-14#




U.S. Dept. of Commerce
NOAA National Weather Service
1325 East West Highway
Silver Spring, MD 20910
E-mail: w-nws.webmaster@noaa.gov
Page last modified: May 16, 2007
NATIONAL WEATHER SERVICE: for Safety, for Work, for Fun - FOR LIFE