368
CXUS54 KMEG 270734
CF6MKL
PRELIMINARY LOCAL CLIMATOLOGICAL DATA (WS FORM: F-6)

                                          STATION:   JACKSON
                                          MONTH:     JANUARY
                                          YEAR:      2015
                                          LATITUDE:   35 35 N
                                          LONGITUDE:  88 55 W

  TEMPERATURE IN F:       :PCPN:    SNOW:  WIND      :SUNSHINE: SKY     :PK WND
================================================================================
1   2   3   4   5  6A  6B    7    8   9   10  11  12  13   14  15   16   17  18
                                     12Z  AVG MX 2MIN
DY MAX MIN AVG DEP HDD CDD  WTR  SNW DPTH SPD SPD DIR MIN PSBL S-S WX    SPD DR
================================================================================

 1  40  30  35  -3  30   0 0.01  0.0    0  1.8  8 200   M    M  10         9 190
 2  48  37  43   5  22   0 0.08    T    0  4.4 10 100   M    M  10 14     14 140
 3  64  48  56  18   9   0 0.16  0.0    0  7.6 17 200   M    M  10 1      28 150
 4  54  25  40   2  25   0 0.02    T    0 14.8 24 290   M    M   8 148    30 290
 5  36  20  28 -10  37   0 0.00  0.0    0  5.3 15 360   M    M   0        18 360
 6  43  22  33  -5  32   0 0.00  0.0    0  7.4 12 350   M    M   0         M  M
 7  30  10  20 -18  45   0    T    T    0 16.9 30  10   M    M   4 8      39 360
 8  28   4  16 -22  49   0 0.00  0.0    0  7.6 16 180   M    M   0        22 190
 9  33  11  22 -16  43   0 0.00  0.0    0  9.2 20  10   M    M   1        25  10
10  37   8  23 -15  42   0 0.00  0.0    0  2.1 10 100   M    M   1        14 110
11  47  32  40   2  25   0 0.04    T    0  3.1  9 170   M    M  10 4      14 190
12  48  33  41   3  24   0 0.20  0.0    0 11.9 23  20   M    M   9 12     29  10
13  33  29  31  -7  34   0 0.00  0.0    0 10.7 17  20   M    M  10        22  20
14  39  27  33  -5  32   0 0.00  0.0    0  3.6 10 350   M    M   6        12 340
15  41  22  32  -6  33   0 0.00  0.0    0  2.1  8 330   M    M   6        10 340
16  56  20  38   0  27   0 0.00  0.0    0  4.0 10 270   M    M   0        14 250
17  61  26  44   6  21   0 0.00  0.0    0 10.6 22 200   M    M   1        28 210
18  61  34  48  10  17   0 0.00  0.0    0 10.2 20 270   M    M   0        25 250
19  65  42  54  16  11   0 0.00  0.0    0  9.2 17 250   M    M   0        22 270
20  60  38  49  11  16   0 0.00  0.0    0  7.1 13 350   M    M   1        16 340
21  59  28  44   6  21   0 0.00  0.0    0  3.9 14 300   M    M   0        23 280
22  45  36  41   3  24   0 0.00  0.0    0  8.1 14  60   M    M   7        17  60
23  40  32  36  -2  29   0 0.07    T    0  9.3 15 350   M    M  10 148    19  10
24  55  25  40   2  25   0 0.00  0.0    0  8.4 18 250   M    M   1 12     24 270
25  51  38  45   7  20   0 0.16  0.0    0 12.5 25 340   M    M   6 1      33 340
26  44  27  36  -2  29   0 0.00  0.0    0  9.6 25 340   M    M   7        32 320
================================================================================
SM 1218  704       722   0  0.74    T    201.4          M      118
================================================================================
AV 46.8 27.1                               7.7 FASTST   M    M   5    MAX(MPH)
                                 MISC ---->  # 30  10               # 39  360
================================================================================
NOTES:
# LAST OF SEVERAL OCCURRENCES

COLUMN 17 PEAK WIND IN M.P.H.

PRELIMINARY LOCAL CLIMATOLOGICAL DATA (WS FORM: F-6) , PAGE 2

                                          STATION:  JACKSON
                                          MONTH:    JANUARY
                                          YEAR:     2015
                                          LATITUDE:   35 35 N
                                          LONGITUDE:  88 55 W

[TEMPERATURE DATA]      [PRECIPITATION DATA]       SYMBOLS USED IN COLUMN 16

AVERAGE MONTHLY: 37.0   TOTAL FOR MONTH:   0.74    1 = FOG OR MIST
DPTR FM NORMAL:  -1.0   DPTR FM NORMAL:   -2.62    2 = FOG REDUCING VISIBILITY
HIGHEST:    65 ON 19    GRTST 24HR  0.23 ON 11-12      TO 1/4 MILE OR LESS
LOWEST:      4 ON  8                               3 = THUNDER
                        SNOW, ICE PELLETS, HAIL    4 = ICE PELLETS
                        TOTAL MONTH:    T          5 = HAIL
                        GRTST 24HR    T  ON 23-23  6 = FREEZING RAIN OR DRIZZLE
                        GRTST DEPTH:   0           7 = DUSTSTORM OR SANDSTORM:
                                                       VSBY 1/2 MILE OR LESS
                                                   8 = SMOKE OR HAZE
[NO. OF DAYS WITH]      [WEATHER - DAYS WITH]      9 = BLOWING SNOW
                                                   X = TORNADO
MAX 32 OR BELOW:   2    0.01 INCH OR MORE:   8
MAX 90 OR ABOVE:   0    0.10 INCH OR MORE:   3
MIN 32 OR BELOW:  18    0.50 INCH OR MORE:   0
MIN  0 OR BELOW:   0    1.00 INCH OR MORE:   0

[HDD (BASE 65) ]
TOTAL THIS MO.   722    CLEAR  (SCALE 0-3)  12
DPTR FM NORMAL    20    PTCLDY (SCALE 4-7)   6
TOTAL FM JUL 1  2169    CLOUDY (SCALE 8-10)  8
DPTR FM NORMAL    49

[CDD (BASE 65) ]
TOTAL THIS MO.     0
DPTR FM NORMAL     0    [PRESSURE DATA]
TOTAL FM JAN 1     0    HIGHEST SLP M ON M
DPTR FM NORMAL     0    LOWEST  SLP 29.67 ON 25

[REMARKS]




U.S. Dept. of Commerce
NOAA National Weather Service
1325 East West Highway
Silver Spring, MD 20910
E-mail: w-nws.webmaster@noaa.gov
Page last modified: May 16, 2007
NATIONAL WEATHER SERVICE: for Safety, for Work, for Fun - FOR LIFE