364
CXUS54 KMEG 010632
CF6MKL
PRELIMINARY LOCAL CLIMATOLOGICAL DATA (WS FORM: F-6)

                                          STATION:   JACKSON
                                          MONTH:     AUGUST
                                          YEAR:      2014
                                          LATITUDE:   35 35 N
                                          LONGITUDE:  88 55 W

  TEMPERATURE IN F:       :PCPN:    SNOW:  WIND      :SUNSHINE: SKY     :PK WND
================================================================================
1   2   3   4   5  6A  6B    7    8   9   10  11  12  13   14  15   16   17  18
                                     12Z  AVG MX 2MIN
DY MAX MIN AVG DEP HDD CDD  WTR  SNW DPTH SPD SPD DIR MIN PSBL S-S WX    SPD DR
================================================================================

 1  86  66  76  -3   0  11 0.00  0.0    0  1.7  9  40   M    M   7 1      15  10
 2  90  62  76  -3   0  11 0.00  0.0    0  2.5 10  50   M    M   2 12      M  M
 3  90  63  77  -2   0  12 0.00  0.0    0  2.9 10 360   M    M   1 1      15 350
 4  92  61  77  -2   0  12 0.00  0.0    0  0.6  7 280   M    M   1 12     10  30
 5  91  62  77  -2   0  12 0.00  0.0    0  2.6  9 270   M    M   0 1      14 320
 6  93  69  81   2   0  16 0.15  0.0    0  4.7 21 360   M    M   2 138    25 360
 7  88  67  78  -1   0  13 0.71  0.0    0  1.9 22 180   M    M   1 13     29 180
 8  79  70  75  -4   0  10 1.71  0.0    0  3.9 20  20   M    M   4 13     24  20
 9  88  73  81   2   0  16 0.09  0.0    0  3.5 13 200   M    M   6 13     16 190
10  90  70  80   1   0  15 0.01  0.0    0  2.3 10 300   M    M   3 1      14 310
11  88  71  80   1   0  15 0.00  0.0    0  6.7 16 290   M    M   3        21 280
12  84  63  74  -5   0   9 0.00  0.0    0  5.9 15 350   M    M   1 1      18 320
13  82  56  69 -10   0   4 0.00  0.0    0  3.3 12  30   M    M   1        18  30
14  84  57  71  -8   0   6 0.00  0.0    0  2.3 10 350   M    M   1 1      17 360
15  86  58  72  -7   0   7 0.00  0.0    0  0.0  6  60   M    M   1 1       8  70
16  87  62  75  -4   0  10 0.00  0.0    0  4.6 13 210   M    M   1 1      20 230
17  89  69  79   0   0  14 0.99  0.0    0  9.8 28 300   M    M   3 138    38 310
18  83  70  77  -2   0  12 0.32  0.0    0  5.0 22 310   M    M   5 13     28 310
19  90  71  81   2   0  16 0.00  0.0    0  5.9 14 240   M    M   2 12     17 270
20  93  75  84   6   0  19 0.00  0.0    0  7.7 14 250   M    M   0        17 230
21  92  72  82   4   0  17 0.00  0.0    0  5.8 13 240   M    M   1        16 240
22  93  72  83   5   0  18 0.00  0.0    0  5.7 12 230   M    M   0        15 250
23  95  74  85   7   0  20 0.00  0.0    0  3.4 17  80   M    M   0 1      23  80
24  95  70  83   5   0  18 0.82  0.0    0  2.3 33  20   M    M   2 138    41  20
25  90  71  81   3   0  16 0.00  0.0    0  1.7 10 180   M    M   1 1      14 210
26  88  72  80   2   0  15 0.01  0.0    0  0.9  8 200   M    M   4 1      10 190
27  90  68  79   1   0  14 0.00  0.0    0  1.1 10  90   M    M   2 12     14 100
28  92  70  81   4   0  16 0.00  0.0    0  1.2  9 110   M    M   1 1      13 180
29  91  68  80   3   0  15 0.00  0.0    0  3.4 10 170   M    M   0 12     16 180
30  80  71  76  -1   0  11 0.19  0.0    0  4.6 18 180   M    M   5 1      26 180
31  85  72  79   2   0  14 0.29  0.0    0  8.2 14 240   M    M   7 1      20 190
================================================================================
SM 2744 2095         0 414  5.29     0.0 116.1          M       68
================================================================================
AV 88.5 67.6                               3.7 FASTST   M    M   2    MAX(MPH)
                                 MISC ---->  # 33  20               # 41   20
================================================================================
NOTES:
# LAST OF SEVERAL OCCURRENCES

COLUMN 17 PEAK WIND IN M.P.H.

PRELIMINARY LOCAL CLIMATOLOGICAL DATA (WS FORM: F-6) , PAGE 2

                                          STATION:  JACKSON
                                          MONTH:    AUGUST
                                          YEAR:     2014
                                          LATITUDE:   35 35 N
                                          LONGITUDE:  88 55 W

[TEMPERATURE DATA]      [PRECIPITATION DATA]       SYMBOLS USED IN COLUMN 16

AVERAGE MONTHLY: 78.0   TOTAL FOR MONTH:   5.29    1 = FOG OR MIST
DPTR FM NORMAL:  -0.6   DPTR FM NORMAL:    2.29    2 = FOG REDUCING VISIBILITY
HIGHEST:    95 ON 24,23 GRTST 24HR  1.85 ON  7- 8      TO 1/4 MILE OR LESS
LOWEST:     56 ON 13                               3 = THUNDER
                        SNOW, ICE PELLETS, HAIL    4 = ICE PELLETS
                        TOTAL MONTH:   0.0 INCH    5 = HAIL
                        GRTST 24HR     0.0         6 = FREEZING RAIN OR DRIZZLE
                        GRTST DEPTH:   0           7 = DUSTSTORM OR SANDSTORM:
                                                       VSBY 1/2 MILE OR LESS
                                                   8 = SMOKE OR HAZE
[NO. OF DAYS WITH]      [WEATHER - DAYS WITH]      9 = BLOWING SNOW
                                                   X = TORNADO
MAX 32 OR BELOW:   0    0.01 INCH OR MORE:  11
MAX 90 OR ABOVE:  16    0.10 INCH OR MORE:   8
MIN 32 OR BELOW:   0    0.50 INCH OR MORE:   4
MIN  0 OR BELOW:   0    1.00 INCH OR MORE:   1

[HDD (BASE 65) ]
TOTAL THIS MO.     0    CLEAR  (SCALE 0-3)  23
DPTR FM NORMAL     0    PTCLDY (SCALE 4-7)   8
TOTAL FM JUL 1     0    CLOUDY (SCALE 8-10)  0
DPTR FM NORMAL     0

[CDD (BASE 65) ]
TOTAL THIS MO.   414
DPTR FM NORMAL    -6    [PRESSURE DATA]
TOTAL FM JAN 1  1317    HIGHEST SLP M ON M
DPTR FM NORMAL  -106    LOWEST  SLP 29.82 ON 19

[REMARKS]
#FINAL-08-14#




U.S. Dept. of Commerce
NOAA National Weather Service
1325 East West Highway
Silver Spring, MD 20910
E-mail: w-nws.webmaster@noaa.gov
Page last modified: May 16, 2007
NATIONAL WEATHER SERVICE: for Safety, for Work, for Fun - FOR LIFE