765
CXUS54 KMEG 290643
CF6MKL
PRELIMINARY LOCAL CLIMATOLOGICAL DATA (WS FORM: F-6)

                                          STATION:   JACKSON
                                          MONTH:     JULY
                                          YEAR:      2014
                                          LATITUDE:   35 35 N
                                          LONGITUDE:  88 55 W

  TEMPERATURE IN F:       :PCPN:    SNOW:  WIND      :SUNSHINE: SKY     :PK WND
================================================================================
1   2   3   4   5  6A  6B    7    8   9   10  11  12  13   14  15   16   17  18
                                     12Z  AVG MX 2MIN
DY MAX MIN AVG DEP HDD CDD  WTR  SNW DPTH SPD SPD DIR MIN PSBL S-S WX    SPD DR
================================================================================

 1  91  69  80   1   0  15 0.21  0.0    0  7.8 35 350   M    M   3 138    41 350
 2  87  67  77  -2   0  12 0.09  0.0    0  2.7 22 340   M    M   3 1      28 340
 3  80  61  71  -8   0   6 0.00  0.0    0  6.0 15 360   M    M   2 1      17 360
 4  81  56  69 -10   0   4 0.00  0.0    0  4.5 15  30   M    M   2 1      20  30
 5  83  54  69 -10   0   4 0.00  0.0    0  1.4  8 310   M    M   0 1      12 340
 6  86  56  71  -8   0   6 0.00  0.0    0  2.3 14 230   M    M   0        15 190
 7  89  64  77  -3   0  12 0.00  0.0    0  8.5 20 220   M    M   1        24 230
 8  88  71  80   0   0  15 0.91  0.0    0  9.1 28 240   M    M   5 13     38 250
 9  84  68  76  -4   0  11 0.01  0.0    0  4.4 14 220   M    M   6 13     17 220
10  88  63  76  -4   0  11 0.00  0.0    0  0.6  7  80   M    M   2 12     10 170
11  90  65  78  -2   0  13 0.00  0.0    0  0.3  7  40   M    M   0 12      8 130
12  92  66  79  -1   0  14 0.00  0.0    0  1.9  8 190   M    M   1 1      12 200
13  93  69  81   1   0  16 0.00  0.0    0  5.4 12 230   M    M   1 1      15 230
14  93  71  82   2   0  17 1.94  0.0    0  8.9 35 200   M    M   5 13     62 190
15  79  59  69 -11   0   4 0.00  0.0    0  6.9 16 320   M    M   2        21 330
16  79  54  67 -13   0   2 0.00  0.0    0  3.8 14 350   M    M   2 1      21  30
17  77  58  68 -12   0   3 0.01  0.0    0  1.8 10  60   M    M   2        16  70
18  68  65  67 -13   0   2 0.08  0.0    0  4.8 13  80   M    M  10 1      17  40
19  78  66  72  -8   0   7 0.00  0.0    0  4.3 10 360   M    M  10 1      14  10
20  83  63  73  -7   0   8 0.00  0.0    0  1.9  9  10   M    M   5 128    12  10
21  87  61  74  -6   0   9 0.00  0.0    0  1.9  9  40   M    M   2 12     13  10
22  90  65  78  -2   0  13 0.00  0.0    0  1.5  9 310   M    M   1 18     15  10
23  89  68  79  -1   0  14 0.54  0.0    0  3.0 14 200   M    M   4 1238   17 110
24  82  62  72  -8   0   7 0.00  0.0    0  5.6 14 350   M    M   2 1      18 330
25  85  58  72  -8   0   7 0.00  0.0    0  1.1  9 310   M    M   0 1      13 320
26  92  62  77  -3   0  12 0.00  0.0    0  6.2 14 260   M    M   1 1      16 210
27  93  76  85   5   0  20 0.00  0.0    0  9.3 20 240   M    M   2 1      24 250
28  84  66  75  -5   0  10 0.00  0.0    0  7.0 17 330   M    M   1        22 330
================================================================================
SM 2391 1783         0 274  3.79     0.0 122.9          M       75
================================================================================
AV 85.4 63.7                               4.4 FASTST   M    M   3    MAX(MPH)
                                 MISC ---->  # 35 350               # 62  190
================================================================================
NOTES:
# LAST OF SEVERAL OCCURRENCES

COLUMN 17 PEAK WIND IN M.P.H.

PRELIMINARY LOCAL CLIMATOLOGICAL DATA (WS FORM: F-6) , PAGE 2

                                          STATION:  JACKSON
                                          MONTH:    JULY
                                          YEAR:     2014
                                          LATITUDE:   35 35 N
                                          LONGITUDE:  88 55 W

[TEMPERATURE DATA]      [PRECIPITATION DATA]       SYMBOLS USED IN COLUMN 16

AVERAGE MONTHLY: 74.5   TOTAL FOR MONTH:   3.79    1 = FOG OR MIST
DPTR FM NORMAL:  -5.2   DPTR FM NORMAL:   -0.31    2 = FOG REDUCING VISIBILITY
HIGHEST:    93 ON 27,14 GRTST 24HR  1.94 ON 14-14      TO 1/4 MILE OR LESS
LOWEST:     54 ON 16, 5                            3 = THUNDER
                        SNOW, ICE PELLETS, HAIL    4 = ICE PELLETS
                        TOTAL MONTH:   0.0 INCH    5 = HAIL
                        GRTST 24HR     0.0         6 = FREEZING RAIN OR DRIZZLE
                        GRTST DEPTH:   0           7 = DUSTSTORM OR SANDSTORM:
                                                       VSBY 1/2 MILE OR LESS
                                                   8 = SMOKE OR HAZE
[NO. OF DAYS WITH]      [WEATHER - DAYS WITH]      9 = BLOWING SNOW
                                                   X = TORNADO
MAX 32 OR BELOW:   0    0.01 INCH OR MORE:   8
MAX 90 OR ABOVE:   8    0.10 INCH OR MORE:   4
MIN 32 OR BELOW:   0    0.50 INCH OR MORE:   3
MIN  0 OR BELOW:   0    1.00 INCH OR MORE:   1

[HDD (BASE 65) ]
TOTAL THIS MO.     0    CLEAR  (SCALE 0-3)  20
DPTR FM NORMAL     0    PTCLDY (SCALE 4-7)   6
TOTAL FM JUL 1     0    CLOUDY (SCALE 8-10)  2
DPTR FM NORMAL     0

[CDD (BASE 65) ]
TOTAL THIS MO.   274
DPTR FM NORMAL  -138    [PRESSURE DATA]
TOTAL FM JAN 1   887    HIGHEST SLP M ON M
DPTR FM NORMAL   -79    LOWEST  SLP 29.83 ON 14

[REMARKS]




U.S. Dept. of Commerce
NOAA National Weather Service
1325 East West Highway
Silver Spring, MD 20910
E-mail: w-nws.webmaster@noaa.gov
Page last modified: May 16, 2007
NATIONAL WEATHER SERVICE: for Safety, for Work, for Fun - FOR LIFE