336
CXUS54 KMEG 010640
CF6MKL
PRELIMINARY LOCAL CLIMATOLOGICAL DATA (WS FORM: F-6)

                                          STATION:   JACKSON
                                          MONTH:     NOVEMBER
                                          YEAR:      2014
                                          LATITUDE:   35 35 N
                                          LONGITUDE:  88 55 W

  TEMPERATURE IN F:       :PCPN:    SNOW:  WIND      :SUNSHINE: SKY     :PK WND
================================================================================
1   2   3   4   5  6A  6B    7    8   9   10  11  12  13   14  15   16   17  18
                                     12Z  AVG MX 2MIN
DY MAX MIN AVG DEP HDD CDD  WTR  SNW DPTH SPD SPD DIR MIN PSBL S-S WX    SPD DR
================================================================================

 1  51  28  40 -15  25   0 0.00  0.0    0  9.0 22  20   M    M   0        28  20
 2  58  24  41 -14  24   0 0.00  0.0    0  1.4 10  80   M    M   0        13  90
 3  68  34  51  -4  14   0 0.00  0.0    0  6.0 13 180   M    M   0        17 180
 4  73  53  63   9   2   0 0.15  0.0    0  9.3 18 200   M    M   5 1      23 200
 5  58  55  57   3   8   0 1.15  0.0    0  2.7 10 360   M    M  10 1      12 350
 6  62  40  51  -3  14   0 0.00  0.0    0 11.0 24 330   M    M   4 1      32 340
 7  56  30  43 -10  22   0 0.00  0.0    0  2.5 14  20   M    M   0        17  10
 8  58  34  46  -7  19   0 0.00  0.0    0  5.6 15 230   M    M   1 1      21 220
 9  59  29  44  -9  21   0 0.00  0.0    0  1.2  8 230   M    M   1 1      10 210
10  70  35  53   1  12   0 0.00  0.0    0  8.1 18 190   M    M   0        25 200
11  65  38  52   0  13   0 0.03  0.0    0 11.9 21 320   M    M   8 18     25 320
12  41  32  37 -15  28   0 0.00  0.0    0 11.5 21  20   M    M  10        25  20
13  37  23  30 -21  35   0 0.01  0.1    T 10.8 20 360   M    M   4 4      25  10
14  38  20  29 -22  36   0 0.00  0.0    0  4.3 15  40   M    M   0        21  20
15  47  19  33 -17  32   0    T  0.0    0  2.8 13 110   M    M   2        16 110
16  43  36  40 -10  25   0 0.43  0.0    0  4.7 17  10   M    M  10 1      22 360
17  36  23  30 -20  35   0 0.01    T    T 12.0 22 320   M    M   6 1      26 310
18  34  16  25 -24  40   0 0.00  0.0    0  7.0 17 280   M    M   0        23 250
19  55  27  41  -8  24   0 0.00  0.0    0 12.8 29 230   M    M   0        38 250
20  51  24  38 -10  27   0 0.00  0.0    0  1.7  8 350   M    M   3        10 340
21  53  43  48   0  17   0 0.00  0.0    0  4.5 13 100   M    M   9        16  90
22  68  52  60  12   5   0 0.00  0.0    0  7.5 20 190   M    M   5        26 170
23  63  56  60  13   5   0 0.39  0.0    0  8.7 22 220   M    M  10 1      32 240
24  63  38  51   4  14   0 0.00  0.0    0 13.3 30 260   M    M   3        41 250
25  48  26  37  -9  28   0 0.00  0.0    0  4.4 10 310   M    M   0        15 320
26  48  22  35 -11  30   0 0.01  0.0    0  5.1 22 290   M    M   4        28 290
27  40  26  33 -13  32   0 0.00  0.0    0  8.5 21 340   M    M   8        29 330
28  53  24  39  -6  26   0 0.00  0.0    0  7.3 16 190   M    M   0        23 170
29  66  44  55  10  10   0 0.00  0.0    0 13.5 26 210   M    M   5        33 210
30  71  61  66  21   0   1    T  0.0    0 11.5 26 210   M    M   8        35 200
================================================================================
SM 1633 1012       623   1  2.18     0.1 220.6          M      116
================================================================================
AV 54.4 33.7                               7.4 FASTST   M    M   4    MAX(MPH)
                                 MISC ---->  # 30 260               # 41  250
================================================================================
NOTES:
# LAST OF SEVERAL OCCURRENCES

COLUMN 17 PEAK WIND IN M.P.H.

PRELIMINARY LOCAL CLIMATOLOGICAL DATA (WS FORM: F-6) , PAGE 2

                                          STATION:  JACKSON
                                          MONTH:    NOVEMBER
                                          YEAR:     2014
                                          LATITUDE:   35 35 N
                                          LONGITUDE:  88 55 W

[TEMPERATURE DATA]      [PRECIPITATION DATA]       SYMBOLS USED IN COLUMN 16

AVERAGE MONTHLY: 44.1   TOTAL FOR MONTH:   2.18    1 = FOG OR MIST
DPTR FM NORMAL:  -6.0   DPTR FM NORMAL:   -2.72    2 = FOG REDUCING VISIBILITY
HIGHEST:    73 ON  4    GRTST 24HR  1.30 ON  4- 5      TO 1/4 MILE OR LESS
LOWEST:     16 ON 18                               3 = THUNDER
                        SNOW, ICE PELLETS, HAIL    4 = ICE PELLETS
                        TOTAL MONTH:   0.1 INCH    5 = HAIL
                        GRTST 24HR   0.1 ON   M    6 = FREEZING RAIN OR DRIZZLE
                        GRTST DEPTH:   0           7 = DUSTSTORM OR SANDSTORM:
                                                       VSBY 1/2 MILE OR LESS
                                                   8 = SMOKE OR HAZE
[NO. OF DAYS WITH]      [WEATHER - DAYS WITH]      9 = BLOWING SNOW
                                                   X = TORNADO
MAX 32 OR BELOW:   0    0.01 INCH OR MORE:   8
MAX 90 OR ABOVE:   0    0.10 INCH OR MORE:   4
MIN 32 OR BELOW:  16    0.50 INCH OR MORE:   1
MIN  0 OR BELOW:   0    1.00 INCH OR MORE:   1

[HDD (BASE 65) ]
TOTAL THIS MO.   623    CLEAR  (SCALE 0-3)  15
DPTR FM NORMAL   170    PTCLDY (SCALE 4-7)  10
TOTAL FM JUL 1   792    CLOUDY (SCALE 8-10)  5
DPTR FM NORMAL   125

[CDD (BASE 65) ]
TOTAL THIS MO.     1
DPTR FM NORMAL    -5    [PRESSURE DATA]
TOTAL FM JAN 1  1609    HIGHEST SLP M ON M
DPTR FM NORMAL   -88    LOWEST  SLP 29.31 ON 23

[REMARKS]
#FINAL-11-14#




U.S. Dept. of Commerce
NOAA National Weather Service
1325 East West Highway
Silver Spring, MD 20910
E-mail: w-nws.webmaster@noaa.gov
Page last modified: May 16, 2007
NATIONAL WEATHER SERVICE: for Safety, for Work, for Fun - FOR LIFE