472
CXHW52 PHFO 311250
CF6MKK
PRELIMINARY LOCAL CLIMATOLOGICAL DATA (WS FORM: F-6)

                                          STATION:   MOLOKAI HI
                                          MONTH:     JANUARY
                                          YEAR:      2015
                                          LATITUDE:   21  8 N
                                          LONGITUDE: 157  6 W

  TEMPERATURE IN F:       :PCPN:    SNOW:  WIND      :SUNSHINE: SKY     :PK WND
================================================================================
1   2   3   4   5  6A  6B    7    8   9   10  11  12  13   14  15   16   17  18
                                     12Z  AVG MX 2MIN
DY MAX MIN AVG DEP HDD CDD  WTR  SNW DPTH SPD SPD DIR MIN PSBL S-S WX    SPD DR
================================================================================

 1  74  59  67  -4   0   2 0.02  0.0    0  4.9 16 200   M    M   7        22 200
 2  77  60  69  -2   0   4 0.60  0.0    0 14.4 33 230   M    M   8 1      46 220
 3  74  62  68  -3   0   3 0.13  0.0    0 14.6 31 310   M    M   5        46 290
 4  75  56  66  -5   0   1    T  0.0    0  6.9 18 320   M    M   5        23 320
 5  74  55  65  -6   0   0 0.03  0.0    0  6.7 13 350   M    M   3        17 350
 6  74  62  68  -3   0   3 0.02  0.0    0 12.3 21 350   M    M   6        29 350
 7  75  56  66  -5   0   1 0.00  0.0    0 10.2 20  60   M    M   6        29  30
 8  76  53  65  -6   0   0 0.00  0.0    0  4.6 17  60   M    M   4        23 360
 9  78  57  68  -3   0   3 0.00  0.0    0  3.6 10  80   M    M   4        14 360
10  80  54  67  -4   0   2 0.02  0.0    0  4.6 13  50   M    M   2        17  40
11  78  55  67  -4   0   2 0.00  0.0    0  4.0 13 180   M    M   1        17 150
12  77  57  67  -4   0   2 0.04  0.0    0  6.2 15 160   M    M   1 8      22 170
13  77  53  65  -6   0   0 0.00  0.0    0  4.0 14 160   M    M   1 8      20 140
14  79  54  67  -3   0   2 0.01  0.0    0  3.7 13 190   M    M   2 8      15 150
15  81  58  70   0   0   5 0.05  0.0    0  5.9 16 180   M    M   6 8      20 190
16  80  61  71   1   0   6 0.00  0.0    0  5.4 12 350   M    M   3        16 160
17  80  58  69  -1   0   4 0.03  0.0    0  2.5 13 180   M    M   3        15 180
18  81  54  68  -2   0   3 0.01  0.0    0  3.5 14  30   M    M   1        20  30
19  81  57  69  -1   0   4 0.04  0.0    0  2.5 10 170   M    M   2        14 320
20  83  58  71   1   0   6 0.04  0.0    0  3.7 13 180   M    M   4        16 130
21  79  57  68  -2   0   3 0.03  0.0    0  3.0 13 150   M    M   3        16 110
22  80  61  71   1   0   6 0.01  0.0    0  6.3 16 150   M    M   4        22 150
23  79  68  74   4   0   9 0.13  0.0    0  9.2 26 170   M    M   7 1      31 170
24  76  66  71   1   0   6 0.45  0.0    0 10.7 20 360   M    M   9 1      26 340
25  73  65  69  -1   0   4 0.01  0.0    0 13.7 22  30   M    M   6        31  40
26  76  65  71   1   0   6 0.01  0.0    0 13.3 24  50   M    M   2        37  60
27  80  61  71   1   0   6 0.01  0.0    0  5.7 15  50   M    M   3        28  50
28  81  62  72   2   0   7 0.01  0.0    0  3.5  9 140   M    M   6        13 310
29  78  63  71   1   0   6 0.02  0.0    0 10.8 22 170   M    M   5        26 170
30  78  62  70   0   0   5 0.03  0.0    0  5.3 14 350   M    M   5        21 320
================================================================================
SM 2334 1769         0 111  1.75     0.0 205.7          M      124
================================================================================
AV 77.8 59.0                               6.9 FASTST   M    M   4    MAX(MPH)
                                 MISC ---->  # 33 230               # 46  220
================================================================================
NOTES:
# LAST OF SEVERAL OCCURRENCES

COLUMN 17 PEAK WIND IN M.P.H.

PRELIMINARY LOCAL CLIMATOLOGICAL DATA (WS FORM: F-6) , PAGE 2

                                          STATION:  MOLOKAI HI
                                          MONTH:    JANUARY
                                          YEAR:     2015
                                          LATITUDE:   21  8 N
                                          LONGITUDE: 157  6 W

[TEMPERATURE DATA]      [PRECIPITATION DATA]       SYMBOLS USED IN COLUMN 16

AVERAGE MONTHLY: 68.4   TOTAL FOR MONTH:   1.75    1 = FOG OR MIST
DPTR FM NORMAL:  -2.1   DPTR FM NORMAL:   -2.07    2 = FOG REDUCING VISIBILITY
HIGHEST:    83 ON 20    GRTST 24HR  0.66 ON  2- 3      TO 1/4 MILE OR LESS
LOWEST:     53 ON 13, 8                            3 = THUNDER
                        SNOW, ICE PELLETS, HAIL    4 = ICE PELLETS
                        TOTAL MONTH:   0.0 INCH    5 = HAIL
                        GRTST 24HR     0.0         6 = FREEZING RAIN OR DRIZZLE
                        GRTST DEPTH:   0           7 = DUSTSTORM OR SANDSTORM:
                                                       VSBY 1/2 MILE OR LESS
                                                   8 = SMOKE OR HAZE
[NO. OF DAYS WITH]      [WEATHER - DAYS WITH]      9 = BLOWING SNOW
                                                   X = TORNADO
MAX 32 OR BELOW:   0    0.01 INCH OR MORE:  23
MAX 90 OR ABOVE:   0    0.10 INCH OR MORE:   4
MIN 32 OR BELOW:   0    0.50 INCH OR MORE:   1
MIN  0 OR BELOW:   0    1.00 INCH OR MORE:   0

[HDD (BASE 65) ]
TOTAL THIS MO.     0    CLEAR  (SCALE 0-3)  11
DPTR FM NORMAL     0    PTCLDY (SCALE 4-7)  18
TOTAL FM JUL 1     0    CLOUDY (SCALE 8-10)  1
DPTR FM NORMAL     0

[CDD (BASE 65) ]
TOTAL THIS MO.   111
DPTR FM NORMAL   -56    [PRESSURE DATA]
TOTAL FM JAN 1   111    HIGHEST SLP M ON M
DPTR FM NORMAL   -56    LOWEST  SLP 29.54 ON  2

[REMARKS]




U.S. Dept. of Commerce
NOAA National Weather Service
1325 East West Highway
Silver Spring, MD 20910
E-mail: w-nws.webmaster@noaa.gov
Page last modified: May 16, 2007
NATIONAL WEATHER SERVICE: for Safety, for Work, for Fun - FOR LIFE