908
CXUS53 KGRR 231017
CF6MKG
PRELIMINARY LOCAL CLIMATOLOGICAL DATA (WS FORM: F-6)

                                          STATION:   MUSKEGON MI
                                          MONTH:     APRIL
                                          YEAR:      2014
                                          LATITUDE:   43 10 N
                                          LONGITUDE:  86 14 W

  TEMPERATURE IN F:       :PCPN:    SNOW:  WIND      :SUNSHINE: SKY     :PK WND
================================================================================
1   2   3   4   5  6A  6B    7    8   9   10  11  12  13   14  15   16   17  18
                                     12Z  AVG MX 2MIN
DY MAX MIN AVG DEP HDD CDD  WTR  SNW DPTH SPD SPD DIR MIN PSBL S-S WX    SPD DR
================================================================================

 1  56  30  43   2  22   0 0.05  0.0    0 15.3 26 230   M    M   7        37 220
 2  46  26  36  -5  29   0 0.00  0.0    0  5.5 16  60   M    M   3        20  60
 3  44  34  39  -3  26   0    T  0.0    0 17.1 28  80   M    M  10        35  60
 4  43  31  37  -5  28   0 0.43    T    0 15.8 24 320   M    M  10 18     35 270
 5  43  29  36  -6  29   0    T    T    0  9.1 23 320   M    M   4        32 330
 6  52  29  41  -2  24   0 0.00  0.0    0  8.2 20 200   M    M   3        24 190
 7  59  33  46   3  19   0 0.00  0.0    0  5.7 15 100   M    M   7        20  60
 8  54  37  46   2  19   0    T  0.0    0  7.6 16 340   M    M   5        21 340
 9  54  29  42  -2  23   0 0.00  0.0    0  9.7 25 200   M    M   3        32 200
10  56  35  46   2  19   0    T  0.0    0 14.2 29 210   M    M   6        39 210
11  60  29  45   0  20   0 0.00  0.0    0  5.5 16 220   M    M   3        20 220
12  65  40  53   8  12   0 0.12  0.0    0  9.0 33 310   M    M   6 38     60 320
13  64  48  56  10   9   0 0.78  0.0    0  6.7 28 190   M    M   7 138    38 180
14  64  27  46   0  19   0 0.51  1.6    0 17.5 31 200   M    M  10 18     43 190
15  33  25  29 -17  36   0    T    T    1 12.4 26 340   M    M   6        34 350
16  49  22  36 -11  29   0 0.00  0.0    0 12.1 22 120   M    M   5        29 120
17  56  36  46  -1  19   0 0.00  0.0    0 12.8 26 200   M    M   6        34 180
18  55  36  46  -2  19   0 0.00  0.0    0  7.9 16 290   M    M   5 18     21  20
19  63  32  48   0  17   0 0.00  0.0    0  9.9 20 120   M    M   5        23 120
20  70  43  57   9   8   0 0.00  0.0    0 11.2 21 210   M    M   4        26 190
21  68  49  59  10   6   0 0.08  0.0    0 10.3 21 210   M    M   8 18     28 190
22  51  37  44  -5  21   0 0.00  0.0    0 17.0 28 350   M    M   5 12     35 340
================================================================================
SM 1205  737       453   0  1.97     1.6 240.5          M      128
================================================================================
AV 54.8 33.5                              10.9 FASTST   M    M   6    MAX(MPH)
                                 MISC ---->  # 33 310               # 60  320
================================================================================
NOTES:
# LAST OF SEVERAL OCCURRENCES

COLUMN 17 PEAK WIND IN M.P.H.

PRELIMINARY LOCAL CLIMATOLOGICAL DATA (WS FORM: F-6) , PAGE 2

                                          STATION:  MUSKEGON MI
                                          MONTH:    APRIL
                                          YEAR:     2014
                                          LATITUDE:   43 10 N
                                          LONGITUDE:  86 14 W

[TEMPERATURE DATA]      [PRECIPITATION DATA]       SYMBOLS USED IN COLUMN 16

AVERAGE MONTHLY: 44.1   TOTAL FOR MONTH:   1.97    1 = FOG OR MIST
DPTR FM NORMAL:  -0.9   DPTR FM NORMAL:   -0.16    2 = FOG REDUCING VISIBILITY
HIGHEST:    70 ON 20    GRTST 24HR  1.22 ON 13-14      TO 1/4 MILE OR LESS
LOWEST:     22 ON 16                               3 = THUNDER
                        SNOW, ICE PELLETS, HAIL    4 = ICE PELLETS
                        TOTAL MONTH:   1.6 INCHES  5 = HAIL
                        GRTST 24HR   1.6 ON   M    6 = FREEZING RAIN OR DRIZZLE
                        GRTST DEPTH:   1 ON 15     7 = DUSTSTORM OR SANDSTORM:
                                                       VSBY 1/2 MILE OR LESS
                                                   8 = SMOKE OR HAZE
[NO. OF DAYS WITH]      [WEATHER - DAYS WITH]      9 = BLOWING SNOW
                                                   X = TORNADO
MAX 32 OR BELOW:   0    0.01 INCH OR MORE:   6
MAX 90 OR ABOVE:   0    0.10 INCH OR MORE:   4
MIN 32 OR BELOW:  11    0.50 INCH OR MORE:   2
MIN  0 OR BELOW:   0    1.00 INCH OR MORE:   0

[HDD (BASE 65) ]
TOTAL THIS MO.   453    CLEAR  (SCALE 0-3)   2
DPTR FM NORMAL    13    PTCLDY (SCALE 4-7)  17
TOTAL FM JUL 1  6781    CLOUDY (SCALE 8-10)  3
DPTR FM NORMAL   679

[CDD (BASE 65) ]
TOTAL THIS MO.     0
DPTR FM NORMAL     0    [PRESSURE DATA]
TOTAL FM JAN 1     0    HIGHEST SLP M ON M
DPTR FM NORMAL     0    LOWEST  SLP 29.32 ON 14

[REMARKS]




U.S. Dept. of Commerce
NOAA National Weather Service
1325 East West Highway
Silver Spring, MD 20910
E-mail: w-nws.webmaster@noaa.gov
Page last modified: May 16, 2007
NATIONAL WEATHER SERVICE: for Safety, for Work, for Fun - FOR LIFE