739
CXUS53 KGRR 231017
CF6MKG
PRELIMINARY LOCAL CLIMATOLOGICAL DATA (WS FORM: F-6)

                                          STATION:   MUSKEGON MI
                                          MONTH:     JULY
                                          YEAR:      2014
                                          LATITUDE:   43 10 N
                                          LONGITUDE:  86 14 W

  TEMPERATURE IN F:       :PCPN:    SNOW:  WIND      :SUNSHINE: SKY     :PK WND
================================================================================
1   2   3   4   5  6A  6B    7    8   9   10  11  12  13   14  15   16   17  18
                                     12Z  AVG MX 2MIN
DY MAX MIN AVG DEP HDD CDD  WTR  SNW DPTH SPD SPD DIR MIN PSBL S-S WX    SPD DR
================================================================================

 1  76  64  70   0   0   5 0.13  0.0    0 14.6 24 220   M    M   7 13     32 290
 2  70  60  65  -5   0   0    T  0.0    0 10.3 18 250   M    M   9 18     27 250
 3  71  58  65  -5   0   0    T  0.0    0  8.3 17 280   M    M   5        22 290
 4  78  51  65  -6   0   0 0.00  0.0    0  4.6 16 270   M    M   2 8      19 240
 5  77  49  63  -8   2   0 0.00  0.0    0  8.4 18 210   M    M   5 18     24 210
 6  79  63  71   0   0   6 0.07  0.0    0 14.6 29 230   M    M   8 13     38 230
 7  81  66  74   3   0   9    T  0.0    0  9.3 22 230   M    M   5 1238   30 230
 8  74  63  69  -2   0   4 0.50  0.0    0  9.4 14 290   M    M   7 13     24 290
 9  72  57  65  -6   0   0    T  0.0    0  7.0 14 280   M    M   5        18 280
10  75  53  64  -7   1   0 0.00  0.0    0  3.9 12 270   0    0   2        15 250
11  78  54  66  -5   0   1 0.00  0.0    0  5.1 16 230   M    M   5        20 240
12  78  62  70  -1   0   5 1.51  0.0    0  7.5 17 190   M    M   8 138    24 180
13  77  63  70  -1   0   5 0.28  0.0    0  7.6 17 290   M    M   6 13     22 290
14  76  56  66  -5   0   1 0.00  0.0    0  6.4 21 320   M    M   4 1      27 330
15  67  54  61 -10   4   0    T  0.0    0 11.4 21 300   M    M   8        28 290
16  67  54  61 -10   4   0 0.00  0.0    0  8.9 16 290   M    M   6        21 260
17  73  50  62  -9   3   0 0.00  0.0    0  5.0 14 220   M    M   2        19 260
18  77  50  64  -7   1   0 0.00  0.0    0  3.7 14 230   M    M   2 18     17 230
19  80  56  68  -3   0   3 0.00  0.0    0  3.7 13 270   M    M   2        15 280
20  79  56  68  -3   0   3 0.00  0.0    0  4.0 10 250   M    M   4 18     13 200
21  82  62  72   1   0   7 0.00  0.0    0  6.3 14 220   M    M   0 8      19 130
22  85  67  76   5   0  11 1.21  0.0    0 12.9 26 350   M    M   5 138    35 190
================================================================================
SM 1672 1268        15  60  3.70     0.0 172.9            0    107
================================================================================
AV 76.0 57.6                               7.9 FASTST    0   0   5    MAX(MPH)
                                 MISC ---->  # 29 230               # 38  230
================================================================================
NOTES:
# LAST OF SEVERAL OCCURRENCES

COLUMN 17 PEAK WIND IN M.P.H.

PRELIMINARY LOCAL CLIMATOLOGICAL DATA (WS FORM: F-6) , PAGE 2

                                          STATION:  MUSKEGON MI
                                          MONTH:    JULY
                                          YEAR:     2014
                                          LATITUDE:   43 10 N
                                          LONGITUDE:  86 14 W

[TEMPERATURE DATA]      [PRECIPITATION DATA]       SYMBOLS USED IN COLUMN 16

AVERAGE MONTHLY: 66.8   TOTAL FOR MONTH:   3.70    1 = FOG OR MIST
DPTR FM NORMAL:  -4.0   DPTR FM NORMAL:    2.10    2 = FOG REDUCING VISIBILITY
HIGHEST:    85 ON 22    GRTST 24HR  1.79 ON 12-13      TO 1/4 MILE OR LESS
LOWEST:     49 ON  5                               3 = THUNDER
                        SNOW, ICE PELLETS, HAIL    4 = ICE PELLETS
                        TOTAL MONTH:   0.0 INCH    5 = HAIL
                        GRTST 24HR     0.0         6 = FREEZING RAIN OR DRIZZLE
                        GRTST DEPTH:   0           7 = DUSTSTORM OR SANDSTORM:
                                                       VSBY 1/2 MILE OR LESS
                                                   8 = SMOKE OR HAZE
[NO. OF DAYS WITH]      [WEATHER - DAYS WITH]      9 = BLOWING SNOW
                                                   X = TORNADO
MAX 32 OR BELOW:   0    0.01 INCH OR MORE:   6
MAX 90 OR ABOVE:   0    0.10 INCH OR MORE:   5
MIN 32 OR BELOW:   0    0.50 INCH OR MORE:   3
MIN  0 OR BELOW:   0    1.00 INCH OR MORE:   2

[HDD (BASE 65) ]
TOTAL THIS MO.    15    CLEAR  (SCALE 0-3)   6
DPTR FM NORMAL    11    PTCLDY (SCALE 4-7)  15
TOTAL FM JUL 1    15    CLOUDY (SCALE 8-10)  1
DPTR FM NORMAL    11

[CDD (BASE 65) ]
TOTAL THIS MO.    60
DPTR FM NORMAL   -85    [PRESSURE DATA]
TOTAL FM JAN 1   212    HIGHEST SLP  0.00 ON M
DPTR FM NORMAL   -67    LOWEST  SLP  0.00 ON 10

[REMARKS]




U.S. Dept. of Commerce
NOAA National Weather Service
1325 East West Highway
Silver Spring, MD 20910
E-mail: w-nws.webmaster@noaa.gov
Page last modified: May 16, 2007
NATIONAL WEATHER SERVICE: for Safety, for Work, for Fun - FOR LIFE