968
CXUS53 KGRR 261017
CF6MKG
PRELIMINARY LOCAL CLIMATOLOGICAL DATA (WS FORM: F-6)

                                          STATION:   MUSKEGON MI
                                          MONTH:     JANUARY
                                          YEAR:      2015
                                          LATITUDE:   43 10 N
                                          LONGITUDE:  86 14 W

  TEMPERATURE IN F:       :PCPN:    SNOW:  WIND      :SUNSHINE: SKY     :PK WND
================================================================================
1   2   3   4   5  6A  6B    7    8   9   10  11  12  13   14  15   16   17  18
                                     12Z  AVG MX 2MIN
DY MAX MIN AVG DEP HDD CDD  WTR  SNW DPTH SPD SPD DIR MIN PSBL S-S WX    SPD DR
================================================================================

 1  32  24  28   1  37   0 0.04  1.4    T 17.9 25 240   M    M  10        34 240
 2  33  22  28   1  37   0 0.00  0.0    1  7.3 16 290   M    M   7        22 290
 3  34  23  29   3  36   0 0.34  2.0    0  6.6 13 110   M    M   8 1      16 120
 4  33  10  22  -4  43   0 0.22  2.7    3 14.3 25 290   M    M  10 1269   35 290
 5  15   6  11 -15  54   0 0.17  4.0    5 13.0 24 280   M    M  10 189    32 300
 6  19   8  14 -12  51   0 0.24  7.5   11 10.7 28 300   M    M  10 189    37 290
 7  14   6  10 -16  55   0 0.09  2.1   10 17.1 28 350   M    M   9 189    36 320
 8  19   4  12 -14  53   0 0.34  8.0   17 20.4 45 220   M    M  10 19     55 230
 9  17   8  13 -13  52   0 0.08  1.7   17 17.4 26 280   M    M  10 19     38 300
10  28  11  20  -6  45   0 0.01  0.2   18 16.8 25 220   M    M  10 89     33 220
11  34  28  31   5  34   0 0.00  0.0   15 11.5 23 230   M    M   8        29 220
12  33   8  21  -5  44   0    T    T   13 11.8 21 340   M    M   7        26 360
13  18  -2   8 -17  57   0 0.00  0.0   12  5.4 14  40   M    M   0        19  50
14  27  -5  11 -14  54   0    T    T   11  7.8 16 230   M    M   9 18     19 230
15  37  21  29   4  36   0 0.00  0.0   11 13.8 23 230   M    M  10 8      28 220
16  33  21  27   2  38   0 0.00  0.0   10  9.2 18 340   M    M   7        24 330
17  40  20  30   5  35   0 0.03  0.0    9 18.0 28 200   M    M   7 18     34 190
18  39  33  36  11  29   0 0.01    T    7  9.9 20 220   M    M  10 1      25 230
19  37  30  34   9  31   0    T    T    6  4.4  9  20   M    M  10        13 300
20  32  27  30   5  35   0 0.08  1.5    7  8.1 13  60   M    M  10 18     15  60
21  30  26  28   3  37   0 0.06  1.1    8  6.0 10  60   M    M  10 18     13  70
22  33  23  28   3  37   0    T    T    8  4.4 17 230   M    M   9 1      21 220
23  33  31  32   7  33   0 0.00  0.0    8 16.5 23 220   M    M  10 18     29 200
24  38  33  36  11  29   0    T    T    7  7.7 16 230   M    M   9 1      21 240
25  36  16  26   1  39   0 0.00  0.0    4 11.5 21  50   M    M   7 1      27  60
================================================================================
SM  744  432      1031   0  1.71    32.2 287.5          M      217
================================================================================
AV 29.8 17.3                              11.5 FASTST   M    M   9    MAX(MPH)
                                 MISC ---->  # 45 220               # 55  230
================================================================================
NOTES:
# LAST OF SEVERAL OCCURRENCES

COLUMN 17 PEAK WIND IN M.P.H.

PRELIMINARY LOCAL CLIMATOLOGICAL DATA (WS FORM: F-6) , PAGE 2

                                          STATION:  MUSKEGON MI
                                          MONTH:    JANUARY
                                          YEAR:     2015
                                          LATITUDE:   43 10 N
                                          LONGITUDE:  86 14 W

[TEMPERATURE DATA]      [PRECIPITATION DATA]       SYMBOLS USED IN COLUMN 16

AVERAGE MONTHLY: 23.5   TOTAL FOR MONTH:   1.71    1 = FOG OR MIST
DPTR FM NORMAL:  -2.0   DPTR FM NORMAL:    0.04    2 = FOG REDUCING VISIBILITY
HIGHEST:    40 ON 17    GRTST 24HR  0.40 ON  3- 4      TO 1/4 MILE OR LESS
LOWEST:     -5 ON 14                               3 = THUNDER
                        SNOW, ICE PELLETS, HAIL    4 = ICE PELLETS
                        TOTAL MONTH:  32.2 INCHES  5 = HAIL
                        GRTST 24HR   8.0 ON  8- 8  6 = FREEZING RAIN OR DRIZZLE
                        GRTST DEPTH:  18 ON 10     7 = DUSTSTORM OR SANDSTORM:
                                                       VSBY 1/2 MILE OR LESS
                                                   8 = SMOKE OR HAZE
[NO. OF DAYS WITH]      [WEATHER - DAYS WITH]      9 = BLOWING SNOW
                                                   X = TORNADO
MAX 32 OR BELOW:  11    0.01 INCH OR MORE:  13
MAX 90 OR ABOVE:   0    0.10 INCH OR MORE:   5
MIN 32 OR BELOW:  23    0.50 INCH OR MORE:   0
MIN  0 OR BELOW:   2    1.00 INCH OR MORE:   0

[HDD (BASE 65) ]
TOTAL THIS MO.  1031    CLEAR  (SCALE 0-3)   1
DPTR FM NORMAL    44    PTCLDY (SCALE 4-7)   6
TOTAL FM JUL 1  3506    CLOUDY (SCALE 8-10) 18
DPTR FM NORMAL    73

[CDD (BASE 65) ]
TOTAL THIS MO.     0
DPTR FM NORMAL     0    [PRESSURE DATA]
TOTAL FM JAN 1     0    HIGHEST SLP M ON M
DPTR FM NORMAL     0    LOWEST  SLP 29.59 ON M

[REMARKS]




U.S. Dept. of Commerce
NOAA National Weather Service
1325 East West Highway
Silver Spring, MD 20910
E-mail: w-nws.webmaster@noaa.gov
Page last modified: May 16, 2007
NATIONAL WEATHER SERVICE: for Safety, for Work, for Fun - FOR LIFE