285
CXUS53 KGRR 311017
CF6MKG
PRELIMINARY LOCAL CLIMATOLOGICAL DATA (WS FORM: F-6)

                                          STATION:   MUSKEGON MI
                                          MONTH:     AUGUST
                                          YEAR:      2014
                                          LATITUDE:   43 10 N
                                          LONGITUDE:  86 14 W

  TEMPERATURE IN F:       :PCPN:    SNOW:  WIND      :SUNSHINE: SKY     :PK WND
================================================================================
1   2   3   4   5  6A  6B    7    8   9   10  11  12  13   14  15   16   17  18
                                     12Z  AVG MX 2MIN
DY MAX MIN AVG DEP HDD CDD  WTR  SNW DPTH SPD SPD DIR MIN PSBL S-S WX    SPD DR
================================================================================

 1  79  59  69  -2   0   4 0.00  0.0    0  4.4  9 240   0    0   0 1      14 210
 2  80  55  68  -3   0   3 0.00  0.0    0  3.5 10 260   M    M   1 18     15 270
 3  81  51  66  -5   0   1 0.00  0.0    0  4.6 13 220   M    M   3 128    17 210
 4  82  62  72   1   0   7 0.00  0.0    0  3.5 14 270   M    M   5 18     17 230
 5  80  64  72   1   0   7 0.03  0.0    0  4.8 14 270   M    M   7 8      22 290
 6  82  60  71   0   0   6 0.00  0.0    0  5.5 12 300   M    M   4 18     14 310
 7  83  55  69  -2   0   4 0.00  0.0    0  4.6 12 270   M    M   3        15 270
 8  85  61  73   2   0   8 0.00  0.0    0  6.9 15 130   M    M   4        19  60
 9  83  57  70  -1   0   5 0.00  0.0    0  7.4 18  70   M    M   2        22  70
10  86  59  73   2   0   8 0.00  0.0    0  6.2 12 110   M    M   4        17 100
11  78  68  73   2   0   8 0.47  0.0    0  4.2 14 230   M    M   8 138    17 230
12  69  54  62  -9   3   0 0.10  0.0    0 10.3 21 340   M    M  10 138    27 330
13  76  50  63  -7   2   0 0.00  0.0    0  6.1 16 320   M    M   2 1      22 320
14  68  49  59 -11   6   0 0.00  0.0    0  9.2 18 350   M    M   2        28 310
15  72  46  59 -11   6   0 0.00  0.0    0  6.1 15 210   M    M   2        18 210
16  76  62  69  -1   0   4 0.08  0.0    0  8.9 18 220   M    M   6 1      24 210
17  78  64  71   1   0   6    T  0.0    0  5.4 12  50   M    M   8 1      15  50
18  80  61  71   1   0   6 0.00  0.0    0  6.1 13 310   M    M   6        16 310
19  77  66  72   2   0   7 0.59  0.0    0  7.9 28 230   M    M   6 1238   39 250
20  77  62  70   0   0   5 0.00  0.0    0  3.8 13 260   M    M   4 12     16 240
21  80  63  72   2   0   7 0.09  0.0    0  3.9 13 230   M    M   7 18     15 230
22  83  70  77   8   0  12 0.00  0.0    0  4.8 12 230   M    M   8 18     17 110
23  84  67  76   7   0  11 0.00  0.0    0  8.7 17  80   M    M   5        23  70
24  84  69  77   8   0  12 0.00  0.0    0  9.6 16 130   M    M   6 18     21 110
25  81  71  76   7   0  11 0.36  0.0    0  6.6 17 200   M    M   8 138    21 200
26  76  60  68  -1   0   3 0.20  0.0    0  5.5 14 280   M    M   6 13     18 300
27  77  57  67  -1   0   2 0.00  0.0    0  4.5 14 320   M    M   5        18 320
28  76  52  64  -4   1   0 0.00  0.0    0  6.5 14  70   M    M   4        19 110
29  78  63  71   3   0   6 0.64  0.0    0 10.3 18 140   M    M   7 138    23 140
30  80  70  75   7   0  10    T  0.0    0 14.4 26 200   M    M   7        35 210
================================================================================
SM 2371 1807        18 163  2.56     0.0 194.2            0    150
================================================================================
AV 79.0 60.2                               6.5 FASTST    0   0   5    MAX(MPH)
                                 MISC ---->  # 28 230               # 39  250
================================================================================
NOTES:
# LAST OF SEVERAL OCCURRENCES

COLUMN 17 PEAK WIND IN M.P.H.

PRELIMINARY LOCAL CLIMATOLOGICAL DATA (WS FORM: F-6) , PAGE 2

                                          STATION:  MUSKEGON MI
                                          MONTH:    AUGUST
                                          YEAR:     2014
                                          LATITUDE:   43 10 N
                                          LONGITUDE:  86 14 W

[TEMPERATURE DATA]      [PRECIPITATION DATA]       SYMBOLS USED IN COLUMN 16

AVERAGE MONTHLY: 69.6   TOTAL FOR MONTH:   2.56    1 = FOG OR MIST
DPTR FM NORMAL:  -0.3   DPTR FM NORMAL:   -0.71    2 = FOG REDUCING VISIBILITY
HIGHEST:    86 ON 10    GRTST 24HR  0.64 ON 29-29      TO 1/4 MILE OR LESS
LOWEST:     46 ON 15                               3 = THUNDER
                        SNOW, ICE PELLETS, HAIL    4 = ICE PELLETS
                        TOTAL MONTH:   0.0 INCH    5 = HAIL
                        GRTST 24HR     0.0         6 = FREEZING RAIN OR DRIZZLE
                        GRTST DEPTH:   0           7 = DUSTSTORM OR SANDSTORM:
                                                       VSBY 1/2 MILE OR LESS
                                                   8 = SMOKE OR HAZE
[NO. OF DAYS WITH]      [WEATHER - DAYS WITH]      9 = BLOWING SNOW
                                                   X = TORNADO
MAX 32 OR BELOW:   0    0.01 INCH OR MORE:   9
MAX 90 OR ABOVE:   0    0.10 INCH OR MORE:   6
MIN 32 OR BELOW:   0    0.50 INCH OR MORE:   2
MIN  0 OR BELOW:   0    1.00 INCH OR MORE:   0

[HDD (BASE 65) ]
TOTAL THIS MO.    18    CLEAR  (SCALE 0-3)   8
DPTR FM NORMAL     5    PTCLDY (SCALE 4-7)  19
TOTAL FM JUL 1    49    CLOUDY (SCALE 8-10)  3
DPTR FM NORMAL    25

[CDD (BASE 65) ]
TOTAL THIS MO.   163
DPTR FM NORMAL     0    [PRESSURE DATA]
TOTAL FM JAN 1   389    HIGHEST SLP  0.00 ON  2
DPTR FM NORMAL  -110    LOWEST  SLP  0.00 ON  2

[REMARKS]




U.S. Dept. of Commerce
NOAA National Weather Service
1325 East West Highway
Silver Spring, MD 20910
E-mail: w-nws.webmaster@noaa.gov
Page last modified: May 16, 2007
NATIONAL WEATHER SERVICE: for Safety, for Work, for Fun - FOR LIFE