687
CXUS53 KGRR 011017
CF6MKG
PRELIMINARY LOCAL CLIMATOLOGICAL DATA (WS FORM: F-6)

                                          STATION:   MUSKEGON MI
                                          MONTH:     NOVEMBER
                                          YEAR:      2014
                                          LATITUDE:   43 10 N
                                          LONGITUDE:  86 14 W

  TEMPERATURE IN F:       :PCPN:    SNOW:  WIND      :SUNSHINE: SKY     :PK WND
================================================================================
1   2   3   4   5  6A  6B    7    8   9   10  11  12  13   14  15   16   17  18
                                     12Z  AVG MX 2MIN
DY MAX MIN AVG DEP HDD CDD  WTR  SNW DPTH SPD SPD DIR MIN PSBL S-S WX    SPD DR
================================================================================

 1  45  27  36  -9  29   0 0.00  0.0    0  8.1 16  40   M    M   1        23  50
 2  50  21  36  -9  29   0 0.00  0.0    0  6.4 18 210   M    M   4        23 210
 3  60  47  54   9  11   0 0.00  0.0    0 16.7 25 220   M    M   8        32 200
 4  58  47  53   9  12   0 0.13  0.0    0 17.7 28 230   M    M   8 1      38 240
 5  49  44  47   3  18   0 0.02  0.0    0 10.8 25 240   M    M   5        36 280
 6  49  37  43  -1  22   0 0.15  0.0    0 12.2 28 350   M    M  10 18     34 350
 7  45  35  40  -3  25   0 0.01    T    0  6.6 21 210   M    M  10        27 200
 8  45  39  42  -1  23   0 0.13  0.0    0 13.9 24 320   M    M  10 1      33 330
 9  48  38  43   0  22   0 0.04  0.0    0 13.4 29 220   M    M   9        39 210
10  58  39  49   7  16   0 0.03  0.0    0 10.2 18 140   M    M   8 1      23 130
11  57  35  46   4  19   0 0.27  0.0    0 14.9 23 290   M    M  10 18     34 310
12  35  30  33  -9  32   0    T    T    0 13.2 23 290   M    M  10        34 280
13  32  27  30 -11  35   0 0.51  6.3    3 11.1 20 290   M    M   8 128    26 290
14  32  28  30 -11  35   0 0.08  1.7    6  7.8 16 340   M    M  10 1      21 300
15  31  28  30 -10  35   0 0.08  1.2    5  7.6 14 260   M    M  10 1      19 250
16  35  28  32  -8  33   0 0.10  2.0    6 12.8 20 260   M    M  10 18     26 230
17  32  18  25 -15  40   0 0.09  3.4    6 15.7 26 290   M    M  10 89     37 300
18  23  18  21 -18  44   0 0.07  2.2    7 16.5 26 280   M    M  10 89     37 260
19  30  19  25 -14  40   0 0.09  1.5    7 17.3 29 290   M    M  10 19     40 280
20  26  20  23 -15  42   0 0.08  1.4    8 18.4 28 290   M    M  10 89     40 270
21  31  18  25 -13  40   0    T    T    7  8.6 16 200   M    M   7        22 200
22  49  27  38   0  27   0 0.25  0.0    4 16.7 24 210   M    M  10 18     33 210
23  54  48  51  14  14   0 0.84  0.0    0 14.0 25 190   M    M  10 1      35 190
24  50  31  41   4  24   0 1.04  2.0    2 15.7 35 230   M    M  10 1      46 240
25  32  30  31  -6  34   0 0.04  0.5    2 11.2 23 250   M    M  10 8      32 260
26  32  29  31  -5  34   0    T    T    2  4.8 13 230   M    M  10 8      16 230
27  30  21  26 -10  39   0 0.06  1.4    2  8.1 22 340   M    M  10 18     28 340
28  29  20  25 -11  40   0 0.06  0.9    4  9.0 18 130   M    M   9 18     22 150
29  49  29  39   4  26   0    T    T    4 14.6 26 200   M    M   8        35 200
30  54  32  43   8  22   0 0.00  0.0    0 13.5 26 200   M    M  10 18     36 200
================================================================================
SM 1250  910       862   0  4.17    24.5 367.5          M      265
================================================================================
AV 41.7 30.3                              12.3 FASTST   M    M   9    MAX(MPH)
                                 MISC ---->  # 35 230               # 46  240
================================================================================
NOTES:
# LAST OF SEVERAL OCCURRENCES

COLUMN 17 PEAK WIND IN M.P.H.

PRELIMINARY LOCAL CLIMATOLOGICAL DATA (WS FORM: F-6) , PAGE 2

                                          STATION:  MUSKEGON MI
                                          MONTH:    NOVEMBER
                                          YEAR:     2014
                                          LATITUDE:   43 10 N
                                          LONGITUDE:  86 14 W

[TEMPERATURE DATA]      [PRECIPITATION DATA]       SYMBOLS USED IN COLUMN 16

AVERAGE MONTHLY: 36.0   TOTAL FOR MONTH:   4.17    1 = FOG OR MIST
DPTR FM NORMAL:  -4.2   DPTR FM NORMAL:    0.81    2 = FOG REDUCING VISIBILITY
HIGHEST:    60 ON  3    GRTST 24HR  1.73 ON 23-24      TO 1/4 MILE OR LESS
LOWEST:     18 ON 21,18                            3 = THUNDER
                        SNOW, ICE PELLETS, HAIL    4 = ICE PELLETS
                        TOTAL MONTH:  24.5 INCHES  5 = HAIL
                        GRTST 24HR   6.3 ON   M    6 = FREEZING RAIN OR DRIZZLE
                        GRTST DEPTH:   8 ON 20     7 = DUSTSTORM OR SANDSTORM:
                                                       VSBY 1/2 MILE OR LESS
                                                   8 = SMOKE OR HAZE
[NO. OF DAYS WITH]      [WEATHER - DAYS WITH]      9 = BLOWING SNOW
                                                   X = TORNADO
MAX 32 OR BELOW:  12    0.01 INCH OR MORE:  22
MAX 90 OR ABOVE:   0    0.10 INCH OR MORE:   9
MIN 32 OR BELOW:  20    0.50 INCH OR MORE:   3
MIN  0 OR BELOW:   0    1.00 INCH OR MORE:   1

[HDD (BASE 65) ]
TOTAL THIS MO.   862    CLEAR  (SCALE 0-3)   1
DPTR FM NORMAL   118    PTCLDY (SCALE 4-7)   4
TOTAL FM JUL 1  1483    CLOUDY (SCALE 8-10) 25
DPTR FM NORMAL   116

[CDD (BASE 65) ]
TOTAL THIS MO.     0
DPTR FM NORMAL     0    [PRESSURE DATA]
TOTAL FM JAN 1   442    HIGHEST SLP 30.48 ON 21
DPTR FM NORMAL  -124    LOWEST  SLP 29.02 ON 24

[REMARKS]
#FINAL-11-14#




U.S. Dept. of Commerce
NOAA National Weather Service
1325 East West Highway
Silver Spring, MD 20910
E-mail: w-nws.webmaster@noaa.gov
Page last modified: May 16, 2007
NATIONAL WEATHER SERVICE: for Safety, for Work, for Fun - FOR LIFE