627
CXUS53 KGRR 231017
CF6MKG
PRELIMINARY LOCAL CLIMATOLOGICAL DATA (WS FORM: F-6)

                                          STATION:   MUSKEGON MI
                                          MONTH:     SEPTEMBER
                                          YEAR:      2014
                                          LATITUDE:   43 10 N
                                          LONGITUDE:  86 14 W

  TEMPERATURE IN F:       :PCPN:    SNOW:  WIND      :SUNSHINE: SKY     :PK WND
================================================================================
1   2   3   4   5  6A  6B    7    8   9   10  11  12  13   14  15   16   17  18
                                     12Z  AVG MX 2MIN
DY MAX MIN AVG DEP HDD CDD  WTR  SNW DPTH SPD SPD DIR MIN PSBL S-S WX    SPD DR
================================================================================

 1  79  70  75   8   0  10 0.05  0.0    0 12.8 23 230   M    M   6 13     32 180
 2  78  63  71   4   0   6 0.00  0.0    0  4.9 12 260   M    M   3        15 250
 3  80  60  70   3   0   5 0.00  0.0    0  5.4 12 210   M    M   2 12     16 210
 4  80  68  74   8   0   9 1.68  0.0    0 10.2 40 170   M    M   M 3      52 170
 5  81  66  74   8   0   9    T  0.0    0 12.9 23 190   M    M   8 138    32 190
 6  72  57  65  -1   0   0 0.00  0.0    0  8.1 16 340   M    M   4        24  20
 7  76  52  64  -1   1   0 0.00  0.0    0  3.3 10 250   M    M   1        15 250
 8  77  54  66   1   0   1    T  0.0    0  4.6 13 220   M    M   5        16 230
 9  80  58  69   4   0   4    T  0.0    0  7.2 17 190   M    M   4        21 190
10  76  53  65   1   0   0 0.78  0.0    0 15.9 30 220   M    M   8 1      39 320
11  58  49  54 -10  11   0 0.01  0.0    0 11.8 25 330   M    M   9 18     33 330
12  57  47  52 -12  13   0 0.22  0.0    0  4.9 10  70   M    M   8        14  60
13  60  41  51 -12  14   0 0.02  0.0    0  7.0 15 330   M    M   6        20 360
14  63  39  51 -12  14   0 0.00  0.0    0  5.9 18 210   M    M   5        23 220
15  59  44  52 -10  13   0 0.05  0.0    0  3.5 12 350   M    M   8 128    13 350
16  62  40  51 -11  14   0 0.00  0.0    0  3.9 14 280   M    M   2 12     19 340
17  67  41  54  -8  11   0 0.00  0.0    0  5.4 14 280   M    M   3        19 240
18  69  46  58  -3   7   0 0.00  0.0    0  3.9  9 270   M    M   5 1      12 250
19  71  47  59  -2   6   0 0.00  0.0    0 11.2 21 180   M    M   5 18     30 180
20  70  64  67   7   0   2 0.16  0.0    0 15.8 24 200   M    M   6 13     32 210
21  70  47  59  -1   6   0 0.17  0.0    0 15.6 30 330   M    M   7 13     42 330
22  61  38  50 -10  15   0 0.00  0.0    0  5.1 17 360   M    M   4        25 350
================================================================================
SM 1546 1144       125  46  3.14     0.0 179.3          M      109
================================================================================
AV 70.3 52.0                               8.2 FASTST   M    M   5    MAX(MPH)
                                 MISC ---->  # 40 170               # 52  170
================================================================================
NOTES:
# LAST OF SEVERAL OCCURRENCES

COLUMN 17 PEAK WIND IN M.P.H.

PRELIMINARY LOCAL CLIMATOLOGICAL DATA (WS FORM: F-6) , PAGE 2

                                          STATION:  MUSKEGON MI
                                          MONTH:    SEPTEMBER
                                          YEAR:     2014
                                          LATITUDE:   43 10 N
                                          LONGITUDE:  86 14 W

[TEMPERATURE DATA]      [PRECIPITATION DATA]       SYMBOLS USED IN COLUMN 16

AVERAGE MONTHLY: 61.1   TOTAL FOR MONTH:   3.14    1 = FOG OR MIST
DPTR FM NORMAL:  -2.5   DPTR FM NORMAL:    0.29    2 = FOG REDUCING VISIBILITY
HIGHEST:    81 ON  5    GRTST 24HR  1.68 ON  4- 4      TO 1/4 MILE OR LESS
LOWEST:     38 ON 22                               3 = THUNDER
                        SNOW, ICE PELLETS, HAIL    4 = ICE PELLETS
                        TOTAL MONTH:   0.0 INCH    5 = HAIL
                        GRTST 24HR     0.0         6 = FREEZING RAIN OR DRIZZLE
                        GRTST DEPTH:   0           7 = DUSTSTORM OR SANDSTORM:
                                                       VSBY 1/2 MILE OR LESS
                                                   8 = SMOKE OR HAZE
[NO. OF DAYS WITH]      [WEATHER - DAYS WITH]      9 = BLOWING SNOW
                                                   X = TORNADO
MAX 32 OR BELOW:   0    0.01 INCH OR MORE:   9
MAX 90 OR ABOVE:   0    0.10 INCH OR MORE:   5
MIN 32 OR BELOW:   0    0.50 INCH OR MORE:   2
MIN  0 OR BELOW:   0    1.00 INCH OR MORE:   1

[HDD (BASE 65) ]
TOTAL THIS MO.   125    CLEAR  (SCALE 0-3)   5
DPTR FM NORMAL    46    PTCLDY (SCALE 4-7)  14
TOTAL FM JUL 1   174    CLOUDY (SCALE 8-10)  2
DPTR FM NORMAL    65

[CDD (BASE 65) ]
TOTAL THIS MO.    46
DPTR FM NORMAL    -3    [PRESSURE DATA]
TOTAL FM JAN 1   442    HIGHEST SLP M ON M
DPTR FM NORMAL  -114    LOWEST  SLP 29.52 ON 10

[REMARKS]




U.S. Dept. of Commerce
NOAA National Weather Service
1325 East West Highway
Silver Spring, MD 20910
E-mail: w-nws.webmaster@noaa.gov
Page last modified: May 16, 2007
NATIONAL WEATHER SERVICE: for Safety, for Work, for Fun - FOR LIFE