834
CXUS53 KMKX 230649
CF6MKE
PRELIMINARY LOCAL CLIMATOLOGICAL DATA (WS FORM: F-6)

                                          STATION:   MILWAUKEE WI
                                          MONTH:     APRIL
                                          YEAR:      2014
                                          LATITUDE:   42 57 N
                                          LONGITUDE:  87 54 W

  TEMPERATURE IN F:       :PCPN:    SNOW:  WIND      :SUNSHINE: SKY     :PK WND
================================================================================
1   2   3   4   5  6A  6B    7    8   9   10  11  12  13   14  15   16   17  18
                                     12Z  AVG MX 2MIN
DY MAX MIN AVG DEP HDD CDD  WTR  SNW DPTH SPD SPD DIR MIN PSBL S-S WX    SPD DR
================================================================================

 1  53  30  42   2  23   0 0.00  0.0    0 15.4 28 250   M    M   7        38 250
 2  38  28  33  -8  32   0    T  0.0    0  9.6 17  40   M    M   6        22  40
 3  37  33  35  -6  30   0 0.06    T    0 15.4 26  70   M    M  10 148    32  70
 4  42  32  37  -5  28   0 0.03    T    0 14.2 28 310   M    M   9 1      36 310
 5  49  30  40  -2  25   0 0.00  0.0    0  8.8 20 140   M    M   2        22 130
 6  56  33  45   3  20   0 0.00  0.0    0  9.5 22 130   M    M   5        24 140
 7  53  34  44   2  21   0    T  0.0    0  3.9 12  60   M    M   8        15  50
 8  58  39  49   6  16   0 0.24  0.0    0  6.3 16 320   M    M   7 1      21 320
 9  62  30  46   3  19   0 0.00  0.0    0 10.0 25 220   M    M   3        33 220
10  65  45  55  11  10   0 0.00  0.0    0 12.8 25 220   M    M   5        34 220
11  67  34  51   7  14   0    T  0.0    0  7.5 22 240   M    M   5        29 290
12  50  38  44   0  21   0 0.53  0.0    0  7.3 25  10   M    M   7 13     39  20
13  53  37  45   0  20   0 1.49  0.0    0 10.4 30  10   M    M   9 1238   41  20
14  39  28  34 -11  31   0 0.19  0.3    0 15.2 32  20   M    M   9 18     42  20
15  35  23  29 -16  36   0 0.00  0.0    T  8.1 18 300   M    M   5        23 310
16  45  24  35 -11  30   0 0.00  0.0    0 15.6 29 130   M    M   7        35 140
17  56  39  48   2  17   0 0.00  0.0    0 10.7 23 220   M    M   8        29 150
18  44  34  39  -7  26   0 0.00  0.0    0  9.0 18  30   M    M   4        23  30
19  53  34  44  -3  21   0 0.00  0.0    0  9.7 17 140   M    M   5        21 140
20  75  46  61  14   4   0 0.00  0.0    0 10.6 18 140   M    M   7        23 220
21  73  57  65  17   0   0 0.03  0.0    0  8.0 16 340   M    M   8 18     26 300
22  57  35  46  -2  19   0 0.00  0.0    0 13.1 22 310   M    M   2        30 330
================================================================================
SM 1160  763       463   0  2.57     0.3 231.1          M      138
================================================================================
AV 52.7 34.7                              10.5 FASTST   M    M   6    MAX(MPH)
                                 MISC ---->  # 32  20               # 42   20
================================================================================
NOTES:
# LAST OF SEVERAL OCCURRENCES

COLUMN 17 PEAK WIND IN M.P.H.

PRELIMINARY LOCAL CLIMATOLOGICAL DATA (WS FORM: F-6) , PAGE 2

                                          STATION:  MILWAUKEE WI
                                          MONTH:    APRIL
                                          YEAR:     2014
                                          LATITUDE:   42 57 N
                                          LONGITUDE:  87 54 W

[TEMPERATURE DATA]      [PRECIPITATION DATA]       SYMBOLS USED IN COLUMN 16

AVERAGE MONTHLY: 43.7   TOTAL FOR MONTH:   2.57    1 = FOG OR MIST
DPTR FM NORMAL:  -0.4   DPTR FM NORMAL:   -0.09    2 = FOG REDUCING VISIBILITY
HIGHEST:    75 ON 20    GRTST 24HR  1.54 ON 13-14      TO 1/4 MILE OR LESS
LOWEST:     23 ON 15                               3 = THUNDER
                        SNOW, ICE PELLETS, HAIL    4 = ICE PELLETS
                        TOTAL MONTH:   0.3 INCH    5 = HAIL
                        GRTST 24HR   0.3 ON   M    6 = FREEZING RAIN OR DRIZZLE
                        GRTST DEPTH:   T           7 = DUSTSTORM OR SANDSTORM:
                                                       VSBY 1/2 MILE OR LESS
                                                   8 = SMOKE OR HAZE
[NO. OF DAYS WITH]      [WEATHER - DAYS WITH]      9 = BLOWING SNOW
                                                   X = TORNADO
MAX 32 OR BELOW:   0    0.01 INCH OR MORE:   7
MAX 90 OR ABOVE:   0    0.10 INCH OR MORE:   4
MIN 32 OR BELOW:   8    0.50 INCH OR MORE:   2
MIN  0 OR BELOW:   0    1.00 INCH OR MORE:   1

[HDD (BASE 65) ]
TOTAL THIS MO.   463    CLEAR  (SCALE 0-3)   2
DPTR FM NORMAL     1    PTCLDY (SCALE 4-7)  15
TOTAL FM JUL 1  7229    CLOUDY (SCALE 8-10)  5
DPTR FM NORMAL   858

[CDD (BASE 65) ]
TOTAL THIS MO.     0
DPTR FM NORMAL     0    [PRESSURE DATA]
TOTAL FM JAN 1     0    HIGHEST SLP M ON M
DPTR FM NORMAL     0    LOWEST  SLP 29.47 ON  4

[REMARKS]




U.S. Dept. of Commerce
NOAA National Weather Service
1325 East West Highway
Silver Spring, MD 20910
E-mail: w-nws.webmaster@noaa.gov
Page last modified: May 16, 2007
NATIONAL WEATHER SERVICE: for Safety, for Work, for Fun - FOR LIFE